43.135.144.126 - - [09/Jan/2025:21:27:09 -0600] "GET / HTTP/1.1" 200 72878 "-" "Mozilla/5.0 (iPhone; CPU iPhone OS 13_2_3 like Mac OS X) AppleWebKit/605.1.15 (KHTML, like Gecko) Version/13.0.3 Mobile/15E148 Safari/604.1"
47.128.36.184 - - [09/Jan/2025:21:38:49 -0600] "GET / HTTP/1.1" 301 - "-" "Mozilla/5.0 (Linux; Android 5.0) AppleWebKit/537.36 (KHTML, like Gecko) Mobile Safari/537.36 (compatible; Bytespider; spider-feedback@bytedance.com)"
47.128.36.184 - - [09/Jan/2025:21:38:52 -0600] "GET / HTTP/1.1" 200 72878 "-" "Mozilla/5.0 (Linux; Android 5.0) AppleWebKit/537.36 (KHTML, like Gecko) Mobile Safari/537.36 (compatible; Bytespider; spider-feedback@bytedance.com)"
121.188.225.190 - - [09/Jan/2025:21:38:53 -0600] "GET /wp-json/wp/v2/posts?per_page=1&_fields=id,slug,comment_status HTTP/1.1" 200 68 "-" "-"
47.128.36.184 - - [09/Jan/2025:21:38:56 -0600] "GET /wp-content/plugins/pojo-accessibility/assets/css/style.min.css?ver=1.0.0 HTTP/1.1" 200 52333 "http://puertodetampico.com.mx/" "Mozilla/5.0 (Linux; Android 5.0) AppleWebKit/537.36 (KHTML, like Gecko) Mobile Safari/537.36 (compatible; Bytespider; spider-feedback@bytedance.com)"
47.128.36.184 - - [09/Jan/2025:21:38:56 -0600] "GET /wp-includes/css/dist/block-library/style.min.css?ver=6.5.2 HTTP/1.1" 200 113381 "http://puertodetampico.com.mx/" "Mozilla/5.0 (Linux; Android 5.0) AppleWebKit/537.36 (KHTML, like Gecko) Mobile Safari/537.36 (compatible; Bytespider; spider-feedback@bytedance.com)"
47.128.56.18 - - [09/Jan/2025:21:50:50 -0600] "GET /robots.txt HTTP/1.1" 200 1035 "-" "Mozilla/5.0 (Linux; Android 5.0) AppleWebKit/537.36 (KHTML, like Gecko) Mobile Safari/537.36 (compatible; Bytespider; spider-feedback@bytedance.com)"
147.78.47.88 - - [09/Jan/2025:21:56:25 -0600] "GET / HTTP/1.1" 200 72878 "-" "Mozilla/5.0 (Windows NT 10.0; WOW64) AppleWebKit/537.36 (KHTML, like Gecko) Chrome/55.0.2883.87 Safari/537.36 OPR/42.0.2393.94"
147.78.47.88 - - [09/Jan/2025:21:56:32 -0600] "GET /datos-abiertos/ HTTP/1.1" 200 42929 "-" "Mozilla/5.0 (Windows NT 10.0; WOW64) AppleWebKit/537.36 (KHTML, like Gecko) Chrome/55.0.2883.87 Safari/537.36 OPR/42.0.2393.94"
147.78.47.88 - - [09/Jan/2025:21:56:44 -0600] "GET /quienes-somos/ HTTP/1.1" 200 45508 "-" "Mozilla/5.0 (Windows NT 10.0; WOW64) AppleWebKit/537.36 (KHTML, like Gecko) Chrome/55.0.2883.87 Safari/537.36 OPR/42.0.2393.94"
147.78.47.88 - - [09/Jan/2025:21:56:52 -0600] "GET /transparencia-proactiva-o-focalizada/ HTTP/1.1" 200 56183 "-" "Mozilla/5.0 (Windows NT 10.0; WOW64) AppleWebKit/537.36 (KHTML, like Gecko) Chrome/55.0.2883.87 Safari/537.36 OPR/42.0.2393.94"
147.78.47.88 - - [09/Jan/2025:21:56:58 -0600] "GET /portal-de-obligaciones-de-transparencia/ HTTP/1.1" 200 42869 "-" "Mozilla/5.0 (Windows NT 10.0; WOW64) AppleWebKit/537.36 (KHTML, like Gecko) Chrome/55.0.2883.87 Safari/537.36 OPR/42.0.2393.94"
147.78.47.88 - - [09/Jan/2025:21:57:00 -0600] "GET /denuncias-por-incumplimiento-a-las-obligaciones-de-transparencia/ HTTP/1.1" 200 43468 "-" "Mozilla/5.0 (Windows NT 10.0; WOW64) AppleWebKit/537.36 (KHTML, like Gecko) Chrome/55.0.2883.87 Safari/537.36 OPR/42.0.2393.94"
147.78.47.88 - - [09/Jan/2025:21:57:30 -0600] "GET /maniobras-amarre-y-desamarre/ HTTP/1.1" 200 41670 "-" "Mozilla/5.0 (Windows NT 10.0; WOW64) AppleWebKit/537.36 (KHTML, like Gecko) Chrome/55.0.2883.87 Safari/537.36 OPR/42.0.2393.94"
147.78.47.88 - - [09/Jan/2025:21:57:37 -0600] "GET /contenidos/asipona_2024.webm HTTP/1.1" 200 354312539 "-" "Mozilla/5.0 (Windows NT 10.0; WOW64) AppleWebKit/537.36 (KHTML, like Gecko) Chrome/55.0.2883.87 Safari/537.36 OPR/42.0.2393.94"
66.249.65.229 - - [09/Jan/2025:21:58:26 -0600] "GET /wp-content/uploads/2019/10/ECF_IIIT.pdf HTTP/1.1" 200 177612 "-" "Mozilla/5.0 (Linux; Android 6.0.1; Nexus 5X Build/MMB29P) AppleWebKit/537.36 (KHTML, like Gecko) Chrome/131.0.6778.204 Mobile Safari/537.36 (compatible; GoogleOther)"
216.244.66.194 - - [09/Jan/2025:22:02:42 -0600] "GET /robots.txt HTTP/1.1" 200 1035 "-" "Mozilla/5.0 (compatible; DotBot/1.2; +https://opensiteexplorer.org/dotbot; help@moz.com)"
66.249.65.228 - - [09/Jan/2025:22:04:45 -0600] "GET / HTTP/1.1" 200 72878 "-" "Mozilla/5.0 (compatible; Googlebot/2.1; +http://www.google.com/bot.html)"
66.249.65.228 - - [09/Jan/2025:22:04:49 -0600] "GET /wp-content/themes/APITAM_GOBMX/gobmx.js HTTP/1.1" 200 523239 "http://puertodetampico.com.mx/" "Mozilla/5.0 AppleWebKit/537.36 (KHTML, like Gecko; compatible; Googlebot/2.1; +http://www.google.com/bot.html) Chrome/131.0.6778.204 Safari/537.36"
66.249.65.228 - - [09/Jan/2025:22:04:50 -0600] "GET /wp-includes/js/jquery/jquery-migrate.min.js?ver=3.4.1 HTTP/1.1" 200 13577 "http://puertodetampico.com.mx/" "Mozilla/5.0 AppleWebKit/537.36 (KHTML, like Gecko; compatible; Googlebot/2.1; +http://www.google.com/bot.html) Chrome/131.0.6778.204 Safari/537.36"
66.249.65.229 - - [09/Jan/2025:22:04:51 -0600] "GET /wp-content/plugins/pojo-accessibility/assets/js/app.min.js?ver=1.0.0 HTTP/1.1" 200 5313 "http://puertodetampico.com.mx/" "Mozilla/5.0 AppleWebKit/537.36 (KHTML, like Gecko; compatible; Googlebot/2.1; +http://www.google.com/bot.html) Chrome/131.0.6778.204 Safari/537.36"
66.249.65.228 - - [09/Jan/2025:22:04:52 -0600] "GET /wp-includes/js/jquery/jquery.min.js?ver=3.7.1 HTTP/1.1" 200 87553 "http://puertodetampico.com.mx/" "Mozilla/5.0 AppleWebKit/537.36 (KHTML, like Gecko; compatible; Googlebot/2.1; +http://www.google.com/bot.html) Chrome/131.0.6778.204 Safari/537.36"
66.249.65.228 - - [09/Jan/2025:22:04:53 -0600] "GET /wp-includes/css/dist/block-library/style.min.css?ver=6.5.2 HTTP/1.1" 200 113381 "http://puertodetampico.com.mx/" "Mozilla/5.0 AppleWebKit/537.36 (KHTML, like Gecko; compatible; Googlebot/2.1; +http://www.google.com/bot.html) Chrome/131.0.6778.204 Safari/537.36"
66.249.65.228 - - [09/Jan/2025:22:04:56 -0600] "GET /wp-content/plugins/gspeech/includes/js/gspeech_front.js?g_indexsp___eqgspeech_front_script_n127gsp___delg_versiongsp___eq3_8_9gsp___delw_idgsp___eqefa1c038ebf3656c7a3b12b74bf20aa7gsp___dels_encgsp___eq533c8ae5b0d3fff10b19d49fb61b61074f3b985b025792b73c5655a35f0e297d0b6c0685da8bbabd5c927f987f0315f196da6f5725b556ee613175389e1fcb662201103dgsp___delh_encgsp___eq6f4e9a1ca6ac1a05080e2043a6e1d631f1427d9070cfb9d9ffab3ddd260535aegsp___delhh_encgsp___eqdd958d10b147161de86878bdabdc98935a6f40eec7fe26dcc15c10f162743c0106ad560858081740e6c038ec4040b3df525aa57875b6b70907d616fd330b0f6a2366d59e1c4df1587c0aabc5c70ed19e575b6838365d8637459cd2477e97eb310ae633f1328f9f50277ce7f2f6a6b7f2gsp___dellazy_loadgsp___eq1gsp___delgt_wgsp___eqgsp_clgtranslate_wrappergsp___delvv_indexgsp___eq10&ver=6.5.2 HTTP/1.1" 200 4810 "http://puertodetampico.com.mx/" "Mozilla/5.0 AppleWebKit/537.36 (KHTML, like Gecko; compatible; Googlebot/2.1; +http://www.google.com/bot.html) Chrome/131.0.6778.204 Safari/537.36"
66.249.65.228 - - [09/Jan/2025:22:04:57 -0600] "GET /wp-content/plugins/pojo-accessibility/assets/css/style.min.css?ver=1.0.0 HTTP/1.1" 200 52333 "http://puertodetampico.com.mx/" "Mozilla/5.0 AppleWebKit/537.36 (KHTML, like Gecko; compatible; Googlebot/2.1; +http://www.google.com/bot.html) Chrome/131.0.6778.204 Safari/537.36"
66.249.65.228 - - [09/Jan/2025:22:04:59 -0600] "GET /contenidos/asipona_2024.webm HTTP/1.1" 206 354312539 "http://puertodetampico.com.mx/" "Mozilla/5.0 AppleWebKit/537.36 (KHTML, like Gecko; compatible; Googlebot/2.1; +http://www.google.com/bot.html) Chrome/131.0.6778.204 Safari/537.36"
216.244.66.194 - - [09/Jan/2025:22:05:17 -0600] "GET /gob5/wp-includes/blocks/comment-content/block.json HTTP/1.1" 200 937 "-" "Mozilla/5.0 (compatible; DotBot/1.2; +https://opensiteexplorer.org/dotbot; help@moz.com)"
95.108.213.181 - - [09/Jan/2025:22:06:35 -0600] "GET /robots.txt HTTP/1.1" 200 1035 "-" "Mozilla/5.0 (compatible; YandexBot/3.0; +http://yandex.com/bots)"
213.180.203.226 - - [09/Jan/2025:22:06:36 -0600] "GET /documentos/transparencia/pobalines.pdf HTTP/1.1" 200 1719373 "-" "Mozilla/5.0 (compatible; YandexBot/3.0; +http://yandex.com/bots)"
120.82.84.1 - - [09/Jan/2025:22:16:42 -0600] "GET / HTTP/1.1" 301 - "http://www.puertodetampico.com.mx/" "Mozilla/5.0 (Windows NT 6.1; WOW64) AppleWebKit/537.36 (KHTML, like Gecko) Chrome/50.0.2661.102 Safari/537.36"
116.29.253.117 - - [09/Jan/2025:22:16:46 -0600] "GET / HTTP/1.1" 301 - "http://puertodetampico.com.mx/" "Mozilla/5.0 (Windows NT 6.1; WOW64) AppleWebKit/537.36 (KHTML, like Gecko) Chrome/50.0.2661.102 Safari/537.36"
112.12.246.135 - - [09/Jan/2025:22:16:51 -0600] "GET / HTTP/1.1" 301 - "http://puertodetampico.com.mx/" "Mozilla/5.0 (Windows NT 6.1; WOW64) AppleWebKit/537.36 (KHTML, like Gecko) Chrome/50.0.2661.102 Safari/537.36"
113.77.237.98 - - [09/Jan/2025:22:16:53 -0600] "GET / HTTP/1.1" 301 - "http://puertodetampico.com.mx/" "Mozilla/5.0 (Windows NT 6.1; WOW64) AppleWebKit/537.36 (KHTML, like Gecko) Chrome/50.0.2661.102 Safari/537.36"
110.52.163.131 - - [09/Jan/2025:22:16:57 -0600] "GET / HTTP/1.1" 301 - "http://puertodetampico.com.mx/" "Mozilla/5.0 (Windows NT 6.1; WOW64) AppleWebKit/537.36 (KHTML, like Gecko) Chrome/50.0.2661.102 Safari/537.36"
112.41.199.61 - - [09/Jan/2025:22:16:59 -0600] "GET / HTTP/1.1" 301 - "http://puertodetampico.com.mx/" "Mozilla/5.0 (Windows NT 6.1; WOW64) AppleWebKit/537.36 (KHTML, like Gecko) Chrome/50.0.2661.102 Safari/537.36"
213.218.251.109 - - [09/Jan/2025:22:22:59 -0600] "GET //wp-json/wp/v2/posts?per_page=1&_fields=id,slug,comment_status HTTP/1.1" 200 68 "-" "-"
64.71.179.42 - - [09/Jan/2025:22:23:41 -0600] "GET /Comision_Federal_de_Competencia_Economica_ST-CFCE-2017-119.pdf HTTP/1.1" 200 345581 "-" "Mozilla/5.0 (Windows NT 10.0; Win64; x64) AppleWebKit/537.36 (KHTML, like Gecko) Chrome/100.0.6841.631 Safari/537.36"
125.209.235.185 - - [09/Jan/2025:22:27:20 -0600] "GET /robots.txt HTTP/1.1" 200 1035 "-" "Mozilla/5.0 (compatible; Yeti/1.1; +https://naver.me/spd)"
110.93.150.55 - - [09/Jan/2025:22:27:21 -0600] "GET /servicios/ HTTP/1.1" 200 41326 "-" "Mozilla/5.0 (compatible; Yeti/1.1; +https://naver.me/spd)"
110.93.150.43 - - [09/Jan/2025:22:27:23 -0600] "GET /wp-content/plugins/gspeech/includes/js/gspeech_front.js?g_indexsp___eqgspeech_front_script_n127gsp___delg_versiongsp___eq3_8_9gsp___delw_idgsp___eqefa1c038ebf3656c7a3b12b74bf20aa7gsp___dels_encgsp___eq2b29732f01298eefcaa5d277f600f80b97d95ecd6ab7c2fb212654f5718e224ce8e610073b356a37efeaa83b16144d6ee4c47363393a83097fd83ab0513e326c6d712945gsp___delh_encgsp___eq5c05283c9841fe05deac775d6b9d0bf75bbf7bd016bda4ddff38f68aa5a95d5dgsp___delhh_encgsp___eqf5cc2b07ebc9d2278a7c03fc1a275cc92272ba3c678eb0841ce3b8aaba77122714de89f428886052ca635fc52b2a42db3a19c4f91bf77cf0a9df72c703c3f1933b6024ce78aa3c668154454bfc3a8b61933e29d5656ea2218516749f82f10704df684e7dc9daed56798ad0fc7b8f338dgsp___dellazy_loadgsp___eq1gsp___delgt_wgsp___eqgsp_clgtranslate_wrappergsp___delvv_indexgsp___eq10&ver=6.5.2 HTTP/1.1" 200 4810 "http://puertodetampico.com.mx/servicios/" "Mozilla/5.0 (Windows NT 10.0; Win64; x64) AppleWebKit/537.36 (KHTML, like Gecko; compatible; Yeti/1.1; +https://naver.me/spd) Chrome/127.0.0.0 Safari/537.36"
213.218.251.109 - - [09/Jan/2025:22:30:20 -0600] "GET //wp-json/wp/v2/posts?per_page=1&_fields=id,slug,comment_status HTTP/1.1" 200 68 "-" "-"
213.218.251.109 - - [09/Jan/2025:22:33:19 -0600] "GET //wp-json/wp/v2/posts?per_page=1&_fields=id,slug,comment_status HTTP/1.1" 200 68 "-" "-"
47.128.21.110 - - [09/Jan/2025:22:34:54 -0600] "GET /infraestructura./ HTTP/1.1" 301 - "-" "Mozilla/5.0 (Linux; Android 5.0) AppleWebKit/537.36 (KHTML, like Gecko) Mobile Safari/537.36 (compatible; Bytespider; spider-feedback@bytedance.com)"
47.128.21.110 - - [09/Jan/2025:22:34:56 -0600] "GET /infraestructura./ HTTP/1.1" 200 40396 "-" "Mozilla/5.0 (Linux; Android 5.0) AppleWebKit/537.36 (KHTML, like Gecko) Mobile Safari/537.36 (compatible; Bytespider; spider-feedback@bytedance.com)"
47.128.21.110 - - [09/Jan/2025:22:34:58 -0600] "GET /wp-content/plugins/pojo-accessibility/assets/css/style.min.css?ver=1.0.0 HTTP/1.1" 200 52333 "http://puertodetampico.com.mx/infraestructura./" "Mozilla/5.0 (Linux; Android 5.0) AppleWebKit/537.36 (KHTML, like Gecko) Mobile Safari/537.36 (compatible; Bytespider; spider-feedback@bytedance.com)"
47.128.21.110 - - [09/Jan/2025:22:34:58 -0600] "GET /wp-includes/css/dist/block-library/style.min.css?ver=6.5.2 HTTP/1.1" 200 113381 "http://puertodetampico.com.mx/infraestructura./" "Mozilla/5.0 (Linux; Android 5.0) AppleWebKit/537.36 (KHTML, like Gecko) Mobile Safari/537.36 (compatible; Bytespider; spider-feedback@bytedance.com)"
124.243.190.15 - - [09/Jan/2025:22:35:49 -0600] "GET /wp-content/uploads/2023/12/MOVIMIENTOS-DIARIOS-2023-02-12-2023.pdf HTTP/1.1" 200 516170 "http://puertodetampico.com.mx/wp-content/uploads/2023/12/MOVIMIENTOS-DIARIOS-2023-02-12-2023.pdf" "Mozilla/5.0 (Macintosh; Intel Mac OS X 10_15_7) AppleWebKit/537.36 (KHTML, like Gecko) Chrome/131.0.0.0 Safari/537.36"
194.67.207.55 - - [09/Jan/2025:22:37:34 -0600] "HEAD / HTTP/1.1" 200 - "https://tv.mydoramy.info" "Mozilla/3.0 (compatible; MSIE6.00; Windows 2003)"
185.105.116.12 - - [09/Jan/2025:22:37:35 -0600] "HEAD / HTTP/1.1" 200 - "https://xn--01-8kcx3bagamdl.xn--p1ai/" "Mozilla/8.0 (compatible; MSIE7.00; Windows 2003)"
194.67.210.77 - - [09/Jan/2025:22:37:35 -0600] "HEAD / HTTP/1.1" 200 - "https://flowerstor.ru/categories/kategoriya-2" "Mozilla/3.0 (compatible; MSIE6.00; Windows 2003)"
194.67.207.9 - - [09/Jan/2025:22:37:51 -0600] "HEAD / HTTP/1.1" 200 - "https://appochin.ru" "Mozilla/8.0 (compatible; MSIE4.00; Windows 2006)"
193.124.191.92 - - [09/Jan/2025:22:37:52 -0600] "HEAD / HTTP/1.1" 200 - "https://telegram-forum.ru" "Mozilla/5.0 (compatible; MSIE6.00; Windows 2007)"
200.71.111.27 - - [09/Jan/2025:22:37:54 -0600] "GET / HTTP/1.1" 301 - "-" "Mozilla/5.0 (Linux; Android 10; K) AppleWebKit/537.36 (KHTML, like Gecko) Chrome/131.0.0.0 Mobile Safari/537.36"
213.218.251.109 - - [09/Jan/2025:22:38:43 -0600] "GET //wp-json/wp/v2/posts?per_page=1&_fields=id,slug,comment_status HTTP/1.1" 200 68 "-" "-"
185.5.249.185 - - [09/Jan/2025:22:45:49 -0600] "HEAD / HTTP/1.1" 200 - "https://www.top-clocks.com/cool-alarm-clocks/" "Mozilla/3.0 (compatible; MSIE7.00; Windows 2004)"
194.67.207.94 - - [09/Jan/2025:22:45:51 -0600] "HEAD / HTTP/1.1" 200 - "https://nika-ritual.ru" "Mozilla/7.0 (compatible; MSIE7.00; Windows 2008)"
185.125.219.13 - - [09/Jan/2025:22:45:54 -0600] "HEAD / HTTP/1.1" 200 - "https://midental.ru" "Mozilla/7.0 (compatible; MSIE5.00; Windows 2005)"
66.249.65.229 - - [09/Jan/2025:22:47:17 -0600] "GET /wp-content/plugins/pojo-accessibility/assets/css/style.min.css?ver=1.0.0 HTTP/1.1" 200 52333 "https://puertodetampico.com.mx/conectividad-y-zona-de-influencia/" "Mozilla/5.0 (Linux; Android 6.0.1; Nexus 5X Build/MMB29P) AppleWebKit/537.36 (KHTML, like Gecko) Chrome/131.0.6778.204 Mobile Safari/537.36 (compatible; Googlebot/2.1; +http://www.google.com/bot.html)"
66.249.65.229 - - [09/Jan/2025:22:47:19 -0600] "GET /wp-content/plugins/pojo-accessibility/assets/js/app.min.js?ver=1.0.0 HTTP/1.1" 200 5313 "https://puertodetampico.com.mx/conectividad-y-zona-de-influencia/" "Mozilla/5.0 (Linux; Android 6.0.1; Nexus 5X Build/MMB29P) AppleWebKit/537.36 (KHTML, like Gecko) Chrome/131.0.6778.204 Mobile Safari/537.36 (compatible; Googlebot/2.1; +http://www.google.com/bot.html)"
94.142.141.230 - - [09/Jan/2025:22:47:31 -0600] "HEAD / HTTP/1.1" 200 - "https://study-roads.com" "Mozilla/4.0 (compatible; MSIE6.00; Windows 2007)"
35.229.101.188 - - [09/Jan/2025:22:52:20 -0600] "GET /robots.txt HTTP/1.0" 200 1035 "-" "ZoominfoBot (zoominfobot at zoominfo dot com)"
35.229.101.188 - - [09/Jan/2025:22:52:20 -0600] "GET / HTTP/1.0" 200 72878 "-" "ZoominfoBot (zoominfobot at zoominfo dot com)"
66.249.65.229 - - [09/Jan/2025:23:05:47 -0600] "GET / HTTP/1.1" 200 72878 "-" "Mozilla/5.0 (compatible; Googlebot/2.1; +http://www.google.com/bot.html)"
66.249.65.228 - - [09/Jan/2025:23:05:51 -0600] "GET /wp-content/themes/APITAM_GOBMX/gobmx.js HTTP/1.1" 200 523239 "http://puertodetampico.com.mx/" "Mozilla/5.0 AppleWebKit/537.36 (KHTML, like Gecko; compatible; Googlebot/2.1; +http://www.google.com/bot.html) Chrome/131.0.6778.204 Safari/537.36"
66.249.65.228 - - [09/Jan/2025:23:05:52 -0600] "GET /wp-includes/css/dist/block-library/style.min.css?ver=6.5.2 HTTP/1.1" 200 113381 "http://puertodetampico.com.mx/" "Mozilla/5.0 AppleWebKit/537.36 (KHTML, like Gecko; compatible; Googlebot/2.1; +http://www.google.com/bot.html) Chrome/131.0.6778.204 Safari/537.36"
66.249.65.228 - - [09/Jan/2025:23:05:54 -0600] "GET /wp-content/plugins/pojo-accessibility/assets/css/style.min.css?ver=1.0.0 HTTP/1.1" 200 52333 "http://puertodetampico.com.mx/" "Mozilla/5.0 AppleWebKit/537.36 (KHTML, like Gecko; compatible; Googlebot/2.1; +http://www.google.com/bot.html) Chrome/131.0.6778.204 Safari/537.36"
66.249.65.228 - - [09/Jan/2025:23:05:55 -0600] "GET /wp-includes/js/jquery/jquery.min.js?ver=3.7.1 HTTP/1.1" 200 87553 "http://puertodetampico.com.mx/" "Mozilla/5.0 AppleWebKit/537.36 (KHTML, like Gecko; compatible; Googlebot/2.1; +http://www.google.com/bot.html) Chrome/131.0.6778.204 Safari/537.36"
66.249.65.228 - - [09/Jan/2025:23:05:56 -0600] "GET /wp-content/plugins/gspeech/includes/js/gspeech_front.js?g_indexsp___eqgspeech_front_script_n127gsp___delg_versiongsp___eq3_8_9gsp___delw_idgsp___eqefa1c038ebf3656c7a3b12b74bf20aa7gsp___dels_encgsp___eq33b36303e7698c51654b804347bf51898e3eda4249b97f0cbcd1ce406114c617b668cfa3301cf167d0f5e903dbdada1cb0830f13311bebea8946784cc920f11c0eda420egsp___delh_encgsp___eq6a89c85746bd13d5adc9db284a2791ee862111f7cee0895e7f90c113ea592592gsp___delhh_encgsp___eq0e6d358c775ea3b602ff2e2bc50c6943f7db92e36c35b209e07294461872fc135b2e9ff94433e19bce64025bc1cc9ec6f4de18f82e137c2c2bd1a3a1d25a2d4ae3f63fd348f7325a3822fcfd2477d79dde6f4583cb1fc33361e19429527227c7bbd522ec6da9a2f47b680e2cc1fc53aegsp___dellazy_loadgsp___eq1gsp___delgt_wgsp___eqgsp_clgtranslate_wrappergsp___delvv_indexgsp___eq10&ver=6.5.2 HTTP/1.1" 200 4810 "http://puertodetampico.com.mx/" "Mozilla/5.0 AppleWebKit/537.36 (KHTML, like Gecko; compatible; Googlebot/2.1; +http://www.google.com/bot.html) Chrome/131.0.6778.204 Safari/537.36"
66.249.65.228 - - [09/Jan/2025:23:05:58 -0600] "GET /wp-includes/js/jquery/jquery-migrate.min.js?ver=3.4.1 HTTP/1.1" 200 13577 "http://puertodetampico.com.mx/" "Mozilla/5.0 AppleWebKit/537.36 (KHTML, like Gecko; compatible; Googlebot/2.1; +http://www.google.com/bot.html) Chrome/131.0.6778.204 Safari/537.36"
66.249.65.228 - - [09/Jan/2025:23:06:00 -0600] "GET /wp-content/plugins/pojo-accessibility/assets/js/app.min.js?ver=1.0.0 HTTP/1.1" 200 5313 "http://puertodetampico.com.mx/" "Mozilla/5.0 AppleWebKit/537.36 (KHTML, like Gecko; compatible; Googlebot/2.1; +http://www.google.com/bot.html) Chrome/131.0.6778.204 Safari/537.36"
66.249.65.225 - - [09/Jan/2025:23:06:07 -0600] "GET /contenidos/asipona_2024.webm HTTP/1.1" 206 354312539 "http://puertodetampico.com.mx/" "Mozilla/5.0 AppleWebKit/537.36 (KHTML, like Gecko; compatible; Googlebot/2.1; +http://www.google.com/bot.html) Chrome/131.0.6778.204 Safari/537.36"
93.183.93.32 - - [09/Jan/2025:23:19:43 -0600] "GET /quejas-y-sugerencias/ HTTP/1.1" 200 40717 "http://puertodetampico.com.mx/quejas-y-sugerencias/" "Mozilla/5.0 (Windows NT 10.0; Win64; x64) AppleWebKit/537.36 (KHTML, like Gecko) Chrome/130.0.0.0 Safari/537.36 CCleaner/130.0.0.0"
93.183.93.32 - - [09/Jan/2025:23:19:45 -0600] "POST /quejas-y-sugerencias/enviar.php HTTP/1.1" 404 72929 "http://puertodetampico.com.mx/quejas-y-sugerencias/" "Mozilla/5.0 (Windows NT 10.0; Win64; x64) AppleWebKit/537.36 (KHTML, like Gecko) Chrome/130.0.0.0 Safari/537.36 CCleaner/130.0.0.0"
66.249.64.15 - - [09/Jan/2025:23:24:40 -0600] "GET /robots.txt HTTP/1.1" 200 1035 "-" "Mozilla/5.0 (compatible; Googlebot/2.1; +http://www.google.com/bot.html)"
66.249.64.1 - - [09/Jan/2025:23:24:41 -0600] "GET /documentos/mediport/ENMIENDA.PDF HTTP/1.1" 304 - "-" "Mozilla/5.0 (Linux; Android 6.0.1; Nexus 5X Build/MMB29P) AppleWebKit/537.36 (KHTML, like Gecko) Chrome/131.0.6778.204 Mobile Safari/537.36 (compatible; Googlebot/2.1; +http://www.google.com/bot.html)"
47.128.56.139 - - [09/Jan/2025:23:26:59 -0600] "GET /servicios/ HTTP/1.1" 301 - "-" "Mozilla/5.0 (Linux; Android 5.0) AppleWebKit/537.36 (KHTML, like Gecko) Mobile Safari/537.36 (compatible; Bytespider; spider-feedback@bytedance.com)"
47.128.56.139 - - [09/Jan/2025:23:27:01 -0600] "GET /servicios/ HTTP/1.1" 200 41326 "-" "Mozilla/5.0 (Linux; Android 5.0) AppleWebKit/537.36 (KHTML, like Gecko) Mobile Safari/537.36 (compatible; Bytespider; spider-feedback@bytedance.com)"
93.183.93.32 - - [09/Jan/2025:23:28:13 -0600] "GET /quejas-y-sugerencias/ HTTP/1.1" 200 40717 "http://puertodetampico.com.mx/quejas-y-sugerencias/" "Mozilla/5.0 (Windows NT 10.0; Win64; x64) AppleWebKit/537.36 (KHTML, like Gecko) Chrome/131.0.0.0 Safari/537.36"
93.183.93.32 - - [09/Jan/2025:23:28:15 -0600] "POST /quejas-y-sugerencias/enviar.php HTTP/1.1" 404 72929 "http://puertodetampico.com.mx/quejas-y-sugerencias/" "Mozilla/5.0 (Windows NT 10.0; Win64; x64) AppleWebKit/537.36 (KHTML, like Gecko) Chrome/131.0.0.0 Safari/537.36"
157.55.39.14 - - [09/Jan/2025:23:34:51 -0600] "GET /presidencia/archivo/prensa HTTP/1.1" 301 - "-" "Mozilla/5.0 AppleWebKit/537.36 (KHTML, like Gecko; compatible; bingbot/2.0; +http://www.bing.com/bingbot.htm) Chrome/116.0.1938.76 Safari/537.36"
47.128.123.142 - - [09/Jan/2025:23:35:01 -0600] "GET /programa-operativo-anual/ HTTP/1.1" 301 - "-" "Mozilla/5.0 (Linux; Android 5.0) AppleWebKit/537.36 (KHTML, like Gecko) Mobile Safari/537.36 (compatible; Bytespider; spider-feedback@bytedance.com)"
47.128.123.142 - - [09/Jan/2025:23:35:03 -0600] "GET /programa-operativo-anual/ HTTP/1.1" 200 44523 "-" "Mozilla/5.0 (Linux; Android 5.0) AppleWebKit/537.36 (KHTML, like Gecko) Mobile Safari/537.36 (compatible; Bytespider; spider-feedback@bytedance.com)"
47.128.97.173 - - [09/Jan/2025:23:43:01 -0600] "GET /portal-de-obligaciones-de-transparencia/ HTTP/1.1" 301 - "-" "Mozilla/5.0 (Linux; Android 5.0) AppleWebKit/537.36 (KHTML, like Gecko) Mobile Safari/537.36 (compatible; Bytespider; spider-feedback@bytedance.com)"
47.128.97.173 - - [09/Jan/2025:23:43:04 -0600] "GET /portal-de-obligaciones-de-transparencia/ HTTP/1.1" 200 42869 "-" "Mozilla/5.0 (Linux; Android 5.0) AppleWebKit/537.36 (KHTML, like Gecko) Mobile Safari/537.36 (compatible; Bytespider; spider-feedback@bytedance.com)"
35.243.140.213 - - [09/Jan/2025:23:47:17 -0600] "GET /robots.txt HTTP/1.0" 200 1035 "-" "ZoominfoBot (zoominfobot at zoominfo dot com)"
35.243.140.213 - - [09/Jan/2025:23:47:17 -0600] "GET /estadistica-2/ HTTP/1.0" 200 41832 "-" "ZoominfoBot (zoominfobot at zoominfo dot com)"
213.218.251.109 - - [09/Jan/2025:23:49:24 -0600] "GET //wp-json/wp/v2/posts?per_page=1&_fields=id,slug,comment_status HTTP/1.1" 200 68 "-" "-"
34.77.216.15 - - [09/Jan/2025:23:50:08 -0600] "GET /robots.txt HTTP/1.1" 200 1035 "-" "Mozilla/5.0 (compatible; VelenPublicWebCrawler/1.0; +https://velen.io)"
34.77.216.15 - - [09/Jan/2025:23:50:09 -0600] "GET /soporte-pis HTTP/1.1" 301 - "-" "Mozilla/5.0 (compatible; VelenPublicWebCrawler/1.0; +https://velen.io)"
34.77.216.15 - - [09/Jan/2025:23:50:15 -0600] "GET /soporte-pis/ HTTP/1.1" 200 45480 "http://puertodetampico.com.mx/soporte-pis" "Mozilla/5.0 (compatible; VelenPublicWebCrawler/1.0; +https://velen.io)"
66.249.64.131 - - [09/Jan/2025:23:51:16 -0600] "GET /Convocatoria_TUM_DOF.pdf HTTP/1.1" 200 769670 "-" "Googlebot/2.1 (+http://www.google.com/bot.html)"
35.243.140.213 - - [09/Jan/2025:23:52:19 -0600] "GET /participacion-ciudadana/ HTTP/1.0" 200 49787 "-" "ZoominfoBot (zoominfobot at zoominfo dot com)"
47.128.49.40 - - [09/Jan/2025:23:55:02 -0600] "GET /informacion-de-interes-general/ HTTP/1.1" 301 - "-" "Mozilla/5.0 (Linux; Android 5.0) AppleWebKit/537.36 (KHTML, like Gecko) Mobile Safari/537.36 (compatible; Bytespider; spider-feedback@bytedance.com)"
47.128.49.40 - - [09/Jan/2025:23:55:04 -0600] "GET /informacion-de-interes-general/ HTTP/1.1" 200 43032 "-" "Mozilla/5.0 (Linux; Android 5.0) AppleWebKit/537.36 (KHTML, like Gecko) Mobile Safari/537.36 (compatible; Bytespider; spider-feedback@bytedance.com)"
66.249.65.229 - - [09/Jan/2025:23:56:20 -0600] "GET /wp-content/plugins/pojo-accessibility/assets/js/app.min.js?ver=1.0.0 HTTP/1.1" 200 5313 "https://puertodetampico.com.mx/hoja-de-programacion/" "Mozilla/5.0 (Linux; Android 6.0.1; Nexus 5X Build/MMB29P) AppleWebKit/537.36 (KHTML, like Gecko) Chrome/131.0.6778.204 Mobile Safari/537.36 (compatible; Googlebot/2.1; +http://www.google.com/bot.html)"
66.249.65.228 - - [09/Jan/2025:23:56:22 -0600] "GET /wp-content/plugins/pojo-accessibility/assets/css/style.min.css?ver=1.0.0 HTTP/1.1" 200 52333 "https://puertodetampico.com.mx/hoja-de-programacion/" "Mozilla/5.0 (Linux; Android 6.0.1; Nexus 5X Build/MMB29P) AppleWebKit/537.36 (KHTML, like Gecko) Chrome/131.0.6778.204 Mobile Safari/537.36 (compatible; Googlebot/2.1; +http://www.google.com/bot.html)"
35.243.140.213 - - [10/Jan/2025:00:00:15 -0600] "GET /remolcadores/ HTTP/1.0" 200 43029 "-" "ZoominfoBot (zoominfobot at zoominfo dot com)"
44.213.116.160 - - [10/Jan/2025:00:05:25 -0600] "GET / HTTP/1.1" 301 - "-" "Mozilla/5.0 (Macintosh; Intel Mac OS X 10_15_7) AppleWebKit/537.36 (KHTML, like Gecko) Chrome/98.0.4758.80 Safari/537.36"
44.213.116.160 - - [10/Jan/2025:00:05:26 -0600] "GET / HTTP/1.1" 200 72878 "-" "Mozilla/5.0 (Macintosh; Intel Mac OS X 10_15_7) AppleWebKit/537.36 (KHTML, like Gecko) Chrome/98.0.4758.80 Safari/537.36"
178.20.46.206 - - [10/Jan/2025:00:06:40 -0600] "GET /quejas-y-sugerencias/ HTTP/1.0" 200 40717 "http://puertodetampico.com.mx/quejas-y-sugerencias/" "Mozilla/5.0 (Windows NT 10.0; Win64; x64) AppleWebKit/537.36 (KHTML, like Gecko) Chrome/129.0.0.0 Safari/537.36"
178.20.46.206 - - [10/Jan/2025:00:06:42 -0600] "POST /quejas-y-sugerencias/enviar.php HTTP/1.0" 404 72929 "http://puertodetampico.com.mx/quejas-y-sugerencias/" "Mozilla/5.0 (Windows NT 10.0; Win64; x64) AppleWebKit/537.36 (KHTML, like Gecko) Chrome/129.0.0.0 Safari/537.36"
35.243.140.213 - - [10/Jan/2025:00:11:33 -0600] "GET /maniobras-amarre-y-desamarre/ HTTP/1.0" 200 41670 "-" "ZoominfoBot (zoominfobot at zoominfo dot com)"
66.249.65.228 - - [10/Jan/2025:00:13:19 -0600] "GET /transparencia/Anexo_archivos_FINAL.pdf HTTP/1.1" 200 81534 "-" "Mozilla/5.0 (Linux; Android 6.0.1; Nexus 5X Build/MMB29P) AppleWebKit/537.36 (KHTML, like Gecko) Chrome/131.0.6778.204 Mobile Safari/537.36 (compatible; GoogleOther)"
157.55.39.193 - - [10/Jan/2025:00:14:05 -0600] "GET /pesaje.pdf HTTP/1.1" 200 115564 "-" "Mozilla/5.0 AppleWebKit/537.36 (KHTML, like Gecko; compatible; bingbot/2.0; +http://www.bing.com/bingbot.htm) Chrome/116.0.1938.76 Safari/537.36"
184.154.167.98 - - [10/Jan/2025:00:23:36 -0600] "GET /.well-known/acme-challenge/300NHZB0HL58D5UANZ08EBEL4G7KDE9A HTTP/1.1" 200 64 "-" "Cpanel-HTTP-Client/1.0"
184.154.167.98 - - [10/Jan/2025:00:23:36 -0600] "GET /.well-known/acme-challenge/29KF36WZJXM3IXPHBYEMBWL520A3BPG_ HTTP/1.1" 200 64 "-" "Cpanel-HTTP-Client/1.0"
184.154.167.98 - - [10/Jan/2025:00:23:36 -0600] "GET /.well-known/acme-challenge/OSUX_ABBDZYCI3QOFQEYVHRZ47CHVDWG HTTP/1.1" 200 64 "-" "Cpanel-HTTP-Client/1.0"
184.154.167.98 - - [10/Jan/2025:00:23:37 -0600] "GET /.well-known/acme-challenge/9K0ZNCKGN1ZNGTWTOTHB_MK_WOYSINB7 HTTP/1.1" 200 64 "-" "Cpanel-HTTP-Client/1.0"
184.154.167.98 - - [10/Jan/2025:00:23:38 -0600] "GET /.well-known/acme-challenge/MF-5WVY6493489117W_F6VBYOS07CIPF HTTP/1.1" 200 64 "-" "Cpanel-HTTP-Client/1.0"
184.154.167.98 - - [10/Jan/2025:00:23:38 -0600] "GET /.well-known/acme-challenge/8Q6032SP3D44ECCLB2EARLK5YHZ5-RGJ HTTP/1.1" 200 64 "-" "Cpanel-HTTP-Client/1.0"
184.154.167.98 - - [10/Jan/2025:00:23:38 -0600] "GET /.well-known/acme-challenge/5E7UHUIELCAX7LN45AOFC_U67-5E8TDI HTTP/1.1" 200 64 "-" "Cpanel-HTTP-Client/1.0"
184.154.167.98 - - [10/Jan/2025:00:23:38 -0600] "GET /.well-known/acme-challenge/EJRLLQXP89KHW9H80BY55QC8W4GM597W HTTP/1.1" 200 64 "-" "Cpanel-HTTP-Client/1.0"
200.57.3.238 - - [10/Jan/2025:00:24:57 -0600] "GET /wp-includes/js/jquery/jquery-migrate.min.js?ver=3.4.1 HTTP/1.1" 304 - "-" "Mozilla/4.0 (compatible;)"
182.22.28.103 - - [10/Jan/2025:00:26:58 -0600] "GET /robots.txt HTTP/1.1" 200 1035 "-" "Y!J-DLC/1.0 (https://support.yahoo-net.jp/PccSearch/s/article/H000007955)"
182.22.28.73 - - [10/Jan/2025:00:26:58 -0600] "GET / HTTP/1.1" 200 72878 "-" "Y!J-DLC/1.0 (https://support.yahoo-net.jp/PccSearch/s/article/H000007955)"
209.97.128.179 - - [10/Jan/2025:00:27:51 -0600] "GET / HTTP/1.1" 200 72878 "-" "Mozilla/5.0 (compatible)"
35.243.140.213 - - [10/Jan/2025:00:33:24 -0600] "GET /indicadores-de-programas-presupuestarios/ HTTP/1.0" 200 44194 "-" "ZoominfoBot (zoominfobot at zoominfo dot com)"
103.131.71.144 - - [10/Jan/2025:00:38:49 -0600] "GET /robots.txt HTTP/1.1" 200 1035 "-" "Mozilla/5.0 (compatible; coccocbot-web/1.0; +http://help.coccoc.com/searchengine)"
103.131.71.99 - - [10/Jan/2025:00:38:51 -0600] "GET / HTTP/1.1" 200 72878 "-" "Mozilla/5.0 (compatible; coccocbot-web/1.0; +http://help.coccoc.com/searchengine)"
103.131.71.67 - - [10/Jan/2025:00:39:01 -0600] "GET /robots.txt HTTP/1.1" 200 1035 "-" "Mozilla/5.0 (compatible; coccocbot-web/1.0; +http://help.coccoc.com/searchengine)"
213.218.251.109 - - [10/Jan/2025:00:47:28 -0600] "GET / HTTP/1.1" 301 - "-" "-"
213.218.251.109 - - [10/Jan/2025:00:47:30 -0600] "GET / HTTP/1.1" 200 72912 "http://www.puertodetampico.com.mx/" "-"
35.243.140.213 - - [10/Jan/2025:00:51:49 -0600] "GET /estudios-financiados-con-recursos-publicos/ HTTP/1.0" 200 42278 "-" "ZoominfoBot (zoominfobot at zoominfo dot com)"
213.218.251.109 - - [10/Jan/2025:00:56:36 -0600] "GET //wp-json/wp/v2/posts?per_page=1&_fields=id,slug,comment_status HTTP/1.1" 200 68 "-" "-"
35.243.140.213 - - [10/Jan/2025:00:57:52 -0600] "GET /servicios/ HTTP/1.0" 200 41326 "-" "ZoominfoBot (zoominfobot at zoominfo dot com)"
34.77.216.15 - - [10/Jan/2025:01:00:07 -0600] "GET /robots.txt HTTP/1.1" 200 1035 "-" "Mozilla/5.0 (compatible; VelenPublicWebCrawler/1.0; +https://velen.io)"
34.77.216.15 - - [10/Jan/2025:01:00:07 -0600] "GET /documentos/tarifas/almacont_pres.pdf HTTP/1.1" 200 1716752 "-" "Mozilla/5.0 (compatible; VelenPublicWebCrawler/1.0; +https://velen.io)"
213.218.251.109 - - [10/Jan/2025:01:02:39 -0600] "GET //wp-json/wp/v2/posts?per_page=1&_fields=id,slug,comment_status HTTP/1.1" 200 68 "-" "-"
147.78.47.88 - - [10/Jan/2025:01:02:52 -0600] "GET / HTTP/1.1" 200 72878 "-" "Mozilla/5.0 (Windows NT 10.0; WOW64) AppleWebKit/537.36 (KHTML, like Gecko) Chrome/55.0.2883.87 Safari/537.36 OPR/42.0.2393.94"
213.218.251.109 - - [10/Jan/2025:01:04:46 -0600] "GET //wp-json/wp/v2/posts?per_page=1&_fields=id,slug,comment_status HTTP/1.1" 200 68 "-" "-"
35.243.140.213 - - [10/Jan/2025:01:07:36 -0600] "GET /recomendaciones/ HTTP/1.0" 200 42370 "-" "ZoominfoBot (zoominfobot at zoominfo dot com)"
66.249.64.14 - - [10/Jan/2025:01:13:55 -0600] "GET / HTTP/1.1" 200 72938 "-" "Mozilla/5.0 (Linux; Android 6.0.1; Nexus 5X Build/MMB29P) AppleWebKit/537.36 (KHTML, like Gecko) Chrome/131.0.6778.204 Mobile Safari/537.36 (compatible; Googlebot/2.1; +http://www.google.com/bot.html)"
66.249.65.229 - - [10/Jan/2025:01:14:06 -0600] "GET /wp-content/plugins/gspeech/includes/js/gspeech_front.js?g_indexsp___eqgspeech_front_script_n127gsp___delg_versiongsp___eq3_8_9gsp___delw_idgsp___eqefa1c038ebf3656c7a3b12b74bf20aa7gsp___dels_encgsp___eq576306744f237f13e7e6940ae86c5a3b1786cdcbf1835741875e6cece7e88e044eda312f749fe921c7d4e13eb6daed3d4a3e7ec5e46c2f064300e3f7b8e2572e90868e26gsp___delh_encgsp___eqa87595301f8ab2d2ec62e7c4be306d9a814d8de950461098ba4d3b968a064a3cgsp___delhh_encgsp___eq7710b72ca0ad08376114fc8e9c5413d21d6ce81ffa87896bab07595a5ca2340e5a8029371a7c9485d535d46ee3833d903d6cb12aa18da60c301535881212240e646e6b220b66984f9f6edff709c226ca00a2e65623188f762ea5aed57a42c451725ede25061907d84681c492ba20b360gsp___dellazy_loadgsp___eq1gsp___delgt_wgsp___eqgsp_clgtranslate_wrappergsp___delvv_indexgsp___eq10&ver=6.5.2 HTTP/1.1" 200 4810 "http://mail.puertodetampico.com.mx/" "Mozilla/5.0 (Linux; Android 6.0.1; Nexus 5X Build/MMB29P) AppleWebKit/537.36 (KHTML, like Gecko) Chrome/131.0.6778.204 Mobile Safari/537.36 (compatible; Googlebot/2.1; +http://www.google.com/bot.html)"
216.244.66.194 - - [10/Jan/2025:01:14:42 -0600] "GET /robots.txt HTTP/1.1" 200 1035 "-" "Mozilla/5.0 (compatible; DotBot/1.2; +https://opensiteexplorer.org/dotbot; help@moz.com)"
216.244.66.194 - - [10/Jan/2025:01:17:46 -0600] "GET /gob5/wp-includes/blocks/avatar/?C=M;O=A HTTP/1.1" 200 2304 "-" "Mozilla/5.0 (compatible; DotBot/1.2; +https://opensiteexplorer.org/dotbot; help@moz.com)"
216.244.66.194 - - [10/Jan/2025:01:17:50 -0600] "GET /gob5/wp-includes/blocks/comment-date/?C=D;O=A HTTP/1.1" 200 864 "-" "Mozilla/5.0 (compatible; DotBot/1.2; +https://opensiteexplorer.org/dotbot; help@moz.com)"
213.218.251.109 - - [10/Jan/2025:01:18:56 -0600] "GET //wp-json/wp/v2/posts?per_page=1&_fields=id,slug,comment_status HTTP/1.1" 200 68 "-" "-"
35.243.140.213 - - [10/Jan/2025:01:19:12 -0600] "GET /pilotaje/ HTTP/1.0" 200 42009 "-" "ZoominfoBot (zoominfobot at zoominfo dot com)"
35.243.140.213 - - [10/Jan/2025:01:29:45 -0600] "GET /quejas-y-sugerencias/ HTTP/1.0" 200 40666 "-" "ZoominfoBot (zoominfobot at zoominfo dot com)"
35.243.140.213 - - [10/Jan/2025:01:32:10 -0600] "GET /codigo-pbip-contenedores/ HTTP/1.0" 200 42083 "-" "ZoominfoBot (zoominfobot at zoominfo dot com)"
213.218.251.109 - - [10/Jan/2025:01:33:16 -0600] "GET //wp-json/wp/v2/posts?per_page=1&_fields=id,slug,comment_status HTTP/1.1" 200 68 "-" "-"
213.218.251.109 - - [10/Jan/2025:01:34:00 -0600] "GET //wp-json/wp/v2/posts?per_page=1&_fields=id,slug,comment_status HTTP/1.1" 200 68 "-" "-"
213.218.251.109 - - [10/Jan/2025:01:49:06 -0600] "GET //wp-json/wp/v2/posts?per_page=1&_fields=id,slug,comment_status HTTP/1.1" 200 68 "-" "-"
35.243.140.213 - - [10/Jan/2025:01:50:52 -0600] "GET /planes-programas-e-informes/ HTTP/1.0" 200 42875 "-" "ZoominfoBot (zoominfobot at zoominfo dot com)"
213.218.251.109 - - [10/Jan/2025:01:56:42 -0600] "GET //wp-json/wp/v2/posts?per_page=1&_fields=id,slug,comment_status HTTP/1.1" 200 68 "-" "-"
180.251.239.98 - - [10/Jan/2025:01:57:43 -0600] "GET /quejas-y-sugerencias HTTP/1.1" 301 - "-" "Mozilla/5.0 (Windows NT 10.0; Win64; x64) AppleWebKit/537.36 (KHTML, like Gecko) Chrome/120.0.0.0 Safari/537.36"
180.251.239.98 - - [10/Jan/2025:01:57:46 -0600] "GET /quejas-y-sugerencias/ HTTP/1.1" 200 40666 "-" "Mozilla/5.0 (Windows NT 10.0; Win64; x64) AppleWebKit/537.36 (KHTML, like Gecko) Chrome/120.0.0.0 Safari/537.36"
213.218.251.109 - - [10/Jan/2025:01:58:28 -0600] "GET //wp-json/wp/v2/posts?per_page=1&_fields=id,slug,comment_status HTTP/1.1" 200 68 "-" "-"
35.243.140.213 - - [10/Jan/2025:01:58:45 -0600] "GET /paaasop/ HTTP/1.0" 200 40942 "-" "ZoominfoBot (zoominfobot at zoominfo dot com)"
66.249.64.132 - - [10/Jan/2025:01:59:38 -0600] "GET /acceso-a-la-informacion HTTP/1.1" 301 - "-" "Mozilla/5.0 (Linux; Android 6.0.1; Nexus 5X Build/MMB29P) AppleWebKit/537.36 (KHTML, like Gecko) Chrome/131.0.6778.204 Mobile Safari/537.36 (compatible; Googlebot/2.1; +http://www.google.com/bot.html)"
216.244.66.194 - - [10/Jan/2025:02:01:08 -0600] "GET /robots.txt HTTP/1.1" 200 1035 "-" "Mozilla/5.0 (compatible; DotBot/1.2; +https://opensiteexplorer.org/dotbot; help@moz.com)"
213.218.251.109 - - [10/Jan/2025:02:01:20 -0600] "GET //wp-json/wp/v2/posts?per_page=1&_fields=id,slug,comment_status HTTP/1.1" 200 68 "-" "-"
111.119.221.148 - - [10/Jan/2025:02:02:47 -0600] "GET /wp-content/uploads/2024/04/ECSF_IV_2023.pdf HTTP/1.1" 200 93739 "http://puertodetampico.com.mx/wp-content/uploads/2024/04/ECSF_IV_2023.pdf" "Mozilla/5.0 (Windows NT 10.0; Win64; x64) AppleWebKit/537.36 (KHTML, like Gecko) Chrome/101.0.4951.64 Safari/537.36 Edg/101.0.1210.47"
216.244.66.194 - - [10/Jan/2025:02:03:39 -0600] "GET /gob5/wp-includes/blocks/comments-pagination/editor.min.css HTTP/1.1" 200 720 "-" "Mozilla/5.0 (compatible; DotBot/1.2; +https://opensiteexplorer.org/dotbot; help@moz.com)"
213.218.251.109 - - [10/Jan/2025:02:04:00 -0600] "GET //wp-json/wp/v2/posts?per_page=1&_fields=id,slug,comment_status HTTP/1.1" 200 68 "-" "-"
216.244.66.194 - - [10/Jan/2025:02:04:07 -0600] "GET /gob5/wp-includes/blocks/comments-title/?C=N;O=D HTTP/1.1" 200 1596 "-" "Mozilla/5.0 (compatible; DotBot/1.2; +https://opensiteexplorer.org/dotbot; help@moz.com)"
35.243.140.213 - - [10/Jan/2025:02:09:05 -0600] "GET /lanchaje/ HTTP/1.0" 200 41521 "-" "ZoominfoBot (zoominfobot at zoominfo dot com)"
173.252.83.8 - - [10/Jan/2025:02:15:10 -0600] "GET /images/stories/api/home/2016_Barcos_Home.jpg HTTP/1.1" 301 - "-" "meta-externalagent/1.1 (+https://developers.facebook.com/docs/sharing/webmasters/crawler)"
173.252.83.32 - - [10/Jan/2025:02:15:12 -0600] "GET /images/stories/api/home/2016_Barcos_Home.jpg HTTP/1.1" 404 72878 "-" "meta-externalagent/1.1 (+https://developers.facebook.com/docs/sharing/webmasters/crawler)"
35.243.140.213 - - [10/Jan/2025:02:15:27 -0600] "GET /portal-de-obligaciones-de-transparencia/ HTTP/1.0" 200 42869 "-" "ZoominfoBot (zoominfobot at zoominfo dot com)"
66.249.65.230 - - [10/Jan/2025:02:30:08 -0600] "GET /acceso-a-la-informacion/ HTTP/1.1" 200 44882 "-" "Mozilla/5.0 (Linux; Android 6.0.1; Nexus 5X Build/MMB29P) AppleWebKit/537.36 (KHTML, like Gecko) Chrome/131.0.6778.204 Mobile Safari/537.36 (compatible; Googlebot/2.1; +http://www.google.com/bot.html)"
66.249.65.229 - - [10/Jan/2025:02:30:21 -0600] "GET /wp-content/plugins/gspeech/includes/js/gspeech_front.js?g_indexsp___eqgspeech_front_script_n127gsp___delg_versiongsp___eq3_8_9gsp___delw_idgsp___eqefa1c038ebf3656c7a3b12b74bf20aa7gsp___dels_encgsp___eqfaf5ebc8eda007201729198faaaf098cb520de7bbbdff0d6a5ba955d3e92d007ea1c6b6f06972b7396140ac4769ccba7473d02c3be8cc25e2f5d6ef56226661b7b29bfa4gsp___delh_encgsp___eqd8db1d53c3844cc32b8e0fb20f775dcbfddfe42e2734f5afda35f7320e1ed6fbgsp___delhh_encgsp___eq237ae5303b3f3c414d872d26d10226c1eae987cc6b1169ae124eaadf8d659105d66c41c366cd777fbbec7461a1e5da7da18f8a96962e97c60e8f63e1b8fae67cde8fd5b3fa7cd176b25a4f7c8f9641ab1e52fdd775a74a78a329d8ef72c7e0b955bf64d332744a4b8a7643576b314bafgsp___dellazy_loadgsp___eq1gsp___delgt_wgsp___eqgsp_clgtranslate_wrappergsp___delvv_indexgsp___eq10&ver=6.5.2 HTTP/1.1" 200 4810 "http://puertodetampico.com.mx/acceso-a-la-informacion/" "Mozilla/5.0 (Linux; Android 6.0.1; Nexus 5X Build/MMB29P) AppleWebKit/537.36 (KHTML, like Gecko) Chrome/131.0.6778.204 Mobile Safari/537.36 (compatible; Googlebot/2.1; +http://www.google.com/bot.html)"
66.249.65.228 - - [10/Jan/2025:02:32:56 -0600] "GET /ads.txt HTTP/1.1" 404 72878 "-" "Mozilla/5.0 (compatible; Googlebot/2.1; +http://www.google.com/bot.html)"
54.200.188.183 - - [10/Jan/2025:02:33:52 -0600] "GET / HTTP/1.1" 200 72878 "-" "Mozilla/5.0 (Windows NT 10.0; Win64; x64) AppleWebKit/537.36 (KHTML, like Gecko) Chrome/60.0.3112.113 Safari/537.36"
66.220.29.169 - - [10/Jan/2025:02:35:36 -0600] "GET /Comision_Federal_de_Competencia_Economica_ST-CFCE-2017-119.pdf HTTP/1.1" 200 345581 "-" "Mozilla/5.0 (Windows NT 10.0; Win64; x64) AppleWebKit/537.36 (KHTML, like Gecko) Chrome/100.0.9320.895 Safari/537.36"
54.188.184.174 - - [10/Jan/2025:02:44:29 -0600] "GET /OneDrive/AceContractorsGroupPtyLtd HTTP/1.1" 404 72878 "-" "Mozilla/5.0 (Linux; Android 8.0.0; SM-G965U Build/R16NW) AppleWebKit/537.36 (KHTML, like Gecko) Chrome/63.0.3239.111 Mobile Safari/537.36"
54.188.184.174 - - [10/Jan/2025:02:44:31 -0600] "GET /OneDrive/AceContractorsGroupPtyLtd HTTP/1.1" 404 72878 "-" "Mozilla/5.0 (Linux; Android 8.0.0; SM-G965U Build/R16NW) AppleWebKit/537.36 (KHTML, like Gecko) Chrome/63.0.3239.111 Mobile Safari/537.36"
54.188.184.174 - - [10/Jan/2025:02:44:34 -0600] "GET /OneDrive/AceContractorsGroupPtyLtd HTTP/1.1" 404 72878 "-" "Mozilla/5.0 (Linux; Android 8.0.0; SM-G965U Build/R16NW) AppleWebKit/537.36 (KHTML, like Gecko) Chrome/63.0.3239.111 Mobile Safari/537.36"
54.188.184.174 - - [10/Jan/2025:02:44:35 -0600] "GET /OneDrive/AceContractorsGroupPtyLtd HTTP/1.1" 404 72878 "-" "Mozilla/5.0 (Linux; Android 8.0.0; SM-G965U Build/R16NW) AppleWebKit/537.36 (KHTML, like Gecko) Chrome/63.0.3239.111 Mobile Safari/537.36"
54.188.184.174 - - [10/Jan/2025:02:44:37 -0600] "GET /OneDrive/AceContractorsGroupPtyLtd HTTP/1.1" 404 72878 "-" "Mozilla/5.0 (Linux; Android 8.0.0; SM-G965U Build/R16NW) AppleWebKit/537.36 (KHTML, like Gecko) Chrome/63.0.3239.111 Mobile Safari/537.36"
35.243.140.213 - - [10/Jan/2025:02:52:27 -0600] "GET /programa-maestro-de-desarrollo/ HTTP/1.0" 200 42234 "-" "ZoominfoBot (zoominfobot at zoominfo dot com)"
216.244.66.194 - - [10/Jan/2025:02:59:36 -0600] "GET /robots.txt HTTP/1.1" 200 1035 "-" "Mozilla/5.0 (compatible; DotBot/1.2; +https://opensiteexplorer.org/dotbot; help@moz.com)"
216.244.66.194 - - [10/Jan/2025:03:02:38 -0600] "GET /gob5/wp-includes/blocks/comment-date/?C=N;O=D HTTP/1.1" 200 864 "-" "Mozilla/5.0 (compatible; DotBot/1.2; +https://opensiteexplorer.org/dotbot; help@moz.com)"
149.56.150.164 - - [10/Jan/2025:03:03:29 -0600] "GET / HTTP/1.1" 301 - "-" "Mozilla/5.0 (compatible; Dataprovider.com)"
149.56.150.164 - - [10/Jan/2025:03:03:31 -0600] "GET / HTTP/1.1" 200 72878 "-" "Mozilla/5.0 (compatible; Dataprovider.com)"
149.56.150.164 - - [10/Jan/2025:03:03:32 -0600] "GET /robots.txt HTTP/1.1" 200 1035 "-" "Mozilla/5.0 (compatible; Dataprovider.com)"
149.56.150.164 - - [10/Jan/2025:03:03:35 -0600] "GET /quejas-y-sugerencias/ HTTP/1.1" 200 40666 "-" "Mozilla/5.0 (compatible; Dataprovider.com)"
149.56.150.164 - - [10/Jan/2025:03:03:36 -0600] "GET /quienes-somos/ HTTP/1.1" 200 45508 "-" "Mozilla/5.0 (compatible; Dataprovider.com)"
149.56.150.164 - - [10/Jan/2025:03:03:39 -0600] "GET /acceso-a-la-informacion/ HTTP/1.1" 200 44882 "-" "Mozilla/5.0 (compatible; Dataprovider.com)"
149.56.150.164 - - [10/Jan/2025:03:03:43 -0600] "GET /infraestructura./ HTTP/1.1" 200 40396 "-" "Mozilla/5.0 (compatible; Dataprovider.com)"
149.56.150.164 - - [10/Jan/2025:03:03:44 -0600] "GET / HTTP/1.1" 200 72878 "-" "Mozilla/5.0 (Linux; Android 10; SM-G981B) AppleWebKit/537.36 (KHTML, like Gecko) Chrome/80.0.3987.162 Mobile Safari/537.36"
149.56.150.164 - - [10/Jan/2025:03:03:45 -0600] "GET /humans.txt HTTP/1.1" 301 - "-" "Mozilla/5.0 (compatible; Dataprovider.com)"
149.56.150.164 - - [10/Jan/2025:03:03:45 -0600] "GET /humans.txt HTTP/1.1" 404 72922 "http://www.puertodetampico.com.mx/humans.txt" "Mozilla/5.0 (compatible; Dataprovider.com)"
149.56.150.164 - - [10/Jan/2025:03:03:46 -0600] "GET /ads.txt HTTP/1.1" 301 - "-" "Mozilla/5.0 (compatible; Dataprovider.com)"
149.56.150.164 - - [10/Jan/2025:03:03:47 -0600] "GET /ads.txt HTTP/1.1" 404 72919 "http://www.puertodetampico.com.mx/ads.txt" "Mozilla/5.0 (compatible; Dataprovider.com)"
149.56.150.164 - - [10/Jan/2025:03:03:47 -0600] "GET /security.txt HTTP/1.1" 301 - "-" "Mozilla/5.0 (compatible; Dataprovider.com)"
149.56.150.164 - - [10/Jan/2025:03:03:48 -0600] "GET /security.txt HTTP/1.1" 404 72924 "http://www.puertodetampico.com.mx/security.txt" "Mozilla/5.0 (compatible; Dataprovider.com)"
149.56.150.164 - - [10/Jan/2025:03:03:48 -0600] "GET /.well-known/security.txt HTTP/1.1" 301 - "-" "Mozilla/5.0 (compatible; Dataprovider.com)"
149.56.150.164 - - [10/Jan/2025:03:03:49 -0600] "GET /.well-known/security.txt HTTP/1.1" 404 72936 "http://www.puertodetampico.com.mx/.well-known/security.txt" "Mozilla/5.0 (compatible; Dataprovider.com)"
144.217.135.172 - - [10/Jan/2025:03:04:10 -0600] "GET / HTTP/1.1" 301 - "-" "Mozilla/5.0 (compatible; Dataprovider.com)"
144.217.135.172 - - [10/Jan/2025:03:04:11 -0600] "GET / HTTP/1.1" 200 72878 "-" "Mozilla/5.0 (compatible; Dataprovider.com)"
144.217.135.172 - - [10/Jan/2025:03:04:13 -0600] "GET /wp-includes/css/dist/block-library/style.min.css?ver=6.5.2 HTTP/1.1" 200 113381 "http://puertodetampico.com.mx/" "Mozilla/5.0 (compatible; Dataprovider.com)"
144.217.135.172 - - [10/Jan/2025:03:04:13 -0600] "GET /wp-content/plugins/pojo-accessibility/assets/css/style.min.css?ver=1.0.0 HTTP/1.1" 200 52333 "http://puertodetampico.com.mx/" "Mozilla/5.0 (compatible; Dataprovider.com)"
144.217.135.172 - - [10/Jan/2025:03:04:13 -0600] "GET /wp-includes/js/jquery/jquery.min.js?ver=3.7.1 HTTP/1.1" 200 87553 "http://puertodetampico.com.mx/" "Mozilla/5.0 (compatible; Dataprovider.com)"
144.217.135.172 - - [10/Jan/2025:03:04:13 -0600] "GET /wp-includes/js/jquery/jquery-migrate.min.js?ver=3.4.1 HTTP/1.1" 200 13577 "http://puertodetampico.com.mx/" "Mozilla/5.0 (compatible; Dataprovider.com)"
144.217.135.172 - - [10/Jan/2025:03:04:13 -0600] "GET /wp-content/themes/APITAM_GOBMX/gobmx.js HTTP/1.1" 200 523239 "http://puertodetampico.com.mx/" "Mozilla/5.0 (compatible; Dataprovider.com)"
144.217.135.172 - - [10/Jan/2025:03:04:13 -0600] "GET /wp-content/plugins/gspeech/includes/js/gspeech_front.js?g_indexsp___eqgspeech_front_script_n127gsp___delg_versiongsp___eq3_8_9gsp___delw_idgsp___eqefa1c038ebf3656c7a3b12b74bf20aa7gsp___dels_encgsp___eq1f6b859f71dff1617b7fd879057ded80f028c5248e4ad1e268d7be9edecba05877d5dcb8516c224736c1e28a84d0dc08b5deaea322bfd22c90c34c1e3e6816a91e8b6af3gsp___delh_encgsp___eqee702f3d53d440f62314b563da30c8ab8babd8a7ca6f47591a5ecf6d518083e6gsp___delhh_encgsp___eq7fa85481f641cf5668d3b54a555c128a3efdf925e6e929e681ae03d52a6dd5256f803b5f5c3f35529242bca462f4df4a387fe2b758e7c4ea1d71ebba4da08ad03218a1fe3624de7688290c9eb57421ec2d26875b9f5e66e5cabddddbd5bc9387d7dae2d7c9836a3aa2cd7146a24e07a2gsp___dellazy_loadgsp___eq1gsp___delgt_wgsp___eqgsp_clgtranslate_wrappergsp___delvv_indexgsp___eq10&ver=6.5.2 HTTP/1.1" 200 4810 "http://puertodetampico.com.mx/" "Mozilla/5.0 (compatible; Dataprovider.com)"
144.217.135.172 - - [10/Jan/2025:03:04:13 -0600] "GET /wp-content/plugins/pojo-accessibility/assets/js/app.min.js?ver=1.0.0 HTTP/1.1" 200 5313 "http://puertodetampico.com.mx/" "Mozilla/5.0 (compatible; Dataprovider.com)"
144.217.135.172 - - [10/Jan/2025:03:04:14 -0600] "GET /wp-includes/js/wp-emoji-release.min.js?ver=6.5.2 HTTP/1.1" 200 18726 "http://puertodetampico.com.mx/" "Mozilla/5.0 (compatible; Dataprovider.com)"
144.217.135.172 - - [10/Jan/2025:03:04:14 -0600] "GET /contenidos/asipona_2024.webm HTTP/1.1" 206 354312539 "http://puertodetampico.com.mx/" "Mozilla/5.0 (compatible; Dataprovider.com)"
35.243.140.213 - - [10/Jan/2025:03:20:44 -0600] "GET /proteccion-de-datos-personales/ HTTP/1.0" 200 42883 "-" "ZoominfoBot (zoominfobot at zoominfo dot com)"
35.243.140.213 - - [10/Jan/2025:03:23:19 -0600] "GET /almacenaje/ HTTP/1.0" 200 41208 "-" "ZoominfoBot (zoominfobot at zoominfo dot com)"
184.154.167.98 - - [10/Jan/2025:03:24:00 -0600] "GET /.well-known/acme-challenge/-Y01SFA9ZC4PSO8FELPSG7GIPEBZG5-T HTTP/1.1" 200 64 "-" "Cpanel-HTTP-Client/1.0"
184.154.167.98 - - [10/Jan/2025:03:24:00 -0600] "GET /.well-known/acme-challenge/SCN6CRJWD3FDBRW1Z-_GOA0ZE2XQHNQV HTTP/1.1" 200 64 "-" "Cpanel-HTTP-Client/1.0"
184.154.167.98 - - [10/Jan/2025:03:24:00 -0600] "GET /.well-known/acme-challenge/S0U2BA7PC458F8-HRS9RZTQ7E7358YRV HTTP/1.1" 200 64 "-" "Cpanel-HTTP-Client/1.0"
184.154.167.98 - - [10/Jan/2025:03:24:01 -0600] "GET /.well-known/acme-challenge/DS0E1C_2VNU_T8D934UH0-I8BQR-ZTF9 HTTP/1.1" 200 64 "-" "Cpanel-HTTP-Client/1.0"
184.154.167.98 - - [10/Jan/2025:03:24:01 -0600] "GET /.well-known/acme-challenge/TO50A3UB71ISJ0ENG7DDZSBRCSGT9703 HTTP/1.1" 200 64 "-" "Cpanel-HTTP-Client/1.0"
184.154.167.98 - - [10/Jan/2025:03:24:01 -0600] "GET /.well-known/acme-challenge/EYT262YHKVR72P_NQ2LO4B6UTSF8FJJ_ HTTP/1.1" 200 64 "-" "Cpanel-HTTP-Client/1.0"
184.154.167.98 - - [10/Jan/2025:03:24:01 -0600] "GET /.well-known/acme-challenge/H2KV2J2L8UI1ZTFTGIAAL0B8XD3OC8GI HTTP/1.1" 200 64 "-" "Cpanel-HTTP-Client/1.0"
184.154.167.98 - - [10/Jan/2025:03:24:07 -0600] "GET /.well-known/acme-challenge/F1LQPA-U0MAI6N8YQ86YNCCOZ0M-RE5C HTTP/1.1" 200 64 "-" "Cpanel-HTTP-Client/1.0"
173.252.83.23 - - [10/Jan/2025:03:29:21 -0600] "GET /images/stories/api/home/Aniversario_Revolucion.jpg HTTP/1.1" 404 72878 "-" "meta-externalagent/1.1 (+https://developers.facebook.com/docs/sharing/webmasters/crawler)"
5.133.192.212 - - [10/Jan/2025:03:31:48 -0600] "GET /robots.txt HTTP/1.1" 200 1035 "-" "Mozilla/5.0 (Windows NT 6.3; Win64; x64; rv:109.0) Gecko/20100101 Firefox/115"
80.248.225.154 - - [10/Jan/2025:03:31:49 -0600] "GET / HTTP/1.1" 200 72878 "-" "Mozilla/5.0 (Windows NT 6.3; Win64; x64; rv:109.0) Gecko/20100101 Firefox/115"
34.77.216.15 - - [10/Jan/2025:03:40:03 -0600] "GET /robots.txt HTTP/1.1" 200 1035 "-" "Mozilla/5.0 (compatible; VelenPublicWebCrawler/1.0; +https://velen.io)"
34.77.216.15 - - [10/Jan/2025:03:40:04 -0600] "GET /transparencia-proactiva-o-focalizada HTTP/1.1" 301 - "-" "Mozilla/5.0 (compatible; VelenPublicWebCrawler/1.0; +https://velen.io)"
34.77.216.15 - - [10/Jan/2025:03:40:07 -0600] "GET /transparencia-proactiva-o-focalizada/ HTTP/1.1" 200 56249 "http://puertodetampico.com.mx/transparencia-proactiva-o-focalizada" "Mozilla/5.0 (compatible; VelenPublicWebCrawler/1.0; +https://velen.io)"
216.244.66.194 - - [10/Jan/2025:03:45:20 -0600] "GET /robots.txt HTTP/1.1" 200 1035 "-" "Mozilla/5.0 (compatible; DotBot/1.2; +https://opensiteexplorer.org/dotbot; help@moz.com)"
216.244.66.194 - - [10/Jan/2025:03:48:18 -0600] "GET /gob5/wp-includes/blocks/comment-content/?C=S;O=A HTTP/1.1" 200 1594 "-" "Mozilla/5.0 (compatible; DotBot/1.2; +https://opensiteexplorer.org/dotbot; help@moz.com)"
40.77.167.76 - - [10/Jan/2025:03:53:26 -0600] "GET /sitemap.txt HTTP/1.1" 404 72878 "-" "Mozilla/5.0 AppleWebKit/537.36 (KHTML, like Gecko; compatible; bingbot/2.0; +http://www.bing.com/bingbot.htm) Chrome/116.0.1938.76 Safari/537.36"
147.78.47.88 - - [10/Jan/2025:04:04:44 -0600] "GET / HTTP/1.1" 200 72878 "-" "Mozilla/5.0 (Windows NT 10.0; WOW64) AppleWebKit/537.36 (KHTML, like Gecko) Chrome/55.0.2883.87 Safari/537.36 OPR/42.0.2393.94"
147.78.47.88 - - [10/Jan/2025:04:04:47 -0600] "GET /informacion-financiera/ HTTP/1.1" 200 139219 "-" "Mozilla/5.0 (Windows NT 10.0; WOW64) AppleWebKit/537.36 (KHTML, like Gecko) Chrome/55.0.2883.87 Safari/537.36 OPR/42.0.2393.94"
