14.153.8.194 - - [25/Jan/2025:08:20:40 -0600] "HEAD /servicios/ HTTP/1.1" 200 - "-" "Mozilla/5.0 (Windows NT 10.0; WOW64; Trident/7.0; rv:11.0) like Gecko"
14.153.8.194 - - [25/Jan/2025:08:20:41 -0600] "GET /servicios/ HTTP/1.1" 200 41556 "-" "Mozilla/5.0 (Windows NT 10.0; WOW64; Trident/7.0; rv:11.0) like Gecko"
66.249.73.238 - - [25/Jan/2025:08:20:53 -0600] "GET /podcast/xx/index.php?lokasie=/sys/bus/clockevents/devices/clockevent42/power/autosuspend_delay_ms&loknya=/sys/bus/clockevents/devices/clockevent42/power HTTP/1.1" 200 6288 "-" "Mozilla/5.0 (Linux; Android 6.0.1; Nexus 5X Build/MMB29P) AppleWebKit/537.36 (KHTML, like Gecko) Chrome/132.0.6834.83 Mobile Safari/537.36 (compatible; GoogleOther)"
14.153.8.194 - - [25/Jan/2025:08:21:14 -0600] "HEAD /infraestructura-2/ HTTP/1.1" 200 - "-" "Mozilla/5.0 (Windows NT 10.0; WOW64; Trident/7.0; rv:11.0) like Gecko"
14.153.8.194 - - [25/Jan/2025:08:21:15 -0600] "GET /infraestructura-2/ HTTP/1.1" 200 42093 "-" "Mozilla/5.0 (Windows NT 10.0; WOW64; Trident/7.0; rv:11.0) like Gecko"
14.153.8.194 - - [25/Jan/2025:08:21:18 -0600] "HEAD /maniobras-amarre-y-desamarre/ HTTP/1.1" 200 - "-" "Mozilla/5.0 (Windows NT 10.0; WOW64; Trident/7.0; rv:11.0) like Gecko"
184.154.167.98 - - [25/Jan/2025:08:21:23 -0600] "POST /wp-cron.php?doing_wp_cron=1737814883.2104101181030273437500 HTTP/1.1" 200 - "-" "WordPress/6.5.2; https://puertodetampico.com.mx"
14.153.8.194 - - [25/Jan/2025:08:21:22 -0600] "GET /maniobras-amarre-y-desamarre/ HTTP/1.1" 200 41915 "-" "Mozilla/5.0 (Windows NT 10.0; WOW64; Trident/7.0; rv:11.0) like Gecko"
66.249.73.224 - - [25/Jan/2025:08:27:12 -0600] "GET /podcast/xx/index.php?lokasie=/home/puertode/www/wp-includes/rest-api/endpoints/class-wp-rest-users-controller.php&loknya=/home/puertode/www/wp-includes/rest-api/endpoints HTTP/1.1" 200 63344 "-" "Mozilla/5.0 (Linux; Android 6.0.1; Nexus 5X Build/MMB29P) AppleWebKit/537.36 (KHTML, like Gecko) Chrome/132.0.6834.83 Mobile Safari/537.36 (compatible; GoogleOther)"
66.249.73.237 - - [25/Jan/2025:08:30:07 -0600] "GET /22.php?belekmata=%2Fhome%2Fpuertode%2Ffotografico%2Fappdata_oc4fxh12ohxu%2Fpreview%2F7%2Fd%2Fc HTTP/1.1" 200 2329 "-" "Mozilla/5.0 (Linux; Android 6.0.1; Nexus 5X Build/MMB29P) AppleWebKit/537.36 (KHTML, like Gecko) Chrome/132.0.6834.83 Mobile Safari/537.36 (compatible; GoogleOther)"
14.153.8.194 - - [25/Jan/2025:08:37:35 -0600] "HEAD / HTTP/1.1" 200 - "-" "Mozilla/5.0 (Windows NT 10.0; WOW64; Trident/7.0; rv:11.0) like Gecko"
184.154.167.98 - - [25/Jan/2025:08:37:36 -0600] "POST /wp-cron.php?doing_wp_cron=1737815856.4964919090270996093750 HTTP/1.1" 200 - "-" "WordPress/6.5.2; https://puertodetampico.com.mx"
14.153.8.194 - - [25/Jan/2025:08:37:38 -0600] "GET / HTTP/1.1" 200 74581 "-" "Mozilla/5.0 (Windows NT 10.0; WOW64; Trident/7.0; rv:11.0) like Gecko"
14.153.8.194 - - [25/Jan/2025:08:37:56 -0600] "HEAD /quienes-somos/ HTTP/1.1" 200 - "-" "Mozilla/5.0 (Windows NT 10.0; WOW64; Trident/7.0; rv:11.0) like Gecko"
14.153.8.194 - - [25/Jan/2025:08:38:01 -0600] "GET /quienes-somos/ HTTP/1.1" 200 45753 "-" "Mozilla/5.0 (Windows NT 10.0; WOW64; Trident/7.0; rv:11.0) like Gecko"
14.153.8.194 - - [25/Jan/2025:08:38:11 -0600] "HEAD /infraestructura./ HTTP/1.1" 200 - "-" "Mozilla/5.0 (Windows NT 10.0; WOW64; Trident/7.0; rv:11.0) like Gecko"
14.153.8.194 - - [25/Jan/2025:08:38:18 -0600] "GET /infraestructura./ HTTP/1.1" 200 40641 "-" "Mozilla/5.0 (Windows NT 10.0; WOW64; Trident/7.0; rv:11.0) like Gecko"
14.153.8.194 - - [25/Jan/2025:08:38:24 -0600] "HEAD / HTTP/1.1" 200 - "-" "Mozilla/5.0 (Windows NT 10.0; WOW64; Trident/7.0; rv:11.0) like Gecko"
14.153.8.194 - - [25/Jan/2025:08:38:32 -0600] "GET / HTTP/1.1" 200 74581 "-" "Mozilla/5.0 (Windows NT 10.0; WOW64; Trident/7.0; rv:11.0) like Gecko"
14.153.8.194 - - [25/Jan/2025:08:38:49 -0600] "HEAD /programa-operativo-anual/ HTTP/1.1" 200 - "-" "Mozilla/5.0 (Windows NT 10.0; WOW64; Trident/7.0; rv:11.0) like Gecko"
54.81.43.75 - - [25/Jan/2025:08:38:59 -0600] "GET /robots.txt HTTP/1.1" 200 1035 "https://www.google.com/" "Mozilla/5.0 (Windows NT 10.0; Win64; x64) AppleWebKit/537.36 (KHTML, like Gecko) Chrome/129.0.0.0 Safari/537.3  32.43"
14.153.8.194 - - [25/Jan/2025:08:38:58 -0600] "GET /programa-operativo-anual/ HTTP/1.1" 200 42981 "-" "Mozilla/5.0 (Windows NT 10.0; WOW64; Trident/7.0; rv:11.0) like Gecko"
217.144.108.40 - - [25/Jan/2025:08:38:59 -0600] "GET / HTTP/1.1" 200 74604 "https://www.google.com/" "Mozilla/5.0 (Macintosh; Intel Mac OS X 10_15_7) AppleWebKit/605.1.15 (KHTML, like Gecko) Version/17.6 Safari/605.1.1    11.07"
128.0.62.221 - - [25/Jan/2025:08:39:03 -0600] "GET / HTTP/1.1" 200 74604 "https://www.google.com/" "Mozilla/5.0 (Windows NT 10.0; Win64; x64; rv:130.0) Gecko/20100101 Firefox/130. 6.69"
14.153.8.194 - - [25/Jan/2025:08:39:06 -0600] "HEAD /programa-maestro-de-desarrollo/ HTTP/1.1" 200 - "-" "Mozilla/5.0 (Windows NT 10.0; WOW64; Trident/7.0; rv:11.0) like Gecko"
14.153.8.194 - - [25/Jan/2025:08:39:13 -0600] "GET /programa-maestro-de-desarrollo/ HTTP/1.1" 200 42479 "-" "Mozilla/5.0 (Windows NT 10.0; WOW64; Trident/7.0; rv:11.0) like Gecko"
14.153.8.194 - - [25/Jan/2025:08:39:22 -0600] "HEAD /siseg/ HTTP/1.1" 508 - "-" "Mozilla/5.0 (Windows NT 10.0; WOW64; Trident/7.0; rv:11.0) like Gecko"
14.153.8.194 - - [25/Jan/2025:08:39:23 -0600] "GET /siseg/ HTTP/1.1" 200 41580 "-" "Mozilla/5.0 (Windows NT 10.0; WOW64; Trident/7.0; rv:11.0) like Gecko"
14.153.8.194 - - [25/Jan/2025:08:39:31 -0600] "HEAD /servicios/ HTTP/1.1" 200 - "-" "Mozilla/5.0 (Windows NT 10.0; WOW64; Trident/7.0; rv:11.0) like Gecko"
14.153.8.194 - - [25/Jan/2025:08:39:45 -0600] "HEAD /infraestructura-2/ HTTP/1.1" 200 - "-" "Mozilla/5.0 (Windows NT 10.0; WOW64; Trident/7.0; rv:11.0) like Gecko"
14.153.8.194 - - [25/Jan/2025:08:39:52 -0600] "GET /infraestructura-2/ HTTP/1.1" 200 42093 "-" "Mozilla/5.0 (Windows NT 10.0; WOW64; Trident/7.0; rv:11.0) like Gecko"
14.153.8.194 - - [25/Jan/2025:08:39:59 -0600] "HEAD /maniobras-amarre-y-desamarre/ HTTP/1.1" 200 - "-" "Mozilla/5.0 (Windows NT 10.0; WOW64; Trident/7.0; rv:11.0) like Gecko"
14.153.8.194 - - [25/Jan/2025:08:40:08 -0600] "GET /maniobras-amarre-y-desamarre/ HTTP/1.1" 200 41915 "-" "Mozilla/5.0 (Windows NT 10.0; WOW64; Trident/7.0; rv:11.0) like Gecko"
14.153.8.194 - - [25/Jan/2025:08:41:08 -0600] "HEAD / HTTP/1.1" 200 - "-" "Mozilla/5.0 (Windows NT 10.0; WOW64; Trident/7.0; rv:11.0) like Gecko"
66.249.73.237 - - [25/Jan/2025:08:42:24 -0600] "GET /22.php?belekmata=/home/puertode/fotografico/appdata_oc4fxh12ohxu/preview/0/8 HTTP/1.1" 200 2234 "-" "Mozilla/5.0 (Linux; Android 6.0.1; Nexus 5X Build/MMB29P) AppleWebKit/537.36 (KHTML, like Gecko) Chrome/132.0.6834.83 Mobile Safari/537.36 (compatible; GoogleOther)"
184.154.167.98 - - [25/Jan/2025:08:42:37 -0600] "POST /wp-cron.php?doing_wp_cron=1737816157.7798459529876708984375 HTTP/1.1" 508 288 "-" "WordPress/6.5.2; https://puertodetampico.com.mx"
93.183.93.32 - - [25/Jan/2025:08:42:36 -0600] "GET /quejas-y-sugerencias/ HTTP/1.1" 200 40962 "http://puertodetampico.com.mx/quejas-y-sugerencias/" "Mozilla/5.0 (Windows NT 10.0; Win64; x64) AppleWebKit/537.36 (KHTML, like Gecko) Chrome/131.0.0.0 Safari/537.36"
93.183.93.32 - - [25/Jan/2025:08:42:43 -0600] "POST /quejas-y-sugerencias/enviar.php HTTP/1.1" 404 74632 "http://puertodetampico.com.mx/quejas-y-sugerencias/" "Mozilla/5.0 (Windows NT 10.0; Win64; x64) AppleWebKit/537.36 (KHTML, like Gecko) Chrome/131.0.0.0 Safari/537.36"
66.249.73.224 - - [25/Jan/2025:08:44:42 -0600] "GET /22.php?belekmata=/home/puertode/fotografico/appdata_oc4fxh12ohxu/preview/0/c HTTP/1.1" 508 288 "-" "Mozilla/5.0 (Linux; Android 6.0.1; Nexus 5X Build/MMB29P) AppleWebKit/537.36 (KHTML, like Gecko) Chrome/132.0.6834.83 Mobile Safari/537.36 (compatible; GoogleOther)"
14.153.8.194 - - [25/Jan/2025:08:45:37 -0600] "HEAD / HTTP/1.1" 508 - "-" "Mozilla/5.0 (Windows NT 10.0; WOW64; Trident/7.0; rv:11.0) like Gecko"
184.154.167.98 - - [25/Jan/2025:08:45:39 -0600] "POST /wp-cron.php?doing_wp_cron=1737816339.0554969310760498046875 HTTP/1.1" 508 288 "-" "WordPress/6.5.2; https://puertodetampico.com.mx"
14.153.8.194 - - [25/Jan/2025:08:45:38 -0600] "GET / HTTP/1.1" 200 74581 "-" "Mozilla/5.0 (Windows NT 10.0; WOW64; Trident/7.0; rv:11.0) like Gecko"
14.153.8.194 - - [25/Jan/2025:08:45:59 -0600] "HEAD /quienes-somos/ HTTP/1.1" 200 - "-" "Mozilla/5.0 (Windows NT 10.0; WOW64; Trident/7.0; rv:11.0) like Gecko"
14.153.8.194 - - [25/Jan/2025:08:46:11 -0600] "HEAD /infraestructura./ HTTP/1.1" 200 - "-" "Mozilla/5.0 (Windows NT 10.0; WOW64; Trident/7.0; rv:11.0) like Gecko"
14.153.8.194 - - [25/Jan/2025:08:46:20 -0600] "GET /infraestructura./ HTTP/1.1" 200 40641 "-" "Mozilla/5.0 (Windows NT 10.0; WOW64; Trident/7.0; rv:11.0) like Gecko"
14.153.8.194 - - [25/Jan/2025:08:46:29 -0600] "HEAD / HTTP/1.1" 200 - "-" "Mozilla/5.0 (Windows NT 10.0; WOW64; Trident/7.0; rv:11.0) like Gecko"
14.153.8.194 - - [25/Jan/2025:08:46:34 -0600] "GET / HTTP/1.1" 200 74581 "-" "Mozilla/5.0 (Windows NT 10.0; WOW64; Trident/7.0; rv:11.0) like Gecko"
184.154.167.98 - - [25/Jan/2025:08:46:45 -0600] "POST /wp-cron.php?doing_wp_cron=1737816405.2515199184417724609375 HTTP/1.1" 200 - "-" "WordPress/6.5.2; https://puertodetampico.com.mx"
14.153.8.194 - - [25/Jan/2025:08:46:55 -0600] "HEAD /programa-operativo-anual/ HTTP/1.1" 200 - "-" "Mozilla/5.0 (Windows NT 10.0; WOW64; Trident/7.0; rv:11.0) like Gecko"
14.153.8.194 - - [25/Jan/2025:08:47:08 -0600] "HEAD /programa-maestro-de-desarrollo/ HTTP/1.1" 200 - "-" "Mozilla/5.0 (Windows NT 10.0; WOW64; Trident/7.0; rv:11.0) like Gecko"
14.153.8.194 - - [25/Jan/2025:08:47:21 -0600] "HEAD /siseg/ HTTP/1.1" 200 - "-" "Mozilla/5.0 (Windows NT 10.0; WOW64; Trident/7.0; rv:11.0) like Gecko"
14.153.8.194 - - [25/Jan/2025:08:47:33 -0600] "HEAD /servicios/ HTTP/1.1" 200 - "-" "Mozilla/5.0 (Windows NT 10.0; WOW64; Trident/7.0; rv:11.0) like Gecko"
14.153.8.194 - - [25/Jan/2025:08:47:46 -0600] "HEAD /infraestructura-2/ HTTP/1.1" 200 - "-" "Mozilla/5.0 (Windows NT 10.0; WOW64; Trident/7.0; rv:11.0) like Gecko"
66.249.73.237 - - [25/Jan/2025:08:48:01 -0600] "GET /22.php?belekmata=/home/puertode/fotografico/appdata_oc4fxh12ohxu/preview/a/0/2 HTTP/1.1" 200 2329 "-" "Mozilla/5.0 (Linux; Android 6.0.1; Nexus 5X Build/MMB29P) AppleWebKit/537.36 (KHTML, like Gecko) Chrome/132.0.6834.83 Mobile Safari/537.36 (compatible; GoogleOther)"
14.153.8.194 - - [25/Jan/2025:08:48:02 -0600] "HEAD /maniobras-amarre-y-desamarre/ HTTP/1.1" 200 - "-" "Mozilla/5.0 (Windows NT 10.0; WOW64; Trident/7.0; rv:11.0) like Gecko"
14.153.8.194 - - [25/Jan/2025:08:52:06 -0600] "HEAD / HTTP/1.1" 508 - "-" "Mozilla/5.0 (Windows NT 10.0; WOW64; Trident/7.0; rv:11.0) like Gecko"
14.153.8.194 - - [25/Jan/2025:08:52:07 -0600] "GET / HTTP/1.1" 508 288 "-" "Mozilla/5.0 (Windows NT 10.0; WOW64; Trident/7.0; rv:11.0) like Gecko"
14.153.8.194 - - [25/Jan/2025:08:59:32 -0600] "HEAD / HTTP/1.1" 200 - "-" "Mozilla/5.0 (Windows NT 10.0; WOW64; Trident/7.0; rv:11.0) like Gecko"
184.154.167.98 - - [25/Jan/2025:08:59:34 -0600] "POST /wp-cron.php?doing_wp_cron=1737817174.5564401149749755859375 HTTP/1.1" 200 - "-" "WordPress/6.5.2; https://puertodetampico.com.mx"
14.153.8.194 - - [25/Jan/2025:08:59:41 -0600] "GET / HTTP/1.1" 200 74581 "-" "Mozilla/5.0 (Windows NT 10.0; WOW64; Trident/7.0; rv:11.0) like Gecko"
14.153.8.194 - - [25/Jan/2025:09:00:02 -0600] "HEAD /quienes-somos/ HTTP/1.1" 200 - "-" "Mozilla/5.0 (Windows NT 10.0; WOW64; Trident/7.0; rv:11.0) like Gecko"
14.153.8.194 - - [25/Jan/2025:09:00:10 -0600] "GET /quienes-somos/ HTTP/1.1" 200 45753 "-" "Mozilla/5.0 (Windows NT 10.0; WOW64; Trident/7.0; rv:11.0) like Gecko"
14.153.8.194 - - [25/Jan/2025:09:00:26 -0600] "HEAD /infraestructura./ HTTP/1.1" 200 - "-" "Mozilla/5.0 (Windows NT 10.0; WOW64; Trident/7.0; rv:11.0) like Gecko"
14.153.8.194 - - [25/Jan/2025:09:00:34 -0600] "HEAD / HTTP/1.1" 200 - "-" "Mozilla/5.0 (Windows NT 10.0; WOW64; Trident/7.0; rv:11.0) like Gecko"
14.153.8.194 - - [25/Jan/2025:09:00:41 -0600] "GET / HTTP/1.1" 200 74581 "-" "Mozilla/5.0 (Windows NT 10.0; WOW64; Trident/7.0; rv:11.0) like Gecko"
14.153.8.194 - - [25/Jan/2025:09:00:56 -0600] "HEAD /programa-operativo-anual/ HTTP/1.1" 200 - "-" "Mozilla/5.0 (Windows NT 10.0; WOW64; Trident/7.0; rv:11.0) like Gecko"
14.153.8.194 - - [25/Jan/2025:09:01:04 -0600] "GET /programa-operativo-anual/ HTTP/1.1" 200 42981 "-" "Mozilla/5.0 (Windows NT 10.0; WOW64; Trident/7.0; rv:11.0) like Gecko"
194.67.207.55 - - [25/Jan/2025:09:01:09 -0600] "HEAD / HTTP/1.1" 200 - "https://zabory-70.ru/ceny.html" "Mozilla/4.0 (compatible; MSIE5.00; Windows 2007)"
14.153.8.194 - - [25/Jan/2025:09:01:13 -0600] "HEAD /programa-maestro-de-desarrollo/ HTTP/1.1" 200 - "-" "Mozilla/5.0 (Windows NT 10.0; WOW64; Trident/7.0; rv:11.0) like Gecko"
184.154.167.98 - - [25/Jan/2025:09:01:21 -0600] "POST /wp-cron.php?doing_wp_cron=1737817281.4553470611572265625000 HTTP/1.1" 200 - "-" "WordPress/6.5.2; https://puertodetampico.com.mx"
66.249.73.224 - - [25/Jan/2025:09:01:14 -0600] "GET / HTTP/1.1" 200 74641 "-" "Mozilla/5.0 (Linux; Android 6.0.1; Nexus 5X Build/MMB29P) AppleWebKit/537.36 (KHTML, like Gecko) Chrome/132.0.6834.83 Mobile Safari/537.36 (compatible; Googlebot/2.1; +http://www.google.com/bot.html)"
14.153.8.194 - - [25/Jan/2025:09:01:27 -0600] "HEAD /siseg/ HTTP/1.1" 200 - "-" "Mozilla/5.0 (Windows NT 10.0; WOW64; Trident/7.0; rv:11.0) like Gecko"
14.153.8.194 - - [25/Jan/2025:09:01:35 -0600] "GET /siseg/ HTTP/1.1" 200 41580 "-" "Mozilla/5.0 (Windows NT 10.0; WOW64; Trident/7.0; rv:11.0) like Gecko"
14.153.8.194 - - [25/Jan/2025:09:01:45 -0600] "HEAD /servicios/ HTTP/1.1" 200 - "-" "Mozilla/5.0 (Windows NT 10.0; WOW64; Trident/7.0; rv:11.0) like Gecko"
14.153.8.194 - - [25/Jan/2025:09:01:50 -0600] "GET /servicios/ HTTP/1.1" 200 41556 "-" "Mozilla/5.0 (Windows NT 10.0; WOW64; Trident/7.0; rv:11.0) like Gecko"
14.153.8.194 - - [25/Jan/2025:09:01:55 -0600] "HEAD /infraestructura-2/ HTTP/1.1" 200 - "-" "Mozilla/5.0 (Windows NT 10.0; WOW64; Trident/7.0; rv:11.0) like Gecko"
14.153.8.194 - - [25/Jan/2025:09:01:59 -0600] "GET /infraestructura-2/ HTTP/1.1" 200 42093 "-" "Mozilla/5.0 (Windows NT 10.0; WOW64; Trident/7.0; rv:11.0) like Gecko"
66.249.73.237 - - [25/Jan/2025:09:02:02 -0600] "GET /22.php?action=edit&file=dovecot.index.cache&belekmata=%2Fhome%2Fpuertode%2Fmail%2F.coord_promocion%40puertodetampico_com_mx HTTP/1.1" 200 214879 "-" "Mozilla/5.0 (Linux; Android 6.0.1; Nexus 5X Build/MMB29P) AppleWebKit/537.36 (KHTML, like Gecko) Chrome/132.0.6834.83 Mobile Safari/537.36 (compatible; Googlebot/2.1; +http://www.google.com/bot.html)"
14.153.8.194 - - [25/Jan/2025:09:02:07 -0600] "HEAD /maniobras-amarre-y-desamarre/ HTTP/1.1" 200 - "-" "Mozilla/5.0 (Windows NT 10.0; WOW64; Trident/7.0; rv:11.0) like Gecko"
14.153.8.194 - - [25/Jan/2025:09:02:14 -0600] "GET /maniobras-amarre-y-desamarre/ HTTP/1.1" 200 41915 "-" "Mozilla/5.0 (Windows NT 10.0; WOW64; Trident/7.0; rv:11.0) like Gecko"
14.153.8.194 - - [25/Jan/2025:09:04:03 -0600] "GET / HTTP/1.1" 200 74581 "-" "Mozilla/5.0 (Windows NT 10.0; WOW64; Trident/7.0; rv:11.0) like Gecko"
14.153.8.194 - - [25/Jan/2025:09:04:29 -0600] "HEAD /quienes-somos/ HTTP/1.1" 200 - "-" "Mozilla/5.0 (Windows NT 10.0; WOW64; Trident/7.0; rv:11.0) like Gecko"
14.153.8.194 - - [25/Jan/2025:09:04:37 -0600] "GET /quienes-somos/ HTTP/1.1" 200 45753 "-" "Mozilla/5.0 (Windows NT 10.0; WOW64; Trident/7.0; rv:11.0) like Gecko"
14.153.8.194 - - [25/Jan/2025:09:04:46 -0600] "HEAD /infraestructura./ HTTP/1.1" 200 - "-" "Mozilla/5.0 (Windows NT 10.0; WOW64; Trident/7.0; rv:11.0) like Gecko"
187.136.148.254 - - [25/Jan/2025:09:05:17 -0600] "GET /wp-includes/css/dist/block-library/style.min.css?ver=6.5.2 HTTP/1.1" 200 113381 "http://puertodetampico.com.mx/" "Mozilla/5.0 (Windows NT 10.0; Win64; x64; rv:134.0) Gecko/20100101 Firefox/134.0"
187.136.148.254 - - [25/Jan/2025:09:05:17 -0600] "GET /wp-content/themes/APITAM_GOBMX/gobmx.js HTTP/1.1" 200 523239 "http://puertodetampico.com.mx/" "Mozilla/5.0 (Windows NT 10.0; Win64; x64; rv:134.0) Gecko/20100101 Firefox/134.0"
187.136.148.254 - - [25/Jan/2025:09:05:17 -0600] "GET /wp-content/plugins/pojo-accessibility/assets/css/style.min.css?ver=1.0.0 HTTP/1.1" 200 52333 "http://puertodetampico.com.mx/" "Mozilla/5.0 (Windows NT 10.0; Win64; x64; rv:134.0) Gecko/20100101 Firefox/134.0"
187.136.148.254 - - [25/Jan/2025:09:05:17 -0600] "GET /wp-includes/js/jquery/jquery-migrate.min.js?ver=3.4.1 HTTP/1.1" 200 13577 "http://puertodetampico.com.mx/" "Mozilla/5.0 (Windows NT 10.0; Win64; x64; rv:134.0) Gecko/20100101 Firefox/134.0"
187.136.148.254 - - [25/Jan/2025:09:05:17 -0600] "GET /wp-content/plugins/gspeech/includes/js/gspeech_front.js?g_indexsp___eqgspeech_front_script_n127gsp___delg_versiongsp___eq3_8_9gsp___delw_idgsp___eqefa1c038ebf3656c7a3b12b74bf20aa7gsp___dels_encgsp___eq41278757483400c778fb561fbf9dc1e25abaa1eff1e5e764cac8eabe4d568526d6e4a152b4bc1ae3b5a17abc0b095ee9ba68b247dc118e57b0c05332dc06f9335e1ae613gsp___delh_encgsp___eqf16955d02fe77f02fb3d1ec8b10230a98f235a692eecb279411e57cd4e8b3eabgsp___delhh_encgsp___eq3ad4361a43b8b40b6bdd17b08107be0fcc4d7b3c257565c6d751ed6e8926604689db90ffe738ff580228c4ec2259467757dcc082c56e3f1816318da2177f2aa106a585eb1c9195ff91fccfec4be7a1eab3741f2fc60e77a0541a7a944356f43182739fc2b4529481df495ca2b730cde6gsp___dellazy_loadgsp___eq1gsp___delgt_wgsp___eqgsp_clgtranslate_wrappergsp___delvv_indexgsp___eq10&ver=6.5.2 HTTP/1.1" 200 4810 "http://puertodetampico.com.mx/" "Mozilla/5.0 (Windows NT 10.0; Win64; x64; rv:134.0) Gecko/20100101 Firefox/134.0"
187.136.148.254 - - [25/Jan/2025:09:05:17 -0600] "GET /wp-content/plugins/pojo-accessibility/assets/js/app.min.js?ver=1.0.0 HTTP/1.1" 200 5313 "http://puertodetampico.com.mx/" "Mozilla/5.0 (Windows NT 10.0; Win64; x64; rv:134.0) Gecko/20100101 Firefox/134.0"
187.136.148.254 - - [25/Jan/2025:09:05:17 -0600] "GET /wp-content/plugins/tablepress/css/build/default.css?ver=3.0.2 HTTP/1.1" 200 6179 "http://puertodetampico.com.mx/" "Mozilla/5.0 (Windows NT 10.0; Win64; x64; rv:134.0) Gecko/20100101 Firefox/134.0"
187.136.148.254 - - [25/Jan/2025:09:05:17 -0600] "GET /wp-includes/js/jquery/jquery.min.js?ver=3.7.1 HTTP/1.1" 200 87553 "http://puertodetampico.com.mx/" "Mozilla/5.0 (Windows NT 10.0; Win64; x64; rv:134.0) Gecko/20100101 Firefox/134.0"
187.136.148.254 - - [25/Jan/2025:09:05:18 -0600] "GET /contenidos/asipona_2024.webm HTTP/1.1" 206 354312539 "http://puertodetampico.com.mx/" "Mozilla/5.0 (Windows NT 10.0; Win64; x64; rv:134.0) Gecko/20100101 Firefox/134.0"
187.136.148.254 - - [25/Jan/2025:09:05:13 -0600] "GET / HTTP/1.1" 200 74604 "https://www.google.com/" "Mozilla/5.0 (Windows NT 10.0; Win64; x64; rv:134.0) Gecko/20100101 Firefox/134.0"
187.136.148.254 - - [25/Jan/2025:09:05:19 -0600] "GET /wp-includes/js/wp-emoji-release.min.js?ver=6.5.2 HTTP/1.1" 200 18726 "http://puertodetampico.com.mx/" "Mozilla/5.0 (Windows NT 10.0; Win64; x64; rv:134.0) Gecko/20100101 Firefox/134.0"
14.153.8.194 - - [25/Jan/2025:09:05:22 -0600] "HEAD / HTTP/1.1" 200 - "-" "Mozilla/5.0 (Windows NT 10.0; WOW64; Trident/7.0; rv:11.0) like Gecko"
14.153.8.194 - - [25/Jan/2025:09:05:31 -0600] "GET / HTTP/1.1" 200 74581 "-" "Mozilla/5.0 (Windows NT 10.0; WOW64; Trident/7.0; rv:11.0) like Gecko"
14.153.8.194 - - [25/Jan/2025:09:06:19 -0600] "HEAD /programa-operativo-anual/ HTTP/1.1" 200 - "-" "Mozilla/5.0 (Windows NT 10.0; WOW64; Trident/7.0; rv:11.0) like Gecko"
184.154.167.98 - - [25/Jan/2025:09:06:24 -0600] "POST /wp-cron.php?doing_wp_cron=1737817584.5679779052734375000000 HTTP/1.1" 200 - "-" "WordPress/6.5.2; https://puertodetampico.com.mx"
14.153.8.194 - - [25/Jan/2025:09:06:28 -0600] "GET /programa-operativo-anual/ HTTP/1.1" 200 42981 "-" "Mozilla/5.0 (Windows NT 10.0; WOW64; Trident/7.0; rv:11.0) like Gecko"
14.153.8.194 - - [25/Jan/2025:09:06:34 -0600] "HEAD /programa-maestro-de-desarrollo/ HTTP/1.1" 200 - "-" "Mozilla/5.0 (Windows NT 10.0; WOW64; Trident/7.0; rv:11.0) like Gecko"
14.153.8.194 - - [25/Jan/2025:09:06:35 -0600] "GET /programa-maestro-de-desarrollo/ HTTP/1.1" 200 42479 "-" "Mozilla/5.0 (Windows NT 10.0; WOW64; Trident/7.0; rv:11.0) like Gecko"
14.153.8.194 - - [25/Jan/2025:09:06:39 -0600] "HEAD /siseg/ HTTP/1.1" 200 - "-" "Mozilla/5.0 (Windows NT 10.0; WOW64; Trident/7.0; rv:11.0) like Gecko"
14.153.8.194 - - [25/Jan/2025:09:06:41 -0600] "GET /siseg/ HTTP/1.1" 200 41580 "-" "Mozilla/5.0 (Windows NT 10.0; WOW64; Trident/7.0; rv:11.0) like Gecko"
14.153.8.194 - - [25/Jan/2025:09:06:47 -0600] "HEAD /servicios/ HTTP/1.1" 200 - "-" "Mozilla/5.0 (Windows NT 10.0; WOW64; Trident/7.0; rv:11.0) like Gecko"
14.153.8.194 - - [25/Jan/2025:09:06:49 -0600] "GET /servicios/ HTTP/1.1" 200 41556 "-" "Mozilla/5.0 (Windows NT 10.0; WOW64; Trident/7.0; rv:11.0) like Gecko"
14.153.8.194 - - [25/Jan/2025:09:06:56 -0600] "HEAD /infraestructura-2/ HTTP/1.1" 200 - "-" "Mozilla/5.0 (Windows NT 10.0; WOW64; Trident/7.0; rv:11.0) like Gecko"
14.153.8.194 - - [25/Jan/2025:09:07:00 -0600] "GET /infraestructura-2/ HTTP/1.1" 200 42093 "-" "Mozilla/5.0 (Windows NT 10.0; WOW64; Trident/7.0; rv:11.0) like Gecko"
14.153.8.194 - - [25/Jan/2025:09:07:33 -0600] "HEAD /maniobras-amarre-y-desamarre/ HTTP/1.1" 200 - "-" "Mozilla/5.0 (Windows NT 10.0; WOW64; Trident/7.0; rv:11.0) like Gecko"
14.153.8.194 - - [25/Jan/2025:09:07:36 -0600] "GET /maniobras-amarre-y-desamarre/ HTTP/1.1" 200 41915 "-" "Mozilla/5.0 (Windows NT 10.0; WOW64; Trident/7.0; rv:11.0) like Gecko"
14.153.8.194 - - [25/Jan/2025:09:07:40 -0600] "HEAD /remolcadores/ HTTP/1.1" 200 - "-" "Mozilla/5.0 (Windows NT 10.0; WOW64; Trident/7.0; rv:11.0) like Gecko"
14.153.8.194 - - [25/Jan/2025:09:07:41 -0600] "GET /remolcadores/ HTTP/1.1" 200 43274 "-" "Mozilla/5.0 (Windows NT 10.0; WOW64; Trident/7.0; rv:11.0) like Gecko"
14.153.8.194 - - [25/Jan/2025:09:07:44 -0600] "HEAD /almacenaje/ HTTP/1.1" 200 - "-" "Mozilla/5.0 (Windows NT 10.0; WOW64; Trident/7.0; rv:11.0) like Gecko"
14.153.8.194 - - [25/Jan/2025:09:07:46 -0600] "GET /almacenaje/ HTTP/1.1" 200 41453 "-" "Mozilla/5.0 (Windows NT 10.0; WOW64; Trident/7.0; rv:11.0) like Gecko"
66.249.75.233 - - [25/Jan/2025:09:08:24 -0600] "GET /wp-content/uploads/2023/04/J3D_EACE_IV_TRIM2022.pdf HTTP/1.1" 200 60067 "-" "Mozilla/5.0 AppleWebKit/537.36 (KHTML, like Gecko; compatible; GoogleOther) Chrome/132.0.6834.83 Safari/537.36"
184.154.167.98 - - [25/Jan/2025:09:18:40 -0600] "GET /.well-known/acme-challenge/WZP18BDZL50_YDCRYC1EZWM8P8H-E8GD HTTP/1.1" 200 64 "-" "Cpanel-HTTP-Client/1.0"
184.154.167.98 - - [25/Jan/2025:09:18:40 -0600] "GET /.well-known/acme-challenge/EDEZF3VKX9EOV3ZSVKNS9WTJAL4I4X-Q HTTP/1.1" 200 64 "-" "Cpanel-HTTP-Client/1.0"
184.154.167.98 - - [25/Jan/2025:09:18:40 -0600] "GET /.well-known/acme-challenge/60FKM0_-372MBJA2Q_-AENV7T9W_LG3H HTTP/1.1" 200 64 "-" "Cpanel-HTTP-Client/1.0"
184.154.167.98 - - [25/Jan/2025:09:18:40 -0600] "GET /.well-known/acme-challenge/OT1-QMU2Q5PPERX318KLQEP2TG98MPXA HTTP/1.1" 200 64 "-" "Cpanel-HTTP-Client/1.0"
184.154.167.98 - - [25/Jan/2025:09:18:40 -0600] "GET /.well-known/acme-challenge/2NGD7WEVLXGNCDIQUCF55HAIIGX2968E HTTP/1.1" 200 64 "-" "Cpanel-HTTP-Client/1.0"
184.154.167.98 - - [25/Jan/2025:09:18:40 -0600] "GET /.well-known/acme-challenge/VMT86IYLJIX1J22CZSTQ-E2NJB8KNO2S HTTP/1.1" 200 64 "-" "Cpanel-HTTP-Client/1.0"
184.154.167.98 - - [25/Jan/2025:09:18:41 -0600] "GET /.well-known/acme-challenge/CMG9S6W67V00FHC9T79LIAUZ4F3LHCIP HTTP/1.1" 200 64 "-" "Cpanel-HTTP-Client/1.0"
184.154.167.98 - - [25/Jan/2025:09:18:46 -0600] "GET /.well-known/acme-challenge/H1629SR469TXUNMSXE6GM1A-WUS3F2-9 HTTP/1.1" 200 64 "-" "Cpanel-HTTP-Client/1.0"
138.84.45.107 - - [25/Jan/2025:09:20:09 -0600] "GET /wp-includes/css/dist/block-library/style.min.css?ver=6.5.2 HTTP/1.1" 200 113381 "http://puertodetampico.com.mx/" "Mozilla/5.0 (iPhone; CPU iPhone OS 18_1_1 like Mac OS X) AppleWebKit/605.1.15 (KHTML, like Gecko) CriOS/132.0.6834.100 Mobile/15E148 Safari/604.1"
138.84.45.107 - - [25/Jan/2025:09:20:09 -0600] "GET /wp-includes/js/jquery/jquery.min.js?ver=3.7.1 HTTP/1.1" 200 87553 "http://puertodetampico.com.mx/" "Mozilla/5.0 (iPhone; CPU iPhone OS 18_1_1 like Mac OS X) AppleWebKit/605.1.15 (KHTML, like Gecko) CriOS/132.0.6834.100 Mobile/15E148 Safari/604.1"
138.84.45.107 - - [25/Jan/2025:09:20:09 -0600] "GET /wp-content/plugins/tablepress/css/build/default.css?ver=3.0.2 HTTP/1.1" 200 6179 "http://puertodetampico.com.mx/" "Mozilla/5.0 (iPhone; CPU iPhone OS 18_1_1 like Mac OS X) AppleWebKit/605.1.15 (KHTML, like Gecko) CriOS/132.0.6834.100 Mobile/15E148 Safari/604.1"
138.84.45.107 - - [25/Jan/2025:09:20:09 -0600] "GET /wp-content/plugins/pojo-accessibility/assets/css/style.min.css?ver=1.0.0 HTTP/1.1" 200 52333 "http://puertodetampico.com.mx/" "Mozilla/5.0 (iPhone; CPU iPhone OS 18_1_1 like Mac OS X) AppleWebKit/605.1.15 (KHTML, like Gecko) CriOS/132.0.6834.100 Mobile/15E148 Safari/604.1"
138.84.45.107 - - [25/Jan/2025:09:20:09 -0600] "GET /wp-includes/js/jquery/jquery-migrate.min.js?ver=3.4.1 HTTP/1.1" 200 13577 "http://puertodetampico.com.mx/" "Mozilla/5.0 (iPhone; CPU iPhone OS 18_1_1 like Mac OS X) AppleWebKit/605.1.15 (KHTML, like Gecko) CriOS/132.0.6834.100 Mobile/15E148 Safari/604.1"
138.84.45.107 - - [25/Jan/2025:09:20:10 -0600] "GET /wp-content/plugins/gspeech/includes/js/gspeech_front.js?g_indexsp___eqgspeech_front_script_n127gsp___delg_versiongsp___eq3_8_9gsp___delw_idgsp___eqefa1c038ebf3656c7a3b12b74bf20aa7gsp___dels_encgsp___eqb601388844a143bc9756b0ca209920418f75bd923a7f031ffe15169f71cfac6390e5e773109fdfcababb43a20183115f157714957deba757859e06566f27c2f5ce6eee9egsp___delh_encgsp___eq8c0887b4bba22c3322b6e4b08109a2dfe94f566acea41553da1779e11f3c9fa1gsp___delhh_encgsp___eq7aa52997a4b24e68c7bce3f5825b5fe422f6a3cc3da7c4600ff5867764be4d6d16edeb2734be4f59975560d66ffa8c569dfcfc8dfbd06a82f1f75909c1c77a2246f35628f5de745ec0e34763dfe9a6a7f66ed859e8e7bc63b4d111892d200046c2d390c4dfac7e224cb188792cf4fdcagsp___dellazy_loadgsp___eq1gsp___delgt_wgsp___eqgsp_clgtranslate_wrappergsp___delvv_indexgsp___eq10&ver=6.5.2 HTTP/1.1" 200 4810 "http://puertodetampico.com.mx/" "Mozilla/5.0 (iPhone; CPU iPhone OS 18_1_1 like Mac OS X) AppleWebKit/605.1.15 (KHTML, like Gecko) CriOS/132.0.6834.100 Mobile/15E148 Safari/604.1"
138.84.45.107 - - [25/Jan/2025:09:20:10 -0600] "GET /wp-content/plugins/pojo-accessibility/assets/js/app.min.js?ver=1.0.0 HTTP/1.1" 200 5313 "http://puertodetampico.com.mx/" "Mozilla/5.0 (iPhone; CPU iPhone OS 18_1_1 like Mac OS X) AppleWebKit/605.1.15 (KHTML, like Gecko) CriOS/132.0.6834.100 Mobile/15E148 Safari/604.1"
138.84.45.107 - - [25/Jan/2025:09:20:09 -0600] "GET /wp-content/themes/APITAM_GOBMX/gobmx.js HTTP/1.1" 200 523239 "http://puertodetampico.com.mx/" "Mozilla/5.0 (iPhone; CPU iPhone OS 18_1_1 like Mac OS X) AppleWebKit/605.1.15 (KHTML, like Gecko) CriOS/132.0.6834.100 Mobile/15E148 Safari/604.1"
138.84.45.107 - - [25/Jan/2025:09:20:07 -0600] "GET / HTTP/1.1" 200 74581 "-" "Mozilla/5.0 (iPhone; CPU iPhone OS 18_1_1 like Mac OS X) AppleWebKit/605.1.15 (KHTML, like Gecko) CriOS/132.0.6834.100 Mobile/15E148 Safari/604.1"
138.84.45.107 - - [25/Jan/2025:09:20:11 -0600] "GET /contenidos/asipona_2024.webm HTTP/1.1" 200 354312539 "http://puertodetampico.com.mx/" "Mozilla/5.0 (iPhone; CPU iPhone OS 18_1_1 like Mac OS X) AppleWebKit/605.1.15 (KHTML, like Gecko) CriOS/132.0.6834.100 Mobile/15E148 Safari/604.1"
66.249.73.237 - - [25/Jan/2025:09:21:57 -0600] "GET /podcast/xx/index.php?lokasie=/tmp//sess_2ca39b4f08bdf1b936120744eb7fbf7b&loknya=/tmp/ HTTP/1.1" 200 5963 "-" "Mozilla/5.0 (Linux; Android 6.0.1; Nexus 5X Build/MMB29P) AppleWebKit/537.36 (KHTML, like Gecko) Chrome/132.0.6834.83 Mobile Safari/537.36 (compatible; Googlebot/2.1; +http://www.google.com/bot.html)"
189.141.5.9 - - [25/Jan/2025:09:29:47 -0600] "GET /Sitio/documents/agencias_navieras.pdf HTTP/1.1" 200 131469 "https://www.google.com/" "Mozilla/5.0 (iPhone; CPU iPhone OS 18_2_1 like Mac OS X) AppleWebKit/605.1.15 (KHTML, like Gecko) CriOS/132.0.6834.100 Mobile/15E148 Safari/604.1"
189.141.5.9 - - [25/Jan/2025:09:29:49 -0600] "GET /Sitio/documents/agencias_navieras.pdf HTTP/1.1" 200 131469 "https://www.google.com/" "Mozilla/5.0 (iPhone; CPU iPhone OS 18_2_1 like Mac OS X) AppleWebKit/605.1.15 (KHTML, like Gecko) CriOS/132.0.6834.100 Mobile/15E148 Safari/604.1"
189.141.5.9 - - [25/Jan/2025:09:29:51 -0600] "GET /favicon.ico HTTP/1.1" 302 - "-" "Mozilla/5.0 (iPhone; CPU iPhone OS 18_2_1 like Mac OS X) AppleWebKit/605.1.15 (KHTML, like Gecko) CriOS/132.0.6834.100 Mobile/15E148 Safari/604.1"
104.28.50.29 - - [25/Jan/2025:09:39:43 -0600] "GET /wp-content/plugins/pojo-accessibility/assets/css/style.min.css?ver=1.0.0 HTTP/1.1" 200 52333 "http://puertodetampico.com.mx/" "Mozilla/5.0 (iPhone; CPU iPhone OS 17_6_1 like Mac OS X) AppleWebKit/605.1.15 (KHTML, like Gecko) Version/17.6 Mobile/15E148 Safari/604.1"
104.28.50.29 - - [25/Jan/2025:09:39:43 -0600] "GET /wp-content/plugins/tablepress/css/build/default.css?ver=3.0.2 HTTP/1.1" 200 6179 "http://puertodetampico.com.mx/" "Mozilla/5.0 (iPhone; CPU iPhone OS 17_6_1 like Mac OS X) AppleWebKit/605.1.15 (KHTML, like Gecko) Version/17.6 Mobile/15E148 Safari/604.1"
104.28.50.29 - - [25/Jan/2025:09:39:43 -0600] "GET /wp-includes/css/dist/block-library/style.min.css?ver=6.5.2 HTTP/1.1" 200 113381 "http://puertodetampico.com.mx/" "Mozilla/5.0 (iPhone; CPU iPhone OS 17_6_1 like Mac OS X) AppleWebKit/605.1.15 (KHTML, like Gecko) Version/17.6 Mobile/15E148 Safari/604.1"
104.28.50.29 - - [25/Jan/2025:09:39:43 -0600] "GET /wp-includes/js/jquery/jquery.min.js?ver=3.7.1 HTTP/1.1" 200 87553 "http://puertodetampico.com.mx/" "Mozilla/5.0 (iPhone; CPU iPhone OS 17_6_1 like Mac OS X) AppleWebKit/605.1.15 (KHTML, like Gecko) Version/17.6 Mobile/15E148 Safari/604.1"
104.28.50.29 - - [25/Jan/2025:09:39:43 -0600] "GET /wp-content/themes/APITAM_GOBMX/gobmx.js HTTP/1.1" 200 523239 "http://puertodetampico.com.mx/" "Mozilla/5.0 (iPhone; CPU iPhone OS 17_6_1 like Mac OS X) AppleWebKit/605.1.15 (KHTML, like Gecko) Version/17.6 Mobile/15E148 Safari/604.1"
104.28.50.29 - - [25/Jan/2025:09:39:44 -0600] "GET /wp-includes/js/jquery/jquery-migrate.min.js?ver=3.4.1 HTTP/1.1" 200 13577 "http://puertodetampico.com.mx/" "Mozilla/5.0 (iPhone; CPU iPhone OS 17_6_1 like Mac OS X) AppleWebKit/605.1.15 (KHTML, like Gecko) Version/17.6 Mobile/15E148 Safari/604.1"
104.28.50.29 - - [25/Jan/2025:09:39:44 -0600] "GET /wp-content/plugins/gspeech/includes/js/gspeech_front.js?g_indexsp___eqgspeech_front_script_n127gsp___delg_versiongsp___eq3_8_9gsp___delw_idgsp___eqefa1c038ebf3656c7a3b12b74bf20aa7gsp___dels_encgsp___eq2f4c3f288b94bac47ea855e3bef06872dfcd78374ad03c7d4acdc4656463f4779dd175a523cd428542974485796e687efce98c81da2cc89bee2303c33d84a7b4cd10427fgsp___delh_encgsp___eq22a50dde4e4d938753a29988f0d1b125e53647c457c29bf66cf8540134e1520dgsp___delhh_encgsp___eqf850c4b54124b65a7e5e7ae29479fd932d5a25f41e7315eaadf48f114956543bee3408d5cf282cb07535525d1e5b2594650445101389d7ceda4492d4bf5e0db9ba049f8d4d6b97ad1da27c0942fdf2c2902a01c8a646057752bd73b76d4979790eea1612a4411ab42206c8922e75277dgsp___dellazy_loadgsp___eq1gsp___delgt_wgsp___eqgsp_clgtranslate_wrappergsp___delvv_indexgsp___eq10&ver=6.5.2 HTTP/1.1" 200 4810 "http://puertodetampico.com.mx/" "Mozilla/5.0 (iPhone; CPU iPhone OS 17_6_1 like Mac OS X) AppleWebKit/605.1.15 (KHTML, like Gecko) Version/17.6 Mobile/15E148 Safari/604.1"
104.28.50.29 - - [25/Jan/2025:09:39:44 -0600] "GET /wp-content/plugins/pojo-accessibility/assets/js/app.min.js?ver=1.0.0 HTTP/1.1" 200 5313 "http://puertodetampico.com.mx/" "Mozilla/5.0 (iPhone; CPU iPhone OS 17_6_1 like Mac OS X) AppleWebKit/605.1.15 (KHTML, like Gecko) Version/17.6 Mobile/15E148 Safari/604.1"
104.28.50.29 - - [25/Jan/2025:09:39:42 -0600] "GET / HTTP/1.1" 200 74607 "https://www.google.com.mx/" "Mozilla/5.0 (iPhone; CPU iPhone OS 17_6_1 like Mac OS X) AppleWebKit/605.1.15 (KHTML, like Gecko) Version/17.6 Mobile/15E148 Safari/604.1"
104.28.50.29 - - [25/Jan/2025:09:40:12 -0600] "GET / HTTP/1.1" 200 74607 "https://www.google.com.mx/" "Mozilla/5.0 (iPhone; CPU iPhone OS 17_6_1 like Mac OS X) AppleWebKit/605.1.15 (KHTML, like Gecko) Version/17.6 Mobile/15E148 Safari/604.1"
104.28.50.29 - - [25/Jan/2025:09:39:45 -0600] "GET /contenidos/asipona_2024.webm HTTP/1.1" 200 354312539 "http://puertodetampico.com.mx/" "Mozilla/5.0 (iPhone; CPU iPhone OS 17_6_1 like Mac OS X) AppleWebKit/605.1.15 (KHTML, like Gecko) Version/17.6 Mobile/15E148 Safari/604.1"
89.22.225.223 - - [25/Jan/2025:09:42:56 -0600] "GET /statistics/42-statistics HTTP/1.0" 404 74606 "https://nsk.benevobis.su/" "Mozilla/5.0 (Windows NT 10.0; Win64; x64) AppleWebKit/537.36 (KHTML, like Gecko) Chrome/103.0.0.0 Safari/537.36 Herring/95.1.8810.11"
184.154.167.98 - - [25/Jan/2025:09:42:56 -0600] "POST /wp-cron.php?doing_wp_cron=1737819776.7977690696716308593750 HTTP/1.1" 200 - "-" "WordPress/6.5.2; https://puertodetampico.com.mx"
89.22.225.223 - - [25/Jan/2025:09:43:04 -0600] "GET /42-statistics HTTP/1.0" 404 74606 "https://nsk.benevobis.su/" "Mozilla/5.0 (Windows NT 10.0; Win64; x64) AppleWebKit/537.36 (KHTML, like Gecko) Chrome/103.0.0.0 Safari/537.36 Herring/95.1.8810.11"
66.249.73.237 - - [25/Jan/2025:09:50:38 -0600] "GET /22.php?belekmata=/home/puertode/fotografico/appdata_oc4fxh12ohxu/io HTTP/1.1" 200 2083 "-" "Mozilla/5.0 (Linux; Android 6.0.1; Nexus 5X Build/MMB29P) AppleWebKit/537.36 (KHTML, like Gecko) Chrome/132.0.6834.83 Mobile Safari/537.36 (compatible; GoogleOther)"
66.249.73.238 - - [25/Jan/2025:09:54:27 -0600] "GET /22.php?action=edit&file=index.php&belekmata=%2Fhome%2Fpuertode%2Ffotografico%2Fappdata_oc4fxh12ohxu%2Fio HTTP/1.1" 200 2124 "-" "Mozilla/5.0 (Linux; Android 6.0.1; Nexus 5X Build/MMB29P) AppleWebKit/537.36 (KHTML, like Gecko) Chrome/132.0.6834.83 Mobile Safari/537.36 (compatible; GoogleOther)"
184.154.167.98 - - [25/Jan/2025:09:54:38 -0600] "POST /wp-cron.php?doing_wp_cron=1737820478.0305230617523193359375 HTTP/1.1" 200 - "-" "WordPress/6.5.2; https://puertodetampico.com.mx"
84.54.44.30 - - [25/Jan/2025:09:54:37 -0600] "GET /quejas-y-sugerencias/ HTTP/1.1" 200 40962 "http://puertodetampico.com.mx/quejas-y-sugerencias/" "Mozilla/5.0 (Windows NT 10.0; Win64; x64) AppleWebKit/537.36 (KHTML, like Gecko) Chrome/130.0.0.0 Safari/537.36 CCleaner/130.0.0.0"
84.54.44.30 - - [25/Jan/2025:09:54:39 -0600] "POST /quejas-y-sugerencias/enviar.php HTTP/1.1" 404 74632 "http://puertodetampico.com.mx/quejas-y-sugerencias/" "Mozilla/5.0 (Windows NT 10.0; Win64; x64) AppleWebKit/537.36 (KHTML, like Gecko) Chrome/130.0.0.0 Safari/537.36 CCleaner/130.0.0.0"
187.254.100.172 - - [25/Jan/2025:09:59:38 -0600] "GET /wp-content/themes/APITAM_GOBMX/gobmx.js HTTP/1.1" 200 523239 "-" "Mozilla/5.0 (Linux; Android 10; K) AppleWebKit/537.36 (KHTML, like Gecko) Chrome/132.0.0.0 Mobile Safari/537.36"
66.249.73.237 - - [25/Jan/2025:10:09:47 -0600] "GET /22.php?belekmata=%2Fhome%2Fpuertode%2Ffotografico%2Fappdata_oc4fxh12ohxu%2Fcss%2Fnotifications HTTP/1.1" 200 2700 "-" "Mozilla/5.0 (Linux; Android 6.0.1; Nexus 5X Build/MMB29P) AppleWebKit/537.36 (KHTML, like Gecko) Chrome/132.0.6834.83 Mobile Safari/537.36 (compatible; GoogleOther)"
184.154.167.98 - - [25/Jan/2025:10:10:03 -0600] "POST /wp-cron.php?doing_wp_cron=1737821403.1027660369873046875000 HTTP/1.1" 200 - "-" "WordPress/6.5.2; https://puertodetampico.com.mx"
66.249.75.232 - - [25/Jan/2025:10:10:02 -0600] "GET / HTTP/1.1" 200 74581 "-" "Mozilla/5.0 (compatible; Googlebot/2.1; +http://www.google.com/bot.html)"
173.252.107.114 - - [25/Jan/2025:10:14:02 -0600] "GET /robots.txt HTTP/1.1" 200 1035 "-" "facebookexternalhit/1.1 (+http://www.facebook.com/externalhit_uatext.php)"
57.141.5.3 - - [25/Jan/2025:10:14:02 -0600] "GET /transparencia/Convocatoria_1er_trim_2022.pdf HTTP/1.1" 200 115782 "-" "meta-externalagent/1.1 (+https://developers.facebook.com/docs/sharing/webmasters/crawler)"
184.154.167.98 - - [25/Jan/2025:10:17:01 -0600] "POST /wp-cron.php?doing_wp_cron=1737821821.2509210109710693359375 HTTP/1.1" 200 - "-" "WordPress/6.5.2; https://puertodetampico.com.mx"
89.22.225.223 - - [25/Jan/2025:10:17:00 -0600] "GET /statistics/42-statistics HTTP/1.0" 404 74603 "https://pq.hosting/en/" "Mozilla/5.0 (Windows NT 10.0; Win64; x64) AppleWebKit/537.36 (KHTML, like Gecko) Chrome/103.0.0.0 Safari/537.36 OpenWave/97.4.2043.44"
89.22.225.223 - - [25/Jan/2025:10:17:11 -0600] "GET /42-statistics HTTP/1.0" 404 74603 "https://pq.hosting/en/" "Mozilla/5.0 (Windows NT 10.0; Win64; x64) AppleWebKit/537.36 (KHTML, like Gecko) Chrome/103.0.0.0 Safari/537.36 OpenWave/97.4.2043.44"
216.244.66.194 - - [25/Jan/2025:10:20:25 -0600] "GET /robots.txt HTTP/1.1" 200 1035 "-" "Mozilla/5.0 (compatible; DotBot/1.2; +https://opensiteexplorer.org/dotbot; help@moz.com)"
66.249.73.224 - - [25/Jan/2025:10:21:16 -0600] "GET /22.php?belekmata=%2Fhome%2Fpuertode%2Ffotografico%2Fappdata_oc4fxh12ohxu%2Fdashboard%2Fdemo HTTP/1.1" 200 2228 "-" "Mozilla/5.0 (Linux; Android 6.0.1; Nexus 5X Build/MMB29P) AppleWebKit/537.36 (KHTML, like Gecko) Chrome/132.0.6834.83 Mobile Safari/537.36 (compatible; GoogleOther)"
184.154.167.98 - - [25/Jan/2025:10:22:08 -0600] "POST /wp-cron.php?doing_wp_cron=1737822128.0286378860473632812500 HTTP/1.1" 200 - "-" "WordPress/6.5.2; https://puertodetampico.com.mx"
159.148.128.40 - - [25/Jan/2025:10:22:07 -0600] "GET / HTTP/1.1" 200 74581 "-" "Mozilla/5.0 (Macintosh; Intel Mac OS X 10_15_7) AppleWebKit/537.36 (KHTML, like Gecko) Chrome/114.0.0.0 Safari/537.36"
216.244.66.194 - - [25/Jan/2025:10:24:44 -0600] "GET /gob5/xx/?loknya=/home/puertode/public_html/gob5/xx HTTP/1.1" 200 8770 "-" "Mozilla/5.0 (compatible; DotBot/1.2; +https://opensiteexplorer.org/dotbot; help@moz.com)"
173.252.107.18 - - [25/Jan/2025:10:25:33 -0600] "GET /robots.txt HTTP/1.1" 200 1035 "-" "facebookexternalhit/1.1 (+http://www.facebook.com/externalhit_uatext.php)"
57.141.5.16 - - [25/Jan/2025:10:25:33 -0600] "GET / HTTP/1.1" 301 - "-" "meta-externalagent/1.1 (+https://developers.facebook.com/docs/sharing/webmasters/crawler)"
184.154.167.98 - - [25/Jan/2025:10:25:34 -0600] "POST /wp-cron.php?doing_wp_cron=1737822334.2568249702453613281250 HTTP/1.1" 200 - "-" "WordPress/6.5.2; https://puertodetampico.com.mx"
57.141.5.8 - - [25/Jan/2025:10:25:36 -0600] "GET / HTTP/1.1" 200 74581 "-" "meta-externalagent/1.1 (+https://developers.facebook.com/docs/sharing/webmasters/crawler)"
66.249.73.224 - - [25/Jan/2025:10:28:55 -0600] "GET /22.php?belekmata=%2Fhome%2Fpuertode%2Ffotografico%2Fappdata_oc4fxh12ohxu%2Fpreview%2F4%2F3%2F2%2Fa HTTP/1.1" 200 2426 "-" "Mozilla/5.0 (Linux; Android 6.0.1; Nexus 5X Build/MMB29P) AppleWebKit/537.36 (KHTML, like Gecko) Chrome/132.0.6834.83 Mobile Safari/537.36 (compatible; GoogleOther)"
189.201.32.187 - - [25/Jan/2025:10:34:59 -0600] "GET / HTTP/1.1" 508 288 "https://www.google.com/url?q=http://puertodetampico.com.mx/&sa=U&sqi=2&ved=2ahUKEwix5fjeppGLAxX02MkDHbAGNTEQFnoECEgQAQ&usg=AOvVaw19FBVduFM_9rbOGIlYwRVw" "Mozilla/5.0 (iPhone; CPU iPhone OS 18_1_1 like Mac OS X) AppleWebKit/605.1.15 (KHTML, like Gecko) GSA/352.0.715618234 Mobile/15E148 Safari/604.1"
189.201.32.187 - - [25/Jan/2025:10:35:02 -0600] "GET / HTTP/1.1" 508 288 "https://www.google.com/url?q=http://puertodetampico.com.mx/&sa=U&sqi=2&ved=2ahUKEwix5fjeppGLAxX02MkDHbAGNTEQFnoECEgQAQ&usg=AOvVaw19FBVduFM_9rbOGIlYwRVw" "Mozilla/5.0 (iPhone; CPU iPhone OS 18_1_1 like Mac OS X) AppleWebKit/605.1.15 (KHTML, like Gecko) GSA/352.0.715618234 Mobile/15E148 Safari/604.1"
66.249.73.237 - - [25/Jan/2025:10:40:25 -0600] "GET /podcast/xx/index.php?lokasie=/home/puertode/www/wp-includes/rest-api/endpoints/class-wp-rest-comments-controller.php&loknya=/home/puertode/www/wp-includes/rest-api/endpoints HTTP/1.1" 508 288 "-" "Mozilla/5.0 (Linux; Android 6.0.1; Nexus 5X Build/MMB29P) AppleWebKit/537.36 (KHTML, like Gecko) Chrome/132.0.6834.83 Mobile Safari/537.36 (compatible; GoogleOther)"
40.91.80.231 - - [25/Jan/2025:10:40:51 -0600] "GET / HTTP/1.1" 508 288 "-" "Mozilla/5.0 (Windows NT 10.0; Win64; x64)"
66.249.73.237 - - [25/Jan/2025:10:48:24 -0600] "GET /22.php?belekmata=/home/puertode/fotografico/appdata_oc4fxh12ohxu/preview/7/d/c HTTP/1.1" 200 2329 "-" "Mozilla/5.0 (Linux; Android 6.0.1; Nexus 5X Build/MMB29P) AppleWebKit/537.36 (KHTML, like Gecko) Chrome/132.0.6834.83 Mobile Safari/537.36 (compatible; GoogleOther)"
57.141.5.19 - - [25/Jan/2025:10:50:09 -0600] "GET /transparencia/Convocatoria_1er_trim_2022.pdf HTTP/1.1" 200 115782 "-" "meta-externalagent/1.1 (+https://developers.facebook.com/docs/sharing/webmasters/crawler)"
66.249.73.237 - - [25/Jan/2025:11:03:24 -0600] "GET /22.php?belekmata=/home/puertode/fotografico/appdata_oc4fxh12ohxu/preview/4 HTTP/1.1" 200 2275 "-" "Mozilla/5.0 (Linux; Android 6.0.1; Nexus 5X Build/MMB29P) AppleWebKit/537.36 (KHTML, like Gecko) Chrome/132.0.6834.83 Mobile Safari/537.36 (compatible; GoogleOther)"
95.163.255.38 - - [25/Jan/2025:11:13:02 -0600] "GET /robots.txt HTTP/1.0" 200 1035 "-" "Mozilla/5.0 (compatible; Linux x86_64; Mail.RU_Bot/2.0; +https://help.mail.ru/webmaster/indexing/robots)"
95.163.255.38 - - [25/Jan/2025:11:13:16 -0600] "GET /Sitio/documents/Agencia_de_Viajes.pdf HTTP/1.1" 304 - "-" "Mozilla/5.0 (compatible; Linux x86_64; Mail.RU_Bot/2.0; +https://help.mail.ru/webmaster/indexing/robots)"
184.154.167.98 - - [25/Jan/2025:11:15:09 -0600] "POST /wp-cron.php?doing_wp_cron=1737825309.0689859390258789062500 HTTP/1.1" 508 288 "-" "WordPress/6.5.2; https://puertodetampico.com.mx"
187.188.242.38 - - [25/Jan/2025:11:15:09 -0600] "GET /wp-content/plugins/tablepress/css/build/default.css?ver=3.0.2 HTTP/1.1" 200 6179 "http://puertodetampico.com.mx/" "Mozilla/5.0 (iPhone; CPU iPhone OS 18_2_1 like Mac OS X) AppleWebKit/605.1.15 (KHTML, like Gecko) GSA/352.0.715618234 Mobile/15E148 Safari/604.1"
187.188.242.38 - - [25/Jan/2025:11:15:09 -0600] "GET /wp-content/plugins/pojo-accessibility/assets/css/style.min.css?ver=1.0.0 HTTP/1.1" 200 52333 "http://puertodetampico.com.mx/" "Mozilla/5.0 (iPhone; CPU iPhone OS 18_2_1 like Mac OS X) AppleWebKit/605.1.15 (KHTML, like Gecko) GSA/352.0.715618234 Mobile/15E148 Safari/604.1"
187.188.242.38 - - [25/Jan/2025:11:15:09 -0600] "GET /wp-includes/css/dist/block-library/style.min.css?ver=6.5.2 HTTP/1.1" 200 113381 "http://puertodetampico.com.mx/" "Mozilla/5.0 (iPhone; CPU iPhone OS 18_2_1 like Mac OS X) AppleWebKit/605.1.15 (KHTML, like Gecko) GSA/352.0.715618234 Mobile/15E148 Safari/604.1"
187.188.242.38 - - [25/Jan/2025:11:15:09 -0600] "GET /wp-includes/js/jquery/jquery-migrate.min.js?ver=3.4.1 HTTP/1.1" 200 13577 "http://puertodetampico.com.mx/" "Mozilla/5.0 (iPhone; CPU iPhone OS 18_2_1 like Mac OS X) AppleWebKit/605.1.15 (KHTML, like Gecko) GSA/352.0.715618234 Mobile/15E148 Safari/604.1"
187.188.242.38 - - [25/Jan/2025:11:15:09 -0600] "GET /wp-includes/js/jquery/jquery.min.js?ver=3.7.1 HTTP/1.1" 200 87553 "http://puertodetampico.com.mx/" "Mozilla/5.0 (iPhone; CPU iPhone OS 18_2_1 like Mac OS X) AppleWebKit/605.1.15 (KHTML, like Gecko) GSA/352.0.715618234 Mobile/15E148 Safari/604.1"
187.188.242.38 - - [25/Jan/2025:11:15:10 -0600] "GET /wp-content/plugins/gspeech/includes/js/gspeech_front.js?g_indexsp___eqgspeech_front_script_n127gsp___delg_versiongsp___eq3_8_9gsp___delw_idgsp___eqefa1c038ebf3656c7a3b12b74bf20aa7gsp___dels_encgsp___eq5c7d5792bc0e7378859a9a211183d333ed0eec68f4b353e6bd027221f023b86688cf0e155e85a30066500d7a842cd5328cd29aeab264f48b308812f65a603fb161501247gsp___delh_encgsp___eqb7648e28253f7bbb7f267b402480eb096fc81e5bb55b9d8b08b9831f3be08821gsp___delhh_encgsp___eq6bdb38bc71e8ac43958e9d3a31c37f2e471d4cbfbfcca4299a27cad612c9f640e8d7415a4df2690f2dd1f4f66f971d3fc962d08f0356d3dd49ae69d7a2fbb7146f47bfffb188585a8c5c0d49a6d3c41162f8c6f702f01201ced5ea110ef47521316179fd3211ab28a0a67fe0816cfb4dgsp___dellazy_loadgsp___eq1gsp___delgt_wgsp___eqgsp_clgtranslate_wrappergsp___delvv_indexgsp___eq10&ver=6.5.2 HTTP/1.1" 200 4810 "http://puertodetampico.com.mx/" "Mozilla/5.0 (iPhone; CPU iPhone OS 18_2_1 like Mac OS X) AppleWebKit/605.1.15 (KHTML, like Gecko) GSA/352.0.715618234 Mobile/15E148 Safari/604.1"
187.188.242.38 - - [25/Jan/2025:11:15:10 -0600] "GET /wp-content/plugins/pojo-accessibility/assets/js/app.min.js?ver=1.0.0 HTTP/1.1" 200 5313 "http://puertodetampico.com.mx/" "Mozilla/5.0 (iPhone; CPU iPhone OS 18_2_1 like Mac OS X) AppleWebKit/605.1.15 (KHTML, like Gecko) GSA/352.0.715618234 Mobile/15E148 Safari/604.1"
187.188.242.38 - - [25/Jan/2025:11:15:09 -0600] "GET /wp-content/themes/APITAM_GOBMX/gobmx.js HTTP/1.1" 200 523239 "http://puertodetampico.com.mx/" "Mozilla/5.0 (iPhone; CPU iPhone OS 18_2_1 like Mac OS X) AppleWebKit/605.1.15 (KHTML, like Gecko) GSA/352.0.715618234 Mobile/15E148 Safari/604.1"
187.188.242.38 - - [25/Jan/2025:11:15:10 -0600] "GET /contenidos/asipona_2024.webm HTTP/1.1" 200 354312539 "http://puertodetampico.com.mx/" "Mozilla/5.0 (iPhone; CPU iPhone OS 18_2_1 like Mac OS X) AppleWebKit/605.1.15 (KHTML, like Gecko) GSA/352.0.715618234 Mobile/15E148 Safari/604.1"
187.188.242.38 - - [25/Jan/2025:11:15:07 -0600] "GET / HTTP/1.1" 200 74732 "https://www.google.com/url?q=http://puertodetampico.com.mx/&sa=U&sqi=2&ved=2ahUKEwjd8p3Xr5GLAxWrGDQIHdadKcAQFnoECC4QAQ&usg=AOvVaw2RKI9vUrg2pHoeVkLbR5W-" "Mozilla/5.0 (iPhone; CPU iPhone OS 18_2_1 like Mac OS X) AppleWebKit/605.1.15 (KHTML, like Gecko) GSA/352.0.715618234 Mobile/15E148 Safari/604.1"
66.249.73.238 - - [25/Jan/2025:11:17:51 -0600] "GET /22.php?belekmata=%2Fhome%2Fpuertode%2Ffotografico%2Fappdata_oc4fxh12ohxu%2Fpreview%2Ff%2F2 HTTP/1.1" 200 2234 "-" "Mozilla/5.0 (Linux; Android 6.0.1; Nexus 5X Build/MMB29P) AppleWebKit/537.36 (KHTML, like Gecko) Chrome/132.0.6834.83 Mobile Safari/537.36 (compatible; GoogleOther)"
104.28.50.29 - - [25/Jan/2025:11:19:30 -0600] "GET /favicon.ico HTTP/1.1" 302 - "http://puertodetampico.com.mx/" "Mozilla/5.0 (iPhone; CPU iPhone OS 17_6_1 like Mac OS X) AppleWebKit/605.1.15 (KHTML, like Gecko) Version/17.6 Mobile/15E148 Safari/604.1"
184.154.167.98 - - [25/Jan/2025:11:19:31 -0600] "POST /wp-cron.php?doing_wp_cron=1737825571.5123519897460937500000 HTTP/1.1" 200 - "-" "WordPress/6.5.2; https://puertodetampico.com.mx"
89.22.225.223 - - [25/Jan/2025:11:23:09 -0600] "GET /statistics/42-statistics HTTP/1.0" 404 74605 "https://web-multibit.org" "Mozilla/5.0 (Windows NT 6.3; WOW64) AppleWebKit/537.36 (KHTML, like Gecko) Chrome/103.0.0.0 Safari/537.36"
89.22.225.223 - - [25/Jan/2025:11:23:16 -0600] "GET /42-statistics HTTP/1.0" 404 74605 "https://web-multibit.org" "Mozilla/5.0 (Windows NT 6.3; WOW64) AppleWebKit/537.36 (KHTML, like Gecko) Chrome/103.0.0.0 Safari/537.36"
57.141.5.2 - - [25/Jan/2025:11:27:17 -0600] "GET /wp-content/uploads/2019/10/AyS_IIIT.pdf HTTP/1.1" 200 169364 "-" "meta-externalagent/1.1 (+https://developers.facebook.com/docs/sharing/webmasters/crawler)"
89.22.225.223 - - [25/Jan/2025:11:27:21 -0600] "GET /statistics/42-statistics HTTP/1.0" 404 74607 "https://beepbeepcasino.ru/" "Mozilla/5.0 (Windows NT 6.3; Win64; x64) AppleWebKit/537.36 (KHTML, like Gecko) Chrome/103.0.5060.114 Safari/537.36"
89.22.225.223 - - [25/Jan/2025:11:27:27 -0600] "GET /42-statistics HTTP/1.0" 404 74607 "https://beepbeepcasino.ru/" "Mozilla/5.0 (Windows NT 6.3; Win64; x64) AppleWebKit/537.36 (KHTML, like Gecko) Chrome/103.0.5060.114 Safari/537.36"
66.249.73.238 - - [25/Jan/2025:11:28:13 -0600] "GET /podcast/xx/index.php?lokasie=/tmp//sess_39623985635a22578792e083f90fc3f2&loknya=/tmp/ HTTP/1.1" 200 5963 "-" "Mozilla/5.0 (Linux; Android 6.0.1; Nexus 5X Build/MMB29P) AppleWebKit/537.36 (KHTML, like Gecko) Chrome/132.0.6834.83 Mobile Safari/537.36 (compatible; Googlebot/2.1; +http://www.google.com/bot.html)"
66.249.73.224 - - [25/Jan/2025:11:37:14 -0600] "GET /22.php?belekmata=%2Fhome%2Fpuertode%2Ffotografico%2Fappdata_oc4fxh12ohxu%2Fpreview%2Fb%2F6%2Fd HTTP/1.1" 200 2329 "-" "Mozilla/5.0 (Linux; Android 6.0.1; Nexus 5X Build/MMB29P) AppleWebKit/537.36 (KHTML, like Gecko) Chrome/132.0.6834.83 Mobile Safari/537.36 (compatible; GoogleOther)"
66.249.75.233 - - [25/Jan/2025:11:38:56 -0600] "GET /sitemap-13.xml HTTP/1.1" 404 74581 "-" "Mozilla/5.0 (compatible; Googlebot/2.1; +http://www.google.com/bot.html)"
66.249.73.238 - - [25/Jan/2025:11:51:56 -0600] "GET /podcast/xx/index.php?lokasie=/home/puertode/www/wp-includes/rest-api/fields/class-wp-rest-post-meta-fields.php&loknya=/home/puertode/www/wp-includes/rest-api/fields HTTP/1.1" 200 7572 "-" "Mozilla/5.0 (Linux; Android 6.0.1; Nexus 5X Build/MMB29P) AppleWebKit/537.36 (KHTML, like Gecko) Chrome/132.0.6834.83 Mobile Safari/537.36 (compatible; GoogleOther)"
66.249.73.224 - - [25/Jan/2025:11:54:29 -0600] "GET /22.php?belekmata=/home/puertode/fotografico/appdata_oc4fxh12ohxu/preview/0/7/a/9/6 HTTP/1.1" 200 2525 "-" "Mozilla/5.0 (Linux; Android 6.0.1; Nexus 5X Build/MMB29P) AppleWebKit/537.36 (KHTML, like Gecko) Chrome/132.0.6834.83 Mobile Safari/537.36 (compatible; GoogleOther)"
52.167.144.203 - - [25/Jan/2025:12:00:05 -0600] "GET /quejas-y-sugerencias/ HTTP/1.1" 200 40911 "-" "Mozilla/5.0 AppleWebKit/537.36 (KHTML, like Gecko; compatible; bingbot/2.0; +http://www.bing.com/bingbot.htm) Chrome/116.0.1938.76 Safari/537.36"
167.253.34.3 - - [25/Jan/2025:12:02:58 -0600] "GET /robots.txt HTTP/1.0" 200 1035 "-" "Mozilla/4.0 (compatible; fluid/0.0; +http://www.leak.info/bot.html)"
66.249.73.237 - - [25/Jan/2025:12:02:57 -0600] "GET /podcast/xx/index.php?lokasie=/home/puertode/www/wp-includes/rest-api/endpoints/class-wp-rest-global-styles-revisions-controller.php&loknya=/home/puertode/www/wp-includes/rest-api/endpoints HTTP/1.1" 200 25722 "-" "Mozilla/5.0 (Linux; Android 6.0.1; Nexus 5X Build/MMB29P) AppleWebKit/537.36 (KHTML, like Gecko) Chrome/132.0.6834.83 Mobile Safari/537.36 (compatible; GoogleOther)"
173.252.107.7 - - [25/Jan/2025:12:04:20 -0600] "GET / HTTP/1.1" 200 15665 "-" "meta-externalagent/1.1 (+https://developers.facebook.com/docs/sharing/webmasters/crawler)"
150.241.88.208 - - [25/Jan/2025:12:05:51 -0600] "GET / HTTP/1.0" 200 74611 "http://puertodetampico.com.mx/" "Mozilla/5.0 (Windows NT 10.0; Win64; x64) AppleWebKit/537.36 (KHTML, like Gecko) Chrome/129.0.0.0 Safari/537.36"
