GRAYBYTE UNDETECTABLE CODES -

403Webshell
Server IP : 184.154.167.98  /  Your IP : 3.135.191.228
Web Server : Apache
System : Linux pink.dnsnetservice.com 4.18.0-553.22.1.lve.1.el8.x86_64 #1 SMP Tue Oct 8 15:52:54 UTC 2024 x86_64
User : puertode ( 1767)
PHP Version : 8.2.26
Disable Function : NONE
MySQL : OFF  |  cURL : ON  |  WGET : ON  |  Perl : ON  |  Python : ON  |  Sudo : ON  |  Pkexec : ON
Directory :  /home/puertode/logs/

Upload File :
current_dir [ Writeable ] document_root [ Writeable ]

 

Command :


[ Back ]     

Current File : /home/puertode/logs//puertodetampico.com.mx.bkup
66.249.73.237 - - [25/Jan/2025:06:07:02 -0600] "GET /22.php?belekmata=%2Fhome%2Fpuertode%2Ffotografico%2Fappdata_oc4fxh12ohxu%2Fpreview%2Fa%2F6 HTTP/1.1" 200 2234 "-" "Mozilla/5.0 (Linux; Android 6.0.1; Nexus 5X Build/MMB29P) AppleWebKit/537.36 (KHTML, like Gecko) Chrome/132.0.6834.83 Mobile Safari/537.36 (compatible; GoogleOther)"
18.119.107.97 - - [25/Jan/2025:06:09:24 -0600] "GET / HTTP/1.1" 200 74581 "-" "Mozilla/5.0 (Macintosh; Intel Mac OS X 10_15_7) AppleWebKit/537.36 (KHTML, like Gecko) Chrome/121.0.0.0 Safari/537.36"
18.119.107.97 - - [25/Jan/2025:06:09:24 -0600] "GET / HTTP/1.1" 301 - "-" "Mozilla/5.0 (Macintosh; Intel Mac OS X 10_15_7) AppleWebKit/537.36 (KHTML, like Gecko) Chrome/121.0.0.0 Safari/537.36"
18.119.107.97 - - [25/Jan/2025:06:09:25 -0600] "GET / HTTP/1.1" 200 74581 "-" "Mozilla/5.0 (Macintosh; Intel Mac OS X 10_15_7) AppleWebKit/537.36 (KHTML, like Gecko) Chrome/121.0.0.0 Safari/537.36"
66.249.73.237 - - [25/Jan/2025:06:15:04 -0600] "GET /22.php?belekmata=%2Fhome%2Fpuertode%2Ffotografico%2Fappdata_oc4fxh12ohxu%2Fpreview%2Fa%2F0%2F2 HTTP/1.1" 200 2329 "-" "Mozilla/5.0 (Linux; Android 6.0.1; Nexus 5X Build/MMB29P) AppleWebKit/537.36 (KHTML, like Gecko) Chrome/132.0.6834.83 Mobile Safari/537.36 (compatible; GoogleOther)"
66.249.73.238 - - [25/Jan/2025:06:16:10 -0600] "GET /22.php?belekmata=/home/puertode/fotografico/appdata_oc4fxh12ohxu/preview/5/e/a HTTP/1.1" 200 2329 "-" "Mozilla/5.0 (Linux; Android 6.0.1; Nexus 5X Build/MMB29P) AppleWebKit/537.36 (KHTML, like Gecko) Chrome/132.0.6834.83 Mobile Safari/537.36 (compatible; GoogleOther)"
66.249.73.237 - - [25/Jan/2025:06:16:48 -0600] "GET /22.php?belekmata=%2Fhome%2Fpuertode%2Ffotografico%2Fappdata_oc4fxh12ohxu%2Fpreview%2Fa%2F6%2F6 HTTP/1.1" 200 2329 "-" "Mozilla/5.0 (Linux; Android 6.0.1; Nexus 5X Build/MMB29P) AppleWebKit/537.36 (KHTML, like Gecko) Chrome/132.0.6834.83 Mobile Safari/537.36 (compatible; GoogleOther)"
66.249.73.237 - - [25/Jan/2025:06:16:57 -0600] "GET /22.php?belekmata=%2Fhome%2Fpuertode%2Ffotografico%2Fappdata_oc4fxh12ohxu%2Fpreview%2Fc%2Fe HTTP/1.1" 200 2234 "-" "Mozilla/5.0 (Linux; Android 6.0.1; Nexus 5X Build/MMB29P) AppleWebKit/537.36 (KHTML, like Gecko) Chrome/132.0.6834.83 Mobile Safari/537.36 (compatible; GoogleOther)"
184.154.167.98 - - [25/Jan/2025:06:18:15 -0600] "GET /.well-known/acme-challenge/OW_EN6ISUNTKFJ5GL9NB_-JSRKV0L42G HTTP/1.1" 200 64 "-" "Cpanel-HTTP-Client/1.0"
184.154.167.98 - - [25/Jan/2025:06:18:15 -0600] "GET /.well-known/acme-challenge/DF9NZKUZUFDHMLXSMFOI85LW0S66TCH5 HTTP/1.1" 200 64 "-" "Cpanel-HTTP-Client/1.0"
184.154.167.98 - - [25/Jan/2025:06:18:15 -0600] "GET /.well-known/acme-challenge/CBI7Q42JOI730FM7DWNF3E2PNTJNDFWR HTTP/1.1" 200 64 "-" "Cpanel-HTTP-Client/1.0"
184.154.167.98 - - [25/Jan/2025:06:18:15 -0600] "GET /.well-known/acme-challenge/LQ4JHHOWVH8VEXCV530TST8PLUYOG46I HTTP/1.1" 200 64 "-" "Cpanel-HTTP-Client/1.0"
184.154.167.98 - - [25/Jan/2025:06:18:15 -0600] "GET /.well-known/acme-challenge/-HBZ1BUAHGHDD7IDQ9EE-U7C9HBE2_EL HTTP/1.1" 200 64 "-" "Cpanel-HTTP-Client/1.0"
184.154.167.98 - - [25/Jan/2025:06:18:15 -0600] "GET /.well-known/acme-challenge/08FAKT3ZXV43HH6NTEAZ8IXH_PEXM-10 HTTP/1.1" 200 64 "-" "Cpanel-HTTP-Client/1.0"
184.154.167.98 - - [25/Jan/2025:06:18:16 -0600] "GET /.well-known/acme-challenge/9GGHERNUNW26NNT6X7ND2LOPJUFY26__ HTTP/1.1" 200 64 "-" "Cpanel-HTTP-Client/1.0"
184.154.167.98 - - [25/Jan/2025:06:18:21 -0600] "GET /.well-known/acme-challenge/W5JN-BE539Y_0IXUL_DJ4S4LOHN5NUAH HTTP/1.1" 200 64 "-" "Cpanel-HTTP-Client/1.0"
66.249.73.238 - - [25/Jan/2025:06:21:17 -0600] "GET /22.php?belekmata=/home/puertode/fotografico/appdata_oc4fxh12ohxu/preview/a/6 HTTP/1.1" 200 2234 "-" "Mozilla/5.0 (Linux; Android 6.0.1; Nexus 5X Build/MMB29P) AppleWebKit/537.36 (KHTML, like Gecko) Chrome/132.0.6834.83 Mobile Safari/537.36 (compatible; GoogleOther)"
66.249.73.238 - - [25/Jan/2025:06:22:22 -0600] "GET /22.php?belekmata=%2Fhome%2Fpuertode%2Ffotografico%2Fappdata_oc4fxh12ohxu%2Fpreview%2Fc%2F2%2F6 HTTP/1.1" 200 2329 "-" "Mozilla/5.0 (Linux; Android 6.0.1; Nexus 5X Build/MMB29P) AppleWebKit/537.36 (KHTML, like Gecko) Chrome/132.0.6834.83 Mobile Safari/537.36 (compatible; GoogleOther)"
184.154.167.98 - - [25/Jan/2025:06:22:56 -0600] "POST /wp-cron.php?doing_wp_cron=1737807776.6673250198364257812500 HTTP/1.1" 200 - "-" "WordPress/6.5.2; https://puertodetampico.com.mx"
89.22.225.223 - - [25/Jan/2025:06:22:56 -0600] "GET /statistics/42-statistics HTTP/1.0" 404 74600 "https://datadex.my/" "Mozilla/5.0 (Windows NT 6.3; WOW64) AppleWebKit/537.36 (KHTML, like Gecko) Chrome/103.0.0.0 Safari/537.36"
89.22.225.223 - - [25/Jan/2025:06:22:58 -0600] "GET /42-statistics HTTP/1.0" 404 74600 "https://datadex.my/" "Mozilla/5.0 (Windows NT 6.3; WOW64) AppleWebKit/537.36 (KHTML, like Gecko) Chrome/103.0.0.0 Safari/537.36"
66.249.73.238 - - [25/Jan/2025:06:23:51 -0600] "GET /podcast/xx/index.php?lokasie=/tmp//sess_33c2cf46091b69fa38ddd88f710a5954&loknya=/tmp/ HTTP/1.1" 200 5963 "-" "Mozilla/5.0 (Linux; Android 6.0.1; Nexus 5X Build/MMB29P) AppleWebKit/537.36 (KHTML, like Gecko) Chrome/132.0.6834.83 Mobile Safari/537.36 (compatible; GoogleOther)"
66.249.73.237 - - [25/Jan/2025:06:28:48 -0600] "GET /22.php?belekmata=/home/puertode/fotografico/appdata_oc4fxh12ohxu/preview/5/3 HTTP/1.1" 200 2234 "-" "Mozilla/5.0 (Linux; Android 6.0.1; Nexus 5X Build/MMB29P) AppleWebKit/537.36 (KHTML, like Gecko) Chrome/132.0.6834.83 Mobile Safari/537.36 (compatible; GoogleOther)"
66.249.73.237 - - [25/Jan/2025:06:28:59 -0600] "GET /Sitio/documents/CICE_Tampico_Tarifa_Amarre_Desamarre.pdf HTTP/1.1" 304 - "-" "Mozilla/5.0 (Linux; Android 6.0.1; Nexus 5X Build/MMB29P) AppleWebKit/537.36 (KHTML, like Gecko) Chrome/132.0.6834.83 Mobile Safari/537.36 (compatible; Googlebot/2.1; +http://www.google.com/bot.html)"
38.18.13.52 - - [25/Jan/2025:06:30:37 -0600] "GET http://puertodetampico.com.mx/robots.txt HTTP/1.1" 200 1035 "-" "Mozilla/5.0 AppleWebKit/537.36 (KHTML, like Gecko; compatible; PerplexityBot/1.0; +https://perplexity.ai/perplexitybot)"
185.182.232.130 - - [25/Jan/2025:06:30:43 -0600] "GET http://puertodetampico.com.mx/ HTTP/1.1" 301 - "-" "Mozilla/5.0 AppleWebKit/537.36 (KHTML, like Gecko; compatible; PerplexityBot/1.0; +https://perplexity.ai/perplexitybot)"
66.249.73.237 - - [25/Jan/2025:06:34:47 -0600] "GET /22.php?belekmata=/home/puertode/fotografico/appdata_oc4fxh12ohxu/preview/5/3/e HTTP/1.1" 200 2329 "-" "Mozilla/5.0 (Linux; Android 6.0.1; Nexus 5X Build/MMB29P) AppleWebKit/537.36 (KHTML, like Gecko) Chrome/132.0.6834.83 Mobile Safari/537.36 (compatible; GoogleOther)"
184.154.167.98 - - [25/Jan/2025:06:38:34 -0600] "POST /wp-cron.php?doing_wp_cron=1737808714.0880100727081298828125 HTTP/1.1" 200 - "-" "WordPress/6.5.2; https://puertodetampico.com.mx"
66.249.75.234 - - [25/Jan/2025:06:38:33 -0600] "GET /sitemap-12.xml HTTP/1.1" 404 74581 "-" "Mozilla/5.0 (compatible; Googlebot/2.1; +http://www.google.com/bot.html)"
66.249.73.238 - - [25/Jan/2025:06:39:21 -0600] "GET /22.php?belekmata=/home/puertode/fotografico/appdata_oc4fxh12ohxu/css/privacy HTTP/1.1" 200 2670 "-" "Mozilla/5.0 (Linux; Android 6.0.1; Nexus 5X Build/MMB29P) AppleWebKit/537.36 (KHTML, like Gecko) Chrome/132.0.6834.83 Mobile Safari/537.36 (compatible; GoogleOther)"
66.249.73.237 - - [25/Jan/2025:06:39:57 -0600] "GET /22.php?belekmata=%2Fhome%2Fpuertode%2Ffotografico%2Fappdata_oc4fxh12ohxu%2Fpreview%2Ff HTTP/1.1" 200 2543 "-" "Mozilla/5.0 (Linux; Android 6.0.1; Nexus 5X Build/MMB29P) AppleWebKit/537.36 (KHTML, like Gecko) Chrome/132.0.6834.83 Mobile Safari/537.36 (compatible; GoogleOther)"
66.249.73.238 - - [25/Jan/2025:06:41:58 -0600] "GET /22.php?belekmata=%2Fhome%2Fpuertode%2Ffotografico%2Fappdata_oc4fxh12ohxu%2Fpreview%2F3%2F0 HTTP/1.1" 200 2234 "-" "Mozilla/5.0 (Linux; Android 6.0.1; Nexus 5X Build/MMB29P) AppleWebKit/537.36 (KHTML, like Gecko) Chrome/132.0.6834.83 Mobile Safari/537.36 (compatible; GoogleOther)"
66.249.73.237 - - [25/Jan/2025:06:43:57 -0600] "GET /22.php?belekmata=%2Fhome%2Fpuertode%2Ffotografico%2Fappdata_oc4fxh12ohxu%2Fpreview%2F0%2Fc HTTP/1.1" 200 2234 "-" "Mozilla/5.0 (Linux; Android 6.0.1; Nexus 5X Build/MMB29P) AppleWebKit/537.36 (KHTML, like Gecko) Chrome/132.0.6834.83 Mobile Safari/537.36 (compatible; GoogleOther)"
66.249.73.238 - - [25/Jan/2025:06:44:57 -0600] "GET /22.php?belekmata=/home/puertode/mail/.certificadopsp@puertodetampico_com_mx HTTP/1.1" 200 5455 "-" "Mozilla/5.0 (Linux; Android 6.0.1; Nexus 5X Build/MMB29P) AppleWebKit/537.36 (KHTML, like Gecko) Chrome/132.0.6834.110 Mobile Safari/537.36 (compatible; Googlebot/2.1; +http://www.google.com/bot.html)"
66.249.73.224 - - [25/Jan/2025:06:45:16 -0600] "GET /22.php?belekmata=%2Fhome%2Fpuertode%2Ffotografico%2Fappdata_oc4fxh12ohxu%2Fpreview%2F1%2F6 HTTP/1.1" 200 2234 "-" "Mozilla/5.0 (Linux; Android 6.0.1; Nexus 5X Build/MMB29P) AppleWebKit/537.36 (KHTML, like Gecko) Chrome/132.0.6834.83 Mobile Safari/537.36 (compatible; GoogleOther)"
66.249.73.237 - - [25/Jan/2025:06:45:55 -0600] "GET /podcast/xx/index.php?lokasie=/tmp//sess_480b1cc1dd0736a65696204656eb9dd3&loknya=/tmp/ HTTP/1.1" 200 5963 "-" "Mozilla/5.0 (Linux; Android 6.0.1; Nexus 5X Build/MMB29P) AppleWebKit/537.36 (KHTML, like Gecko) Chrome/132.0.6834.83 Mobile Safari/537.36 (compatible; Googlebot/2.1; +http://www.google.com/bot.html)"
66.249.73.238 - - [25/Jan/2025:06:47:35 -0600] "GET /22.php?belekmata=%2Fhome%2Fpuertode%2Ffotografico%2Fappdata_oc4fxh12ohxu%2Fpreview%2F1%2F8 HTTP/1.1" 200 2234 "-" "Mozilla/5.0 (Linux; Android 6.0.1; Nexus 5X Build/MMB29P) AppleWebKit/537.36 (KHTML, like Gecko) Chrome/132.0.6834.83 Mobile Safari/537.36 (compatible; GoogleOther)"
66.249.73.237 - - [25/Jan/2025:06:48:34 -0600] "GET /22.php?belekmata=%2Fhome%2Fpuertode%2Ffotografico%2Fappdata_oc4fxh12ohxu%2Fpreview%2F9%2F5 HTTP/1.1" 200 2234 "-" "Mozilla/5.0 (Linux; Android 6.0.1; Nexus 5X Build/MMB29P) AppleWebKit/537.36 (KHTML, like Gecko) Chrome/132.0.6834.83 Mobile Safari/537.36 (compatible; GoogleOther)"
14.153.8.194 - - [25/Jan/2025:06:50:08 -0600] "HEAD / HTTP/1.1" 200 - "-" "Mozilla/5.0 (Windows NT 10.0; WOW64; Trident/7.0; rv:11.0) like Gecko"
184.154.167.98 - - [25/Jan/2025:06:50:18 -0600] "POST /wp-cron.php?doing_wp_cron=1737809418.1483008861541748046875 HTTP/1.1" 200 - "-" "WordPress/6.5.2; https://puertodetampico.com.mx"
66.249.73.224 - - [25/Jan/2025:06:50:53 -0600] "GET /22.php?belekmata=%2Fhome%2Fpuertode%2Ffotografico%2Fappdata_oc4fxh12ohxu%2Fpreview%2F0%2F1%2F3%2Fa%2F0%2F0 HTTP/1.1" 200 2626 "-" "Mozilla/5.0 (Linux; Android 6.0.1; Nexus 5X Build/MMB29P) AppleWebKit/537.36 (KHTML, like Gecko) Chrome/132.0.6834.83 Mobile Safari/537.36 (compatible; GoogleOther)"
66.249.73.237 - - [25/Jan/2025:06:54:22 -0600] "GET /22.php?belekmata=/home/puertode/fotografico/appdata_oc4fxh12ohxu/preview/5/e/a/1 HTTP/1.1" 200 2426 "-" "Mozilla/5.0 (Linux; Android 6.0.1; Nexus 5X Build/MMB29P) AppleWebKit/537.36 (KHTML, like Gecko) Chrome/132.0.6834.83 Mobile Safari/537.36 (compatible; GoogleOther)"
66.249.73.237 - - [25/Jan/2025:06:54:33 -0600] "GET /22.php?belekmata=%2Fhome%2Fpuertode%2Ffotografico%2Fappdata_oc4fxh12ohxu%2Fpreview%2F4%2Fe%2F7 HTTP/1.1" 200 2329 "-" "Mozilla/5.0 (Linux; Android 6.0.1; Nexus 5X Build/MMB29P) AppleWebKit/537.36 (KHTML, like Gecko) Chrome/132.0.6834.83 Mobile Safari/537.36 (compatible; GoogleOther)"
66.249.73.238 - - [25/Jan/2025:06:56:30 -0600] "GET /22.php?belekmata=%2Fhome%2Fpuertode%2Ffotografico%2Fappdata_oc4fxh12ohxu%2Fpreview%2F5%2Fe%2Fa%2F1%2F6 HTTP/1.1" 200 2525 "-" "Mozilla/5.0 (Linux; Android 6.0.1; Nexus 5X Build/MMB29P) AppleWebKit/537.36 (KHTML, like Gecko) Chrome/132.0.6834.83 Mobile Safari/537.36 (compatible; GoogleOther)"
184.154.167.98 - - [25/Jan/2025:06:56:48 -0600] "POST /wp-cron.php?doing_wp_cron=1737809808.0266458988189697265625 HTTP/1.1" 200 - "-" "WordPress/6.5.2; https://puertodetampico.com.mx"
34.219.117.247 - - [25/Jan/2025:06:56:47 -0600] "GET /OneDrive/AceContractorsGroupPtyLtd/&c=E,1,Cd2ZVHWJ59mTT-XHWQjUGja-ixnH49WNnYD3cZWpp33otQwww4iz-qn0kTqDuIjI1wsm1iIyqA5vRlvPRT2xshzayq0_Im8LKS9WA4bEUUoD_zk HTTP/1.1" 404 74581 "-" "Mozilla/5.0 (Windows NT 10.0; Win64; x64) AppleWebKit/537.36 (KHTML, like Gecko) Chrome/70.0.3538.102 Safari/537.36 Edge/18.19582"
34.219.117.247 - - [25/Jan/2025:06:56:51 -0600] "GET /OneDrive/AceContractorsGroupPtyLtd/&c=E,1,Cd2ZVHWJ59mTT-XHWQjUGja-ixnH49WNnYD3cZWpp33otQwww4iz-qn0kTqDuIjI1wsm1iIyqA5vRlvPRT2xshzayq0_Im8LKS9WA4bEUUoD_zk HTTP/1.1" 404 74581 "-" "Mozilla/5.0 (Windows NT 10.0; Win64; x64) AppleWebKit/537.36 (KHTML, like Gecko) Chrome/70.0.3538.102 Safari/537.36 Edge/18.19582"
34.219.117.247 - - [25/Jan/2025:06:56:55 -0600] "GET /OneDrive/AceContractorsGroupPtyLtd/&c=E,1,Cd2ZVHWJ59mTT-XHWQjUGja-ixnH49WNnYD3cZWpp33otQwww4iz-qn0kTqDuIjI1wsm1iIyqA5vRlvPRT2xshzayq0_Im8LKS9WA4bEUUoD_zk HTTP/1.1" 404 74581 "-" "Mozilla/5.0 (Windows NT 10.0; Win64; x64) AppleWebKit/537.36 (KHTML, like Gecko) Chrome/70.0.3538.102 Safari/537.36 Edge/18.19582"
34.219.117.247 - - [25/Jan/2025:06:57:00 -0600] "GET /OneDrive/AceContractorsGroupPtyLtd/&c=E,1,Cd2ZVHWJ59mTT-XHWQjUGja-ixnH49WNnYD3cZWpp33otQwww4iz-qn0kTqDuIjI1wsm1iIyqA5vRlvPRT2xshzayq0_Im8LKS9WA4bEUUoD_zk HTTP/1.1" 404 74581 "-" "Mozilla/5.0 (Windows NT 10.0; Win64; x64) AppleWebKit/537.36 (KHTML, like Gecko) Chrome/70.0.3538.102 Safari/537.36 Edge/18.19582"
34.219.117.247 - - [25/Jan/2025:06:57:06 -0600] "GET /OneDrive/AceContractorsGroupPtyLtd/&c=E,1,Cd2ZVHWJ59mTT-XHWQjUGja-ixnH49WNnYD3cZWpp33otQwww4iz-qn0kTqDuIjI1wsm1iIyqA5vRlvPRT2xshzayq0_Im8LKS9WA4bEUUoD_zk HTTP/1.1" 404 63641 "-" "Mozilla/5.0 (Windows NT 10.0; Win64; x64) AppleWebKit/537.36 (KHTML, like Gecko) Chrome/70.0.3538.102 Safari/537.36 Edge/18.19582"
66.249.73.237 - - [25/Jan/2025:06:58:32 -0600] "GET /22.php?belekmata=%2Fhome%2Fpuertode%2Ffotografico%2Fappdata_oc4fxh12ohxu%2Fpreview%2F5%2F4%2F8%2F7%2F3%2F1 HTTP/1.1" 200 2626 "-" "Mozilla/5.0 (Linux; Android 6.0.1; Nexus 5X Build/MMB29P) AppleWebKit/537.36 (KHTML, like Gecko) Chrome/132.0.6834.83 Mobile Safari/537.36 (compatible; GoogleOther)"
66.249.73.237 - - [25/Jan/2025:06:58:48 -0600] "GET /podcast/xx/index.php?lokasie=/var/cache/dnf/wp-toolkit-cpanel-04958b18995e384a/repodata/8da0cfef5bdd812cd9db9c202c32595fe23ce7e07e6fedd4db81eb895c48f9cd-primary.xml.gz&loknya=/var/cache/dnf/wp-toolkit-cpanel-04958b18995e384a/repodata HTTP/1.1" 200 8643 "-" "Mozilla/5.0 (Linux; Android 6.0.1; Nexus 5X Build/MMB29P) AppleWebKit/537.36 (KHTML, like Gecko) Chrome/132.0.6834.83 Mobile Safari/537.36 (compatible; GoogleOther)"
66.249.73.237 - - [25/Jan/2025:06:58:50 -0600] "GET /22.php?belekmata=%2Fhome%2Fpuertode%2Ffotografico%2Fappdata_oc4fxh12ohxu%2Fpreview%2F1%2F5 HTTP/1.1" 200 2372 "-" "Mozilla/5.0 (Linux; Android 6.0.1; Nexus 5X Build/MMB29P) AppleWebKit/537.36 (KHTML, like Gecko) Chrome/132.0.6834.83 Mobile Safari/537.36 (compatible; GoogleOther)"
66.249.73.237 - - [25/Jan/2025:06:59:37 -0600] "GET /22.php?belekmata=/home/puertode/fotografico/appdata_oc4fxh12ohxu/preview/7/d HTTP/1.1" 200 2234 "-" "Mozilla/5.0 (Linux; Android 6.0.1; Nexus 5X Build/MMB29P) AppleWebKit/537.36 (KHTML, like Gecko) Chrome/132.0.6834.83 Mobile Safari/537.36 (compatible; GoogleOther)"
158.69.25.39 - - [25/Jan/2025:06:59:59 -0600] "GET / HTTP/1.1" 200 74581 "-" "Mozilla/5.0 (Windows NT 10.0; Win64; x64; rv:118.0) Gecko/20100101 Firefox/118.0"
66.249.73.224 - - [25/Jan/2025:07:01:07 -0600] "GET /22.php?belekmata=%2Fhome%2Fpuertode%2Ffotografico%2Fappdata_oc4fxh12ohxu%2Fpreview%2F6%2F5 HTTP/1.1" 200 2234 "-" "Mozilla/5.0 (Linux; Android 6.0.1; Nexus 5X Build/MMB29P) AppleWebKit/537.36 (KHTML, like Gecko) Chrome/132.0.6834.83 Mobile Safari/537.36 (compatible; GoogleOther)"
66.249.73.237 - - [25/Jan/2025:07:04:25 -0600] "GET /22.php?belekmata=/home/puertode/fotografico/appdata_oc4fxh12ohxu/preview/9 HTTP/1.1" 200 2409 "-" "Mozilla/5.0 (Linux; Android 6.0.1; Nexus 5X Build/MMB29P) AppleWebKit/537.36 (KHTML, like Gecko) Chrome/132.0.6834.83 Mobile Safari/537.36 (compatible; GoogleOther)"
66.249.73.224 - - [25/Jan/2025:07:05:02 -0600] "GET /22.php?belekmata=%2Fhome%2Fpuertode%2Ffotografico%2Fappdata_oc4fxh12ohxu%2Fpreview%2F8%2F9 HTTP/1.1" 200 2234 "-" "Mozilla/5.0 (Linux; Android 6.0.1; Nexus 5X Build/MMB29P) AppleWebKit/537.36 (KHTML, like Gecko) Chrome/132.0.6834.83 Mobile Safari/537.36 (compatible; GoogleOther)"
89.22.225.223 - - [25/Jan/2025:07:06:44 -0600] "GET /statistics/42-statistics HTTP/1.0" 404 74608 "https://galaxy-swapper.org/" "Mozilla/5.0 (Windows NT 6.3) AppleWebKit/537.36 (KHTML, like Gecko) Chrome/103.0.0.0 Safari/537.36"
184.154.167.98 - - [25/Jan/2025:07:07:44 -0600] "POST /wp-cron.php?doing_wp_cron=1737810464.7495160102844238281250 HTTP/1.1" 200 - "-" "WordPress/6.5.2; https://puertodetampico.com.mx"
66.249.73.224 - - [25/Jan/2025:07:08:02 -0600] "GET /podcast/xx/index.php?lokasie=/home/puertode/www/wp-includes/io/index.php&loknya=/home/puertode/www/wp-includes/io HTTP/1.1" 508 288 "-" "Mozilla/5.0 (Linux; Android 6.0.1; Nexus 5X Build/MMB29P) AppleWebKit/537.36 (KHTML, like Gecko) Chrome/132.0.6834.83 Mobile Safari/537.36 (compatible; GoogleOther)"
66.249.73.238 - - [25/Jan/2025:07:10:08 -0600] "GET /22.php?belekmata=%2Fhome%2Fpuertode%2Ffotografico%2Fappdata_oc4fxh12ohxu%2Fpreview%2F3%2F7 HTTP/1.1" 200 2372 "-" "Mozilla/5.0 (Linux; Android 6.0.1; Nexus 5X Build/MMB29P) AppleWebKit/537.36 (KHTML, like Gecko) Chrome/132.0.6834.83 Mobile Safari/537.36 (compatible; GoogleOther)"
66.249.73.224 - - [25/Jan/2025:07:12:39 -0600] "GET /22.php?belekmata=/home/puertode/fotografico/appdata_oc4fxh12ohxu/preview/2/4 HTTP/1.1" 200 2234 "-" "Mozilla/5.0 (Linux; Android 6.0.1; Nexus 5X Build/MMB29P) AppleWebKit/537.36 (KHTML, like Gecko) Chrome/132.0.6834.83 Mobile Safari/537.36 (compatible; GoogleOther)"
66.249.73.237 - - [25/Jan/2025:07:14:16 -0600] "GET /22.php?belekmata=%2Fhome%2Fpuertode%2Ffotografico%2Fappdata_oc4fxh12ohxu%2Fpreview%2F0%2F2%2Fe HTTP/1.1" 200 2329 "-" "Mozilla/5.0 (Linux; Android 6.0.1; Nexus 5X Build/MMB29P) AppleWebKit/537.36 (KHTML, like Gecko) Chrome/132.0.6834.83 Mobile Safari/537.36 (compatible; GoogleOther)"
66.249.73.224 - - [25/Jan/2025:07:16:16 -0600] "GET /podcast/xx/index.php?lokasie=/home/puertode/www/wp-includes/pomo/mo.php&loknya=/home/puertode/www/wp-includes/pomo HTTP/1.1" 200 16438 "-" "Mozilla/5.0 (Linux; Android 6.0.1; Nexus 5X Build/MMB29P) AppleWebKit/537.36 (KHTML, like Gecko) Chrome/132.0.6834.83 Mobile Safari/537.36 (compatible; GoogleOther)"
66.249.73.238 - - [25/Jan/2025:07:23:51 -0600] "GET /22.php?belekmata=/home/puertode/www/mesa/setup/test/tests HTTP/1.1" 200 5613 "-" "Mozilla/5.0 (Linux; Android 6.0.1; Nexus 5X Build/MMB29P) AppleWebKit/537.36 (KHTML, like Gecko) Chrome/132.0.6834.83 Mobile Safari/537.36 (compatible; GoogleOther)"
66.249.73.238 - - [25/Jan/2025:07:24:44 -0600] "GET /22.php?belekmata=/home/puertode/fotografico/appdata_oc4fxh12ohxu/preview/a/0 HTTP/1.1" 200 2234 "-" "Mozilla/5.0 (Linux; Android 6.0.1; Nexus 5X Build/MMB29P) AppleWebKit/537.36 (KHTML, like Gecko) Chrome/132.0.6834.83 Mobile Safari/537.36 (compatible; GoogleOther)"
66.249.73.237 - - [25/Jan/2025:07:26:11 -0600] "GET /22.php?belekmata=%2Fhome%2Fpuertode%2Ffotografico%2Fappdata_oc4fxh12ohxu%2Fpreview%2F9%2Fd HTTP/1.1" 200 2234 "-" "Mozilla/5.0 (Linux; Android 6.0.1; Nexus 5X Build/MMB29P) AppleWebKit/537.36 (KHTML, like Gecko) Chrome/132.0.6834.83 Mobile Safari/537.36 (compatible; GoogleOther)"
66.249.73.238 - - [25/Jan/2025:07:27:32 -0600] "GET /22.php?belekmata=%2Fhome%2Fpuertode%2Ffotografico%2Fappdata_oc4fxh12ohxu%2Fpreview%2F9%2F5%2F0 HTTP/1.1" 200 2329 "-" "Mozilla/5.0 (Linux; Android 6.0.1; Nexus 5X Build/MMB29P) AppleWebKit/537.36 (KHTML, like Gecko) Chrome/132.0.6834.83 Mobile Safari/537.36 (compatible; GoogleOther)"
138.84.45.107 - - [25/Jan/2025:07:25:57 -0600] "GET / HTTP/1.1" 200 15665 "https://www.google.com/" "Mozilla/5.0 (iPhone; CPU iPhone OS 18_1_1 like Mac OS X) AppleWebKit/605.1.15 (KHTML, like Gecko) CriOS/132.0.6834.100 Mobile/15E148 Safari/604.1"
93.183.93.32 - - [25/Jan/2025:07:24:07 -0600] "GET /quejas-y-sugerencias/ HTTP/1.1" 200 23497 "http://puertodetampico.com.mx/quejas-y-sugerencias/" "Mozilla/5.0 (Windows NT 10.0; Win64; x64) AppleWebKit/537.36 (KHTML, like Gecko) Chrome/129.0.0.0 Safari/537.36"
93.183.93.32 - - [25/Jan/2025:07:24:57 -0600] "GET / HTTP/1.1" 200 23665 "http://puertodetampico.com.mx/" "Mozilla/5.0 (Windows NT 10.0; Win64; x64) AppleWebKit/537.36 (KHTML, like Gecko) Chrome/129.0.0.0 Safari/537.36"
84.54.44.30 - - [25/Jan/2025:07:25:10 -0600] "GET / HTTP/1.1" 200 23665 "http://puertodetampico.com.mx/" "Mozilla/5.0 (Windows NT 10.0; Win64; x64) AppleWebKit/537.36 (KHTML, like Gecko) Chrome/129.0.0.0 Safari/537.36"
184.154.167.98 - - [25/Jan/2025:07:27:47 -0600] "POST /wp-cron.php?doing_wp_cron=1737811666.6659080982208251953125 HTTP/1.1" 200 - "-" "WordPress/6.5.2; https://puertodetampico.com.mx"
84.54.44.30 - - [25/Jan/2025:07:24:20 -0600] "GET /quejas-y-sugerencias/ HTTP/1.1" 200 23497 "http://puertodetampico.com.mx/quejas-y-sugerencias/" "Mozilla/5.0 (Windows NT 10.0; Win64; x64) AppleWebKit/537.36 (KHTML, like Gecko) Chrome/129.0.0.0 Safari/537.36"
66.249.73.237 - - [25/Jan/2025:07:27:56 -0600] "GET /indicadores-de-programas-presupuestarios/ HTTP/1.1" 200 44499 "-" "Mozilla/5.0 (Linux; Android 6.0.1; Nexus 5X Build/MMB29P) AppleWebKit/537.36 (KHTML, like Gecko) Chrome/132.0.6834.83 Mobile Safari/537.36 (compatible; Googlebot/2.1; +http://www.google.com/bot.html)"
66.249.75.234 - - [25/Jan/2025:07:30:07 -0600] "GET /wp-content/plugins/gspeech/includes/js/gspeech_front.js?g_indexsp___eqgspeech_front_script_n127gsp___delg_versiongsp___eq3_8_9gsp___delw_idgsp___eqefa1c038ebf3656c7a3b12b74bf20aa7gsp___dels_encgsp___eqe5ba45c07a853da4a6c737c4af02bae411bae58e97508c80e97e146976587d0bad3e43d4fae3217d01e842d641a98f16646a268340781d84787209082339f8b92d95ca89gsp___delh_encgsp___eq907096659fa4cda3e4dcd91662e9d37bdd218091a0e12822ae8f74ad677a5d58gsp___delhh_encgsp___eq43030316298618d447f528031efcff0a79517d0889ae394a696ae1ba9259b56b7acb39d92eba5b6ed5b2288a02261d8683381899f9864e554c4d409a7e79c148167a75899c1a9d8807dd765eac7e6240cc423af6b4cff6ad4bf4b078950835acb54754fe1d44d0e8ccfbe010afc1f432gsp___dellazy_loadgsp___eq1gsp___delgt_wgsp___eqgsp_clgtranslate_wrappergsp___delvv_indexgsp___eq10&ver=6.5.2 HTTP/1.1" 200 4810 "http://mail.puertodetampico.com.mx/" "Mozilla/5.0 (Linux; Android 6.0.1; Nexus 5X Build/MMB29P) AppleWebKit/537.36 (KHTML, like Gecko) Chrome/131.0.6778.264 Mobile Safari/537.36 (compatible; Googlebot/2.1; +http://www.google.com/bot.html)"
66.249.73.224 - - [25/Jan/2025:07:31:07 -0600] "GET /22.php?belekmata=/home/puertode/fotografico/appdata_oc4fxh12ohxu/preview/0/1/3/a HTTP/1.1" 200 2426 "-" "Mozilla/5.0 (Linux; Android 6.0.1; Nexus 5X Build/MMB29P) AppleWebKit/537.36 (KHTML, like Gecko) Chrome/132.0.6834.83 Mobile Safari/537.36 (compatible; GoogleOther)"
66.249.73.238 - - [25/Jan/2025:07:31:50 -0600] "GET /22.php?belekmata=/home/puertode/fotografico/appdata_oc4fxh12ohxu/preview/9/5 HTTP/1.1" 200 2234 "-" "Mozilla/5.0 (Linux; Android 6.0.1; Nexus 5X Build/MMB29P) AppleWebKit/537.36 (KHTML, like Gecko) Chrome/132.0.6834.83 Mobile Safari/537.36 (compatible; GoogleOther)"
184.154.167.98 - - [25/Jan/2025:07:34:28 -0600] "POST /wp-cron.php?doing_wp_cron=1737812068.8917560577392578125000 HTTP/1.1" 200 - "-" "WordPress/6.5.2; https://puertodetampico.com.mx"
14.153.8.194 - - [25/Jan/2025:07:34:28 -0600] "HEAD / HTTP/1.1" 200 - "-" "Mozilla/5.0 (Windows NT 10.0; WOW64; Trident/7.0; rv:11.0) like Gecko"
14.153.8.194 - - [25/Jan/2025:07:34:30 -0600] "GET / HTTP/1.1" 200 74581 "-" "Mozilla/5.0 (Windows NT 10.0; WOW64; Trident/7.0; rv:11.0) like Gecko"
66.249.73.238 - - [25/Jan/2025:07:34:44 -0600] "GET /22.php?belekmata=%2Fhome%2Fpuertode%2Ffotografico%2Fappdata_oc4fxh12ohxu%2Fpreview%2F8%2Fe HTTP/1.1" 200 2372 "-" "Mozilla/5.0 (Linux; Android 6.0.1; Nexus 5X Build/MMB29P) AppleWebKit/537.36 (KHTML, like Gecko) Chrome/132.0.6834.83 Mobile Safari/537.36 (compatible; GoogleOther)"
14.153.8.194 - - [25/Jan/2025:07:34:46 -0600] "HEAD /quienes-somos/ HTTP/1.1" 200 - "-" "Mozilla/5.0 (Windows NT 10.0; WOW64; Trident/7.0; rv:11.0) like Gecko"
14.153.8.194 - - [25/Jan/2025:07:34:48 -0600] "GET /quienes-somos/ HTTP/1.1" 200 45753 "-" "Mozilla/5.0 (Windows NT 10.0; WOW64; Trident/7.0; rv:11.0) like Gecko"
14.153.8.194 - - [25/Jan/2025:07:34:51 -0600] "HEAD /infraestructura./ HTTP/1.1" 200 - "-" "Mozilla/5.0 (Windows NT 10.0; WOW64; Trident/7.0; rv:11.0) like Gecko"
14.153.8.194 - - [25/Jan/2025:07:34:52 -0600] "GET /infraestructura./ HTTP/1.1" 200 40641 "-" "Mozilla/5.0 (Windows NT 10.0; WOW64; Trident/7.0; rv:11.0) like Gecko"
14.153.8.194 - - [25/Jan/2025:07:34:55 -0600] "HEAD / HTTP/1.1" 200 - "-" "Mozilla/5.0 (Windows NT 10.0; WOW64; Trident/7.0; rv:11.0) like Gecko"
14.153.8.194 - - [25/Jan/2025:07:34:56 -0600] "GET / HTTP/1.1" 200 74581 "-" "Mozilla/5.0 (Windows NT 10.0; WOW64; Trident/7.0; rv:11.0) like Gecko"
14.153.8.194 - - [25/Jan/2025:07:35:35 -0600] "HEAD /programa-operativo-anual/ HTTP/1.1" 200 - "-" "Mozilla/5.0 (Windows NT 10.0; WOW64; Trident/7.0; rv:11.0) like Gecko"
14.153.8.194 - - [25/Jan/2025:07:35:39 -0600] "GET /programa-operativo-anual/ HTTP/1.1" 200 42981 "-" "Mozilla/5.0 (Windows NT 10.0; WOW64; Trident/7.0; rv:11.0) like Gecko"
14.153.8.194 - - [25/Jan/2025:07:35:44 -0600] "HEAD /programa-maestro-de-desarrollo/ HTTP/1.1" 200 - "-" "Mozilla/5.0 (Windows NT 10.0; WOW64; Trident/7.0; rv:11.0) like Gecko"
14.153.8.194 - - [25/Jan/2025:07:35:45 -0600] "GET /programa-maestro-de-desarrollo/ HTTP/1.1" 200 42479 "-" "Mozilla/5.0 (Windows NT 10.0; WOW64; Trident/7.0; rv:11.0) like Gecko"
14.153.8.194 - - [25/Jan/2025:07:35:49 -0600] "HEAD /siseg/ HTTP/1.1" 200 - "-" "Mozilla/5.0 (Windows NT 10.0; WOW64; Trident/7.0; rv:11.0) like Gecko"
14.153.8.194 - - [25/Jan/2025:07:35:51 -0600] "GET /siseg/ HTTP/1.1" 200 41580 "-" "Mozilla/5.0 (Windows NT 10.0; WOW64; Trident/7.0; rv:11.0) like Gecko"
14.153.8.194 - - [25/Jan/2025:07:35:53 -0600] "HEAD /servicios/ HTTP/1.1" 200 - "-" "Mozilla/5.0 (Windows NT 10.0; WOW64; Trident/7.0; rv:11.0) like Gecko"
14.153.8.194 - - [25/Jan/2025:07:35:56 -0600] "GET /servicios/ HTTP/1.1" 200 41556 "-" "Mozilla/5.0 (Windows NT 10.0; WOW64; Trident/7.0; rv:11.0) like Gecko"
14.153.8.194 - - [25/Jan/2025:07:36:00 -0600] "HEAD /infraestructura-2/ HTTP/1.1" 200 - "-" "Mozilla/5.0 (Windows NT 10.0; WOW64; Trident/7.0; rv:11.0) like Gecko"
14.153.8.194 - - [25/Jan/2025:07:36:01 -0600] "GET /infraestructura-2/ HTTP/1.1" 200 42093 "-" "Mozilla/5.0 (Windows NT 10.0; WOW64; Trident/7.0; rv:11.0) like Gecko"
14.153.8.194 - - [25/Jan/2025:07:36:04 -0600] "HEAD /maniobras-amarre-y-desamarre/ HTTP/1.1" 200 - "-" "Mozilla/5.0 (Windows NT 10.0; WOW64; Trident/7.0; rv:11.0) like Gecko"
14.153.8.194 - - [25/Jan/2025:07:36:06 -0600] "GET /maniobras-amarre-y-desamarre/ HTTP/1.1" 200 41915 "-" "Mozilla/5.0 (Windows NT 10.0; WOW64; Trident/7.0; rv:11.0) like Gecko"
184.154.167.98 - - [25/Jan/2025:07:40:41 -0600] "POST /wp-cron.php?doing_wp_cron=1737812441.4674150943756103515625 HTTP/1.1" 200 - "-" "WordPress/6.5.2; https://puertodetampico.com.mx"
14.153.8.194 - - [25/Jan/2025:07:40:40 -0600] "HEAD / HTTP/1.1" 200 - "-" "Mozilla/5.0 (Windows NT 10.0; WOW64; Trident/7.0; rv:11.0) like Gecko"
14.153.8.194 - - [25/Jan/2025:07:40:44 -0600] "GET / HTTP/1.1" 200 74581 "-" "Mozilla/5.0 (Windows NT 10.0; WOW64; Trident/7.0; rv:11.0) like Gecko"
14.153.8.194 - - [25/Jan/2025:07:41:00 -0600] "HEAD /quienes-somos/ HTTP/1.1" 200 - "-" "Mozilla/5.0 (Windows NT 10.0; WOW64; Trident/7.0; rv:11.0) like Gecko"
14.153.8.194 - - [25/Jan/2025:07:41:04 -0600] "GET /quienes-somos/ HTTP/1.1" 200 45753 "-" "Mozilla/5.0 (Windows NT 10.0; WOW64; Trident/7.0; rv:11.0) like Gecko"
184.154.167.98 - - [25/Jan/2025:07:41:25 -0600] "POST /wp-cron.php?doing_wp_cron=1737812485.1022260189056396484375 HTTP/1.1" 200 - "-" "WordPress/6.5.2; https://puertodetampico.com.mx"
14.153.8.194 - - [25/Jan/2025:07:41:24 -0600] "HEAD /infraestructura./ HTTP/1.1" 200 - "-" "Mozilla/5.0 (Windows NT 10.0; WOW64; Trident/7.0; rv:11.0) like Gecko"
14.153.8.194 - - [25/Jan/2025:07:41:29 -0600] "GET /infraestructura./ HTTP/1.1" 200 40641 "-" "Mozilla/5.0 (Windows NT 10.0; WOW64; Trident/7.0; rv:11.0) like Gecko"
14.153.8.194 - - [25/Jan/2025:07:42:01 -0600] "HEAD / HTTP/1.1" 200 - "-" "Mozilla/5.0 (Windows NT 10.0; WOW64; Trident/7.0; rv:11.0) like Gecko"
14.153.8.194 - - [25/Jan/2025:07:42:38 -0600] "HEAD /programa-operativo-anual/ HTTP/1.1" 200 - "-" "Mozilla/5.0 (Windows NT 10.0; WOW64; Trident/7.0; rv:11.0) like Gecko"
14.153.8.194 - - [25/Jan/2025:07:42:40 -0600] "GET /programa-operativo-anual/ HTTP/1.1" 200 42981 "-" "Mozilla/5.0 (Windows NT 10.0; WOW64; Trident/7.0; rv:11.0) like Gecko"
14.153.8.194 - - [25/Jan/2025:07:42:43 -0600] "HEAD /programa-maestro-de-desarrollo/ HTTP/1.1" 200 - "-" "Mozilla/5.0 (Windows NT 10.0; WOW64; Trident/7.0; rv:11.0) like Gecko"
14.153.8.194 - - [25/Jan/2025:07:42:45 -0600] "GET /programa-maestro-de-desarrollo/ HTTP/1.1" 200 42479 "-" "Mozilla/5.0 (Windows NT 10.0; WOW64; Trident/7.0; rv:11.0) like Gecko"
14.153.8.194 - - [25/Jan/2025:07:42:49 -0600] "HEAD /siseg/ HTTP/1.1" 200 - "-" "Mozilla/5.0 (Windows NT 10.0; WOW64; Trident/7.0; rv:11.0) like Gecko"
14.153.8.194 - - [25/Jan/2025:07:42:50 -0600] "GET /siseg/ HTTP/1.1" 200 41580 "-" "Mozilla/5.0 (Windows NT 10.0; WOW64; Trident/7.0; rv:11.0) like Gecko"
14.153.8.194 - - [25/Jan/2025:07:42:54 -0600] "HEAD /servicios/ HTTP/1.1" 200 - "-" "Mozilla/5.0 (Windows NT 10.0; WOW64; Trident/7.0; rv:11.0) like Gecko"
66.249.73.224 - - [25/Jan/2025:07:42:56 -0600] "GET /22.php?belekmata=/home/puertode/fotografico/appdata_oc4fxh12ohxu/preview/8/e HTTP/1.1" 200 2372 "-" "Mozilla/5.0 (Linux; Android 6.0.1; Nexus 5X Build/MMB29P) AppleWebKit/537.36 (KHTML, like Gecko) Chrome/132.0.6834.83 Mobile Safari/537.36 (compatible; GoogleOther)"
14.153.8.194 - - [25/Jan/2025:07:42:57 -0600] "GET /servicios/ HTTP/1.1" 200 41556 "-" "Mozilla/5.0 (Windows NT 10.0; WOW64; Trident/7.0; rv:11.0) like Gecko"
14.153.8.194 - - [25/Jan/2025:07:43:08 -0600] "HEAD / HTTP/1.1" 200 - "-" "Mozilla/5.0 (Windows NT 10.0; WOW64; Trident/7.0; rv:11.0) like Gecko"
14.153.8.194 - - [25/Jan/2025:07:43:09 -0600] "GET / HTTP/1.1" 200 74581 "-" "Mozilla/5.0 (Windows NT 10.0; WOW64; Trident/7.0; rv:11.0) like Gecko"
14.153.8.194 - - [25/Jan/2025:07:43:28 -0600] "HEAD /infraestructura-2/ HTTP/1.1" 200 - "-" "Mozilla/5.0 (Windows NT 10.0; WOW64; Trident/7.0; rv:11.0) like Gecko"
14.153.8.194 - - [25/Jan/2025:07:43:31 -0600] "GET /infraestructura-2/ HTTP/1.1" 200 42093 "-" "Mozilla/5.0 (Windows NT 10.0; WOW64; Trident/7.0; rv:11.0) like Gecko"
14.153.8.194 - - [25/Jan/2025:07:43:38 -0600] "HEAD /quienes-somos/ HTTP/1.1" 200 - "-" "Mozilla/5.0 (Windows NT 10.0; WOW64; Trident/7.0; rv:11.0) like Gecko"
14.153.8.194 - - [25/Jan/2025:07:43:39 -0600] "HEAD /maniobras-amarre-y-desamarre/ HTTP/1.1" 200 - "-" "Mozilla/5.0 (Windows NT 10.0; WOW64; Trident/7.0; rv:11.0) like Gecko"
14.153.8.194 - - [25/Jan/2025:07:43:39 -0600] "GET /quienes-somos/ HTTP/1.1" 200 45753 "-" "Mozilla/5.0 (Windows NT 10.0; WOW64; Trident/7.0; rv:11.0) like Gecko"
14.153.8.194 - - [25/Jan/2025:07:43:40 -0600] "GET /maniobras-amarre-y-desamarre/ HTTP/1.1" 200 41915 "-" "Mozilla/5.0 (Windows NT 10.0; WOW64; Trident/7.0; rv:11.0) like Gecko"
14.153.8.194 - - [25/Jan/2025:07:43:44 -0600] "HEAD /infraestructura./ HTTP/1.1" 200 - "-" "Mozilla/5.0 (Windows NT 10.0; WOW64; Trident/7.0; rv:11.0) like Gecko"
14.153.8.194 - - [25/Jan/2025:07:43:46 -0600] "GET /infraestructura./ HTTP/1.1" 200 40641 "-" "Mozilla/5.0 (Windows NT 10.0; WOW64; Trident/7.0; rv:11.0) like Gecko"
14.153.8.194 - - [25/Jan/2025:07:43:50 -0600] "HEAD / HTTP/1.1" 200 - "-" "Mozilla/5.0 (Windows NT 10.0; WOW64; Trident/7.0; rv:11.0) like Gecko"
14.153.8.194 - - [25/Jan/2025:07:43:51 -0600] "GET / HTTP/1.1" 200 74581 "-" "Mozilla/5.0 (Windows NT 10.0; WOW64; Trident/7.0; rv:11.0) like Gecko"
14.153.8.194 - - [25/Jan/2025:07:44:01 -0600] "HEAD /programa-operativo-anual/ HTTP/1.1" 200 - "-" "Mozilla/5.0 (Windows NT 10.0; WOW64; Trident/7.0; rv:11.0) like Gecko"
14.153.8.194 - - [25/Jan/2025:07:44:03 -0600] "GET /programa-operativo-anual/ HTTP/1.1" 200 42981 "-" "Mozilla/5.0 (Windows NT 10.0; WOW64; Trident/7.0; rv:11.0) like Gecko"
14.153.8.194 - - [25/Jan/2025:07:44:06 -0600] "HEAD /programa-maestro-de-desarrollo/ HTTP/1.1" 200 - "-" "Mozilla/5.0 (Windows NT 10.0; WOW64; Trident/7.0; rv:11.0) like Gecko"
14.153.8.194 - - [25/Jan/2025:07:44:07 -0600] "GET /programa-maestro-de-desarrollo/ HTTP/1.1" 200 42479 "-" "Mozilla/5.0 (Windows NT 10.0; WOW64; Trident/7.0; rv:11.0) like Gecko"
14.153.8.194 - - [25/Jan/2025:07:44:10 -0600] "HEAD /siseg/ HTTP/1.1" 200 - "-" "Mozilla/5.0 (Windows NT 10.0; WOW64; Trident/7.0; rv:11.0) like Gecko"
14.153.8.194 - - [25/Jan/2025:07:44:11 -0600] "GET /siseg/ HTTP/1.1" 200 41580 "-" "Mozilla/5.0 (Windows NT 10.0; WOW64; Trident/7.0; rv:11.0) like Gecko"
14.153.8.194 - - [25/Jan/2025:07:44:14 -0600] "HEAD /servicios/ HTTP/1.1" 200 - "-" "Mozilla/5.0 (Windows NT 10.0; WOW64; Trident/7.0; rv:11.0) like Gecko"
14.153.8.194 - - [25/Jan/2025:07:44:15 -0600] "GET /servicios/ HTTP/1.1" 200 41556 "-" "Mozilla/5.0 (Windows NT 10.0; WOW64; Trident/7.0; rv:11.0) like Gecko"
14.153.8.194 - - [25/Jan/2025:07:44:18 -0600] "HEAD /infraestructura-2/ HTTP/1.1" 200 - "-" "Mozilla/5.0 (Windows NT 10.0; WOW64; Trident/7.0; rv:11.0) like Gecko"
14.153.8.194 - - [25/Jan/2025:07:44:21 -0600] "GET /infraestructura-2/ HTTP/1.1" 200 42093 "-" "Mozilla/5.0 (Windows NT 10.0; WOW64; Trident/7.0; rv:11.0) like Gecko"
14.153.8.194 - - [25/Jan/2025:07:44:24 -0600] "HEAD /maniobras-amarre-y-desamarre/ HTTP/1.1" 200 - "-" "Mozilla/5.0 (Windows NT 10.0; WOW64; Trident/7.0; rv:11.0) like Gecko"
14.153.8.194 - - [25/Jan/2025:07:44:25 -0600] "GET /maniobras-amarre-y-desamarre/ HTTP/1.1" 200 41915 "-" "Mozilla/5.0 (Windows NT 10.0; WOW64; Trident/7.0; rv:11.0) like Gecko"
14.153.8.194 - - [25/Jan/2025:07:42:05 -0600] "GET / HTTP/1.1" 200 74581 "-" "Mozilla/5.0 (Windows NT 10.0; WOW64; Trident/7.0; rv:11.0) like Gecko"
66.249.73.237 - - [25/Jan/2025:07:45:12 -0600] "GET /22.php?belekmata=%2Fhome%2Fpuertode%2Ffotografico%2Fappdata_oc4fxh12ohxu%2Fpreview%2F9%2Fd%2Ff HTTP/1.1" 200 2329 "-" "Mozilla/5.0 (Linux; Android 6.0.1; Nexus 5X Build/MMB29P) AppleWebKit/537.36 (KHTML, like Gecko) Chrome/132.0.6834.83 Mobile Safari/537.36 (compatible; GoogleOther)"
89.22.225.223 - - [25/Jan/2025:07:46:06 -0600] "GET /statistics/42-statistics HTTP/1.0" 404 74604 "https://myjaxxwallet.us" "Mozilla/5.0 (Windows NT 6.3; WOW64) AppleWebKit/537.36 (KHTML, like Gecko) Chrome/103.0.5060.114 Safari/537.36"
89.22.225.223 - - [25/Jan/2025:07:46:07 -0600] "GET /42-statistics HTTP/1.0" 404 74604 "https://myjaxxwallet.us" "Mozilla/5.0 (Windows NT 6.3; WOW64) AppleWebKit/537.36 (KHTML, like Gecko) Chrome/103.0.5060.114 Safari/537.36"
66.249.73.237 - - [25/Jan/2025:07:48:35 -0600] "GET /podcast/xx/index.php?lokasie=/home/puertode/mail/.mailbox_format.cpanel//dovecot-uidlist&loknya=/home/puertode/mail/.mailbox_format.cpanel/ HTTP/1.1" 200 6213 "-" "Mozilla/5.0 (Linux; Android 6.0.1; Nexus 5X Build/MMB29P) AppleWebKit/537.36 (KHTML, like Gecko) Chrome/132.0.6834.83 Mobile Safari/537.36 (compatible; GoogleOther)"
14.153.8.194 - - [25/Jan/2025:07:48:38 -0600] "HEAD / HTTP/1.1" 200 - "-" "Mozilla/5.0 (Windows NT 10.0; WOW64; Trident/7.0; rv:11.0) like Gecko"
14.153.8.194 - - [25/Jan/2025:07:48:39 -0600] "GET / HTTP/1.1" 200 74581 "-" "Mozilla/5.0 (Windows NT 10.0; WOW64; Trident/7.0; rv:11.0) like Gecko"
14.153.8.194 - - [25/Jan/2025:07:48:53 -0600] "HEAD /quienes-somos/ HTTP/1.1" 200 - "-" "Mozilla/5.0 (Windows NT 10.0; WOW64; Trident/7.0; rv:11.0) like Gecko"
14.153.8.194 - - [25/Jan/2025:07:48:54 -0600] "GET /quienes-somos/ HTTP/1.1" 200 45753 "-" "Mozilla/5.0 (Windows NT 10.0; WOW64; Trident/7.0; rv:11.0) like Gecko"
14.153.8.194 - - [25/Jan/2025:07:48:58 -0600] "HEAD /infraestructura./ HTTP/1.1" 200 - "-" "Mozilla/5.0 (Windows NT 10.0; WOW64; Trident/7.0; rv:11.0) like Gecko"
14.153.8.194 - - [25/Jan/2025:07:48:59 -0600] "GET /infraestructura./ HTTP/1.1" 200 40641 "-" "Mozilla/5.0 (Windows NT 10.0; WOW64; Trident/7.0; rv:11.0) like Gecko"
14.153.8.194 - - [25/Jan/2025:07:49:02 -0600] "HEAD / HTTP/1.1" 200 - "-" "Mozilla/5.0 (Windows NT 10.0; WOW64; Trident/7.0; rv:11.0) like Gecko"
14.153.8.194 - - [25/Jan/2025:07:49:05 -0600] "GET / HTTP/1.1" 200 74581 "-" "Mozilla/5.0 (Windows NT 10.0; WOW64; Trident/7.0; rv:11.0) like Gecko"
14.153.8.194 - - [25/Jan/2025:07:49:17 -0600] "HEAD /programa-operativo-anual/ HTTP/1.1" 200 - "-" "Mozilla/5.0 (Windows NT 10.0; WOW64; Trident/7.0; rv:11.0) like Gecko"
14.153.8.194 - - [25/Jan/2025:07:49:18 -0600] "GET /programa-operativo-anual/ HTTP/1.1" 200 42981 "-" "Mozilla/5.0 (Windows NT 10.0; WOW64; Trident/7.0; rv:11.0) like Gecko"
14.153.8.194 - - [25/Jan/2025:07:49:21 -0600] "HEAD /programa-maestro-de-desarrollo/ HTTP/1.1" 200 - "-" "Mozilla/5.0 (Windows NT 10.0; WOW64; Trident/7.0; rv:11.0) like Gecko"
14.153.8.194 - - [25/Jan/2025:07:49:22 -0600] "GET /programa-maestro-de-desarrollo/ HTTP/1.1" 200 42479 "-" "Mozilla/5.0 (Windows NT 10.0; WOW64; Trident/7.0; rv:11.0) like Gecko"
14.153.8.194 - - [25/Jan/2025:07:49:25 -0600] "HEAD /siseg/ HTTP/1.1" 200 - "-" "Mozilla/5.0 (Windows NT 10.0; WOW64; Trident/7.0; rv:11.0) like Gecko"
14.153.8.194 - - [25/Jan/2025:07:49:26 -0600] "GET /siseg/ HTTP/1.1" 200 41580 "-" "Mozilla/5.0 (Windows NT 10.0; WOW64; Trident/7.0; rv:11.0) like Gecko"
14.153.8.194 - - [25/Jan/2025:07:49:30 -0600] "HEAD /servicios/ HTTP/1.1" 200 - "-" "Mozilla/5.0 (Windows NT 10.0; WOW64; Trident/7.0; rv:11.0) like Gecko"
14.153.8.194 - - [25/Jan/2025:07:49:31 -0600] "GET /servicios/ HTTP/1.1" 200 41556 "-" "Mozilla/5.0 (Windows NT 10.0; WOW64; Trident/7.0; rv:11.0) like Gecko"
14.153.8.194 - - [25/Jan/2025:07:49:34 -0600] "HEAD /infraestructura-2/ HTTP/1.1" 200 - "-" "Mozilla/5.0 (Windows NT 10.0; WOW64; Trident/7.0; rv:11.0) like Gecko"
14.153.8.194 - - [25/Jan/2025:07:49:35 -0600] "GET /infraestructura-2/ HTTP/1.1" 200 42093 "-" "Mozilla/5.0 (Windows NT 10.0; WOW64; Trident/7.0; rv:11.0) like Gecko"
14.153.8.194 - - [25/Jan/2025:07:49:38 -0600] "HEAD /maniobras-amarre-y-desamarre/ HTTP/1.1" 200 - "-" "Mozilla/5.0 (Windows NT 10.0; WOW64; Trident/7.0; rv:11.0) like Gecko"
138.84.45.107 - - [25/Jan/2025:07:49:41 -0600] "GET / HTTP/1.1" 200 74604 "https://www.google.com/" "Mozilla/5.0 (iPhone; CPU iPhone OS 18_1_1 like Mac OS X) AppleWebKit/605.1.15 (KHTML, like Gecko) CriOS/132.0.6834.100 Mobile/15E148 Safari/604.1"
14.153.8.194 - - [25/Jan/2025:07:49:42 -0600] "GET /maniobras-amarre-y-desamarre/ HTTP/1.1" 200 41915 "-" "Mozilla/5.0 (Windows NT 10.0; WOW64; Trident/7.0; rv:11.0) like Gecko"
184.154.167.98 - - [25/Jan/2025:07:59:32 -0600] "POST /wp-cron.php?doing_wp_cron=1737813572.2424070835113525390625 HTTP/1.1" 200 - "-" "WordPress/6.5.2; https://puertodetampico.com.mx"
14.153.8.194 - - [25/Jan/2025:07:59:31 -0600] "HEAD / HTTP/1.1" 200 - "-" "Mozilla/5.0 (Windows NT 10.0; WOW64; Trident/7.0; rv:11.0) like Gecko"
14.153.8.194 - - [25/Jan/2025:07:59:34 -0600] "GET / HTTP/1.1" 200 74581 "-" "Mozilla/5.0 (Windows NT 10.0; WOW64; Trident/7.0; rv:11.0) like Gecko"
14.153.8.194 - - [25/Jan/2025:07:59:52 -0600] "HEAD /quienes-somos/ HTTP/1.1" 200 - "-" "Mozilla/5.0 (Windows NT 10.0; WOW64; Trident/7.0; rv:11.0) like Gecko"
14.153.8.194 - - [25/Jan/2025:07:59:54 -0600] "GET /quienes-somos/ HTTP/1.1" 200 45753 "-" "Mozilla/5.0 (Windows NT 10.0; WOW64; Trident/7.0; rv:11.0) like Gecko"
14.153.8.194 - - [25/Jan/2025:08:00:29 -0600] "HEAD /infraestructura./ HTTP/1.1" 200 - "-" "Mozilla/5.0 (Windows NT 10.0; WOW64; Trident/7.0; rv:11.0) like Gecko"
14.153.8.194 - - [25/Jan/2025:08:00:32 -0600] "GET /infraestructura./ HTTP/1.1" 200 40641 "-" "Mozilla/5.0 (Windows NT 10.0; WOW64; Trident/7.0; rv:11.0) like Gecko"
14.153.8.194 - - [25/Jan/2025:08:00:35 -0600] "HEAD / HTTP/1.1" 200 - "-" "Mozilla/5.0 (Windows NT 10.0; WOW64; Trident/7.0; rv:11.0) like Gecko"
14.153.8.194 - - [25/Jan/2025:08:00:36 -0600] "GET / HTTP/1.1" 200 74581 "-" "Mozilla/5.0 (Windows NT 10.0; WOW64; Trident/7.0; rv:11.0) like Gecko"
14.153.8.194 - - [25/Jan/2025:08:00:47 -0600] "HEAD /programa-operativo-anual/ HTTP/1.1" 200 - "-" "Mozilla/5.0 (Windows NT 10.0; WOW64; Trident/7.0; rv:11.0) like Gecko"
14.153.8.194 - - [25/Jan/2025:08:00:48 -0600] "GET /programa-operativo-anual/ HTTP/1.1" 200 42981 "-" "Mozilla/5.0 (Windows NT 10.0; WOW64; Trident/7.0; rv:11.0) like Gecko"
14.153.8.194 - - [25/Jan/2025:08:00:51 -0600] "HEAD /programa-maestro-de-desarrollo/ HTTP/1.1" 200 - "-" "Mozilla/5.0 (Windows NT 10.0; WOW64; Trident/7.0; rv:11.0) like Gecko"
14.153.8.194 - - [25/Jan/2025:08:00:52 -0600] "GET /programa-maestro-de-desarrollo/ HTTP/1.1" 200 42479 "-" "Mozilla/5.0 (Windows NT 10.0; WOW64; Trident/7.0; rv:11.0) like Gecko"
184.154.167.98 - - [25/Jan/2025:08:01:28 -0600] "POST /wp-cron.php?doing_wp_cron=1737813688.6477661132812500000000 HTTP/1.1" 200 - "-" "WordPress/6.5.2; https://puertodetampico.com.mx"
14.153.8.194 - - [25/Jan/2025:08:01:28 -0600] "HEAD /siseg/ HTTP/1.1" 200 - "-" "Mozilla/5.0 (Windows NT 10.0; WOW64; Trident/7.0; rv:11.0) like Gecko"
14.153.8.194 - - [25/Jan/2025:08:01:29 -0600] "GET /siseg/ HTTP/1.1" 200 41580 "-" "Mozilla/5.0 (Windows NT 10.0; WOW64; Trident/7.0; rv:11.0) like Gecko"
14.153.8.194 - - [25/Jan/2025:08:01:32 -0600] "HEAD /servicios/ HTTP/1.1" 200 - "-" "Mozilla/5.0 (Windows NT 10.0; WOW64; Trident/7.0; rv:11.0) like Gecko"
14.153.8.194 - - [25/Jan/2025:08:01:33 -0600] "GET /servicios/ HTTP/1.1" 200 41556 "-" "Mozilla/5.0 (Windows NT 10.0; WOW64; Trident/7.0; rv:11.0) like Gecko"
14.153.8.194 - - [25/Jan/2025:08:01:37 -0600] "HEAD /infraestructura-2/ HTTP/1.1" 200 - "-" "Mozilla/5.0 (Windows NT 10.0; WOW64; Trident/7.0; rv:11.0) like Gecko"
14.153.8.194 - - [25/Jan/2025:08:01:38 -0600] "GET /infraestructura-2/ HTTP/1.1" 200 42093 "-" "Mozilla/5.0 (Windows NT 10.0; WOW64; Trident/7.0; rv:11.0) like Gecko"
14.153.8.194 - - [25/Jan/2025:08:01:41 -0600] "HEAD /maniobras-amarre-y-desamarre/ HTTP/1.1" 200 - "-" "Mozilla/5.0 (Windows NT 10.0; WOW64; Trident/7.0; rv:11.0) like Gecko"
14.153.8.194 - - [25/Jan/2025:08:01:42 -0600] "GET /maniobras-amarre-y-desamarre/ HTTP/1.1" 200 41915 "-" "Mozilla/5.0 (Windows NT 10.0; WOW64; Trident/7.0; rv:11.0) like Gecko"
66.249.75.233 - - [25/Jan/2025:08:06:22 -0600] "GET /wp-content/uploads/2023/04/J3D_PC_IV_TRIM2022.pdf HTTP/1.1" 200 50983 "-" "Mozilla/5.0 AppleWebKit/537.36 (KHTML, like Gecko; compatible; GoogleOther) Chrome/132.0.6834.83 Safari/537.36"
66.249.73.237 - - [25/Jan/2025:08:08:02 -0600] "GET /22.php?action=edit&file=3acc-044d-user-status-menu.css.deps&belekmata=%2Fhome%2Fpuertode%2Ffotografico%2Fappdata_oc4fxh12ohxu%2Fcss%2Fuser_status HTTP/1.1" 200 1528 "-" "Mozilla/5.0 (Linux; Android 6.0.1; Nexus 5X Build/MMB29P) AppleWebKit/537.36 (KHTML, like Gecko) Chrome/132.0.6834.83 Mobile Safari/537.36 (compatible; GoogleOther)"
66.249.75.232 - - [25/Jan/2025:08:09:38 -0600] "GET /wp-content/uploads/2019/10/EOG_IT.pdf HTTP/1.1" 200 175140 "-" "Mozilla/5.0 AppleWebKit/537.36 (KHTML, like Gecko; compatible; GoogleOther) Chrome/132.0.6834.83 Safari/537.36"
52.167.144.199 - - [25/Jan/2025:08:09:54 -0600] "GET /news/346-dr-jesus-orozco-alfaro-appointed-as-director-general-of-api-tampico HTTP/1.1" 404 74581 "-" "Mozilla/5.0 AppleWebKit/537.36 (KHTML, like Gecko; compatible; bingbot/2.0; +http://www.bing.com/bingbot.htm) Chrome/116.0.1938.76 Safari/537.36"
66.249.73.238 - - [25/Jan/2025:08:10:05 -0600] "GET / HTTP/1.1" 200 74641 "-" "Mozilla/5.0 (Linux; Android 6.0.1; Nexus 5X Build/MMB29P) AppleWebKit/537.36 (KHTML, like Gecko) Chrome/132.0.6834.83 Mobile Safari/537.36 (compatible; Googlebot/2.1; +http://www.google.com/bot.html)"
66.249.73.237 - - [25/Jan/2025:08:10:09 -0600] "GET /22.php?belekmata=/home/puertode/fotografico/appdata_oc4fxh12ohxu/preview/9/d/f HTTP/1.1" 200 2329 "-" "Mozilla/5.0 (Linux; Android 6.0.1; Nexus 5X Build/MMB29P) AppleWebKit/537.36 (KHTML, like Gecko) Chrome/132.0.6834.83 Mobile Safari/537.36 (compatible; GoogleOther)"
66.249.75.233 - - [25/Jan/2025:08:10:28 -0600] "GET /wp-content/plugins/gspeech/includes/js/gspeech_front.js?g_indexsp___eqgspeech_front_script_n127gsp___delg_versiongsp___eq3_8_9gsp___delw_idgsp___eqefa1c038ebf3656c7a3b12b74bf20aa7gsp___dels_encgsp___eq925c32f5942ad8d50c7e5d5ee95b621974a383275fdcbfad311451a47df43e01989ed4fa114bf63968a517f6d91f7d419425aa787156d310f0bbcf9b2b7b710b0f388596gsp___delh_encgsp___eqb5d684d6d3fbcdcf66f630c24d3976468dc40d840acca2d8fc8f009bdc50bb1dgsp___delhh_encgsp___eqa67388f7b9097fd9f717cad0c5bbfb5c3a4f1f2554adf4706c3b4dd96da8af3c7f5b034e86901bd92469864fdd766e0fdb9dbe8f0b5da427d9af1c4a42f8698f453a715cdaac90176e5e7d00a5f9a41d650a5685246553022a22754e9741d9a0600277ce0ec9792afb071ec7e8a374a8gsp___dellazy_loadgsp___eq1gsp___delgt_wgsp___eqgsp_clgtranslate_wrappergsp___delvv_indexgsp___eq10&ver=6.5.2 HTTP/1.1" 200 4810 "http://mail.puertodetampico.com.mx/" "Mozilla/5.0 (Linux; Android 6.0.1; Nexus 5X Build/MMB29P) AppleWebKit/537.36 (KHTML, like Gecko) Chrome/131.0.6778.204 Mobile Safari/537.36 (compatible; Googlebot/2.1; +http://www.google.com/bot.html)"
66.249.75.232 - - [25/Jan/2025:08:10:32 -0600] "GET /wp-content/plugins/pojo-accessibility/assets/js/app.min.js?ver=1.0.0 HTTP/1.1" 200 5313 "http://mail.puertodetampico.com.mx/" "Mozilla/5.0 (Linux; Android 6.0.1; Nexus 5X Build/MMB29P) AppleWebKit/537.36 (KHTML, like Gecko) Chrome/131.0.6778.204 Mobile Safari/537.36 (compatible; Googlebot/2.1; +http://www.google.com/bot.html)"
66.249.75.232 - - [25/Jan/2025:08:10:40 -0600] "GET /wp-content/uploads/2023/04/J3D_EACF_IV_TRIM2022.pdf HTTP/1.1" 200 66444 "-" "Mozilla/5.0 AppleWebKit/537.36 (KHTML, like Gecko; compatible; GoogleOther) Chrome/132.0.6834.83 Safari/537.36"
66.249.73.237 - - [25/Jan/2025:08:12:28 -0600] "GET /22.php?belekmata=%2Fhome%2Fpuertode%2Ffotografico%2Fappdata_oc4fxh12ohxu%2Fpreview%2F9%2Fd%2Ff%2Fc HTTP/1.1" 200 2426 "-" "Mozilla/5.0 (Linux; Android 6.0.1; Nexus 5X Build/MMB29P) AppleWebKit/537.36 (KHTML, like Gecko) Chrome/132.0.6834.83 Mobile Safari/537.36 (compatible; GoogleOther)"
184.154.167.98 - - [25/Jan/2025:08:15:49 -0600] "POST /wp-cron.php?doing_wp_cron=1737814549.8718369007110595703125 HTTP/1.1" 200 - "-" "WordPress/6.5.2; https://puertodetampico.com.mx"
66.249.75.233 - - [25/Jan/2025:08:15:49 -0600] "GET /sitemap-5.xml HTTP/1.1" 404 74581 "-" "Mozilla/5.0 (compatible; Googlebot/2.1; +http://www.google.com/bot.html)"
66.249.73.237 - - [25/Jan/2025:08:16:16 -0600] "GET /22.php?belekmata=/home/puertode/www/mesa/include/laminas-mail/src/Protocol/Pop3/Xoauth2 HTTP/1.1" 200 2521 "-" "Mozilla/5.0 (Linux; Android 6.0.1; Nexus 5X Build/MMB29P) AppleWebKit/537.36 (KHTML, like Gecko) Chrome/132.0.6834.83 Mobile Safari/537.36 (compatible; GoogleOther)"
184.154.167.98 - - [25/Jan/2025:08:19:13 -0600] "POST /wp-cron.php?doing_wp_cron=1737814753.8492510318756103515625 HTTP/1.1" 200 - "-" "WordPress/6.5.2; https://puertodetampico.com.mx"
14.153.8.194 - - [25/Jan/2025:08:19:13 -0600] "HEAD / HTTP/1.1" 200 - "-" "Mozilla/5.0 (Windows NT 10.0; WOW64; Trident/7.0; rv:11.0) like Gecko"
14.153.8.194 - - [25/Jan/2025:08:19:15 -0600] "GET / HTTP/1.1" 200 74581 "-" "Mozilla/5.0 (Windows NT 10.0; WOW64; Trident/7.0; rv:11.0) like Gecko"
14.153.8.194 - - [25/Jan/2025:08:19:41 -0600] "HEAD /quienes-somos/ HTTP/1.1" 200 - "-" "Mozilla/5.0 (Windows NT 10.0; WOW64; Trident/7.0; rv:11.0) like Gecko"
14.153.8.194 - - [25/Jan/2025:08:19:42 -0600] "GET /quienes-somos/ HTTP/1.1" 200 45753 "-" "Mozilla/5.0 (Windows NT 10.0; WOW64; Trident/7.0; rv:11.0) like Gecko"
14.153.8.194 - - [25/Jan/2025:08:19:46 -0600] "HEAD /infraestructura./ HTTP/1.1" 200 - "-" "Mozilla/5.0 (Windows NT 10.0; WOW64; Trident/7.0; rv:11.0) like Gecko"
14.153.8.194 - - [25/Jan/2025:08:19:47 -0600] "GET /infraestructura./ HTTP/1.1" 200 40641 "-" "Mozilla/5.0 (Windows NT 10.0; WOW64; Trident/7.0; rv:11.0) like Gecko"
14.153.8.194 - - [25/Jan/2025:08:19:50 -0600] "HEAD / HTTP/1.1" 200 - "-" "Mozilla/5.0 (Windows NT 10.0; WOW64; Trident/7.0; rv:11.0) like Gecko"
14.153.8.194 - - [25/Jan/2025:08:20:06 -0600] "GET / HTTP/1.1" 200 74581 "-" "Mozilla/5.0 (Windows NT 10.0; WOW64; Trident/7.0; rv:11.0) like Gecko"
14.153.8.194 - - [25/Jan/2025:08:20:21 -0600] "HEAD /programa-operativo-anual/ HTTP/1.1" 200 - "-" "Mozilla/5.0 (Windows NT 10.0; WOW64; Trident/7.0; rv:11.0) like Gecko"
14.153.8.194 - - [25/Jan/2025:08:20:22 -0600] "GET /programa-operativo-anual/ HTTP/1.1" 200 42981 "-" "Mozilla/5.0 (Windows NT 10.0; WOW64; Trident/7.0; rv:11.0) like Gecko"
14.153.8.194 - - [25/Jan/2025:08:20:27 -0600] "HEAD /programa-maestro-de-desarrollo/ HTTP/1.1" 200 - "-" "Mozilla/5.0 (Windows NT 10.0; WOW64; Trident/7.0; rv:11.0) like Gecko"
14.153.8.194 - - [25/Jan/2025:08:20:28 -0600] "GET /programa-maestro-de-desarrollo/ HTTP/1.1" 200 42479 "-" "Mozilla/5.0 (Windows NT 10.0; WOW64; Trident/7.0; rv:11.0) like Gecko"
14.153.8.194 - - [25/Jan/2025:08:20:33 -0600] "HEAD /siseg/ HTTP/1.1" 200 - "-" "Mozilla/5.0 (Windows NT 10.0; WOW64; Trident/7.0; rv:11.0) like Gecko"
14.153.8.194 - - [25/Jan/2025:08:20:35 -0600] "GET /siseg/ HTTP/1.1" 200 41580 "-" "Mozilla/5.0 (Windows NT 10.0; WOW64; Trident/7.0; rv:11.0) like Gecko"
