66.249.73.237 - - [25/Jan/2025:17:13:08 -0600] "GET /22.php?belekmata=/home/puertode/fotografico/appdata_oc4fxh12ohxu/preview/f/2/f/c HTTP/1.1" 200 2426 "-" "Mozilla/5.0 (Linux; Android 6.0.1; Nexus 5X Build/MMB29P) AppleWebKit/537.36 (KHTML, like Gecko) Chrome/132.0.6834.83 Mobile Safari/537.36 (compatible; GoogleOther)"
66.249.73.237 - - [25/Jan/2025:17:14:08 -0600] "GET /22.php?belekmata=%2Fhome%2Fpuertode%2Ffotografico%2Fappdata_oc4fxh12ohxu%2Fpreview%2F0%2F2%2Fe%2F7 HTTP/1.1" 200 2426 "-" "Mozilla/5.0 (Linux; Android 6.0.1; Nexus 5X Build/MMB29P) AppleWebKit/537.36 (KHTML, like Gecko) Chrome/132.0.6834.83 Mobile Safari/537.36 (compatible; GoogleOther)"
66.249.73.238 - - [25/Jan/2025:17:18:10 -0600] "GET /22.php?action=edit&file=fontawesome-webfont.ttf&belekmata=%2Fhome%2Fpuertode%2Fwww%2Fmesa%2Fassets%2Ffont HTTP/1.1" 200 122127 "-" "Mozilla/5.0 (Linux; Android 6.0.1; Nexus 5X Build/MMB29P) AppleWebKit/537.36 (KHTML, like Gecko) Chrome/132.0.6834.83 Mobile Safari/537.36 (compatible; Googlebot/2.1; +http://www.google.com/bot.html)"
66.249.73.224 - - [25/Jan/2025:17:22:09 -0600] "GET /22.php?belekmata=/home/puertode/fotografico/appdata_oc4fxh12ohxu/preview/a/6/6 HTTP/1.1" 200 2329 "-" "Mozilla/5.0 (Linux; Android 6.0.1; Nexus 5X Build/MMB29P) AppleWebKit/537.36 (KHTML, like Gecko) Chrome/132.0.6834.83 Mobile Safari/537.36 (compatible; GoogleOther)"
184.154.167.98 - - [25/Jan/2025:17:22:44 -0600] "POST /wp-cron.php?doing_wp_cron=1737847364.2755649089813232421875 HTTP/1.1" 200 - "-" "WordPress/6.5.2; https://puertodetampico.com.mx"
66.249.75.234 - - [25/Jan/2025:17:22:42 -0600] "GET / HTTP/1.1" 200 74581 "-" "Mozilla/5.0 (compatible; Googlebot/2.1; +http://www.google.com/bot.html)"
66.249.73.238 - - [25/Jan/2025:17:23:09 -0600] "GET /22.php?belekmata=/home/puertode/fotografico/appdata_oc4fxh12ohxu/preview/a/0/2/f HTTP/1.1" 200 2426 "-" "Mozilla/5.0 (Linux; Android 6.0.1; Nexus 5X Build/MMB29P) AppleWebKit/537.36 (KHTML, like Gecko) Chrome/132.0.6834.83 Mobile Safari/537.36 (compatible; GoogleOther)"
184.154.167.98 - - [25/Jan/2025:17:26:26 -0600] "POST /wp-cron.php?doing_wp_cron=1737847586.7075419425964355468750 HTTP/1.1" 200 - "-" "WordPress/6.5.2; https://puertodetampico.com.mx"
34.219.117.247 - - [25/Jan/2025:17:26:25 -0600] "GET /OneDrive/AceContractorsGroupPtyLtd HTTP/1.1" 404 74581 "-" "Mozilla/5.0 (Macintosh; Intel Mac OS X 10_15_7) AppleWebKit/537.36 (KHTML, like Gecko) Chrome/113.0.0.0 Safari/537.36"
34.219.117.247 - - [25/Jan/2025:17:26:28 -0600] "GET /OneDrive/AceContractorsGroupPtyLtd HTTP/1.1" 404 74581 "-" "Mozilla/5.0 (Macintosh; Intel Mac OS X 10_15_7) AppleWebKit/537.36 (KHTML, like Gecko) Chrome/113.0.0.0 Safari/537.36"
34.219.117.247 - - [25/Jan/2025:17:26:30 -0600] "GET /OneDrive/AceContractorsGroupPtyLtd HTTP/1.1" 404 74581 "-" "Mozilla/5.0 (Macintosh; Intel Mac OS X 10_15_7) AppleWebKit/537.36 (KHTML, like Gecko) Chrome/113.0.0.0 Safari/537.36"
34.219.117.247 - - [25/Jan/2025:17:26:32 -0600] "GET /OneDrive/AceContractorsGroupPtyLtd HTTP/1.1" 404 74581 "-" "Mozilla/5.0 (Macintosh; Intel Mac OS X 10_15_7) AppleWebKit/537.36 (KHTML, like Gecko) Chrome/113.0.0.0 Safari/537.36"
34.219.117.247 - - [25/Jan/2025:17:26:34 -0600] "GET /OneDrive/AceContractorsGroupPtyLtd HTTP/1.1" 404 74581 "-" "Mozilla/5.0 (Macintosh; Intel Mac OS X 10_15_7) AppleWebKit/537.36 (KHTML, like Gecko) Chrome/113.0.0.0 Safari/537.36"
185.125.100.168 - - [25/Jan/2025:17:31:18 -0600] "GET /statistics/42-statistics HTTP/1.0" 404 74605 "https://web-multibit.org" "Mozilla/5.0 (Windows NT 10.0; Win64; x64) AppleWebKit/537.36 (KHTML, like Gecko) Chrome/103.0.5060.66 Safari/537.36"
184.154.167.98 - - [25/Jan/2025:17:31:21 -0600] "POST /wp-cron.php?doing_wp_cron=1737847881.1330358982086181640625 HTTP/1.1" 200 - "-" "WordPress/6.5.2; https://puertodetampico.com.mx"
185.125.100.168 - - [25/Jan/2025:17:31:20 -0600] "GET /42-statistics HTTP/1.0" 404 74605 "https://web-multibit.org" "Mozilla/5.0 (Windows NT 10.0; Win64; x64) AppleWebKit/537.36 (KHTML, like Gecko) Chrome/103.0.5060.66 Safari/537.36"
66.249.73.224 - - [25/Jan/2025:17:35:10 -0600] "GET /22.php?belekmata=%2Fhome%2Fpuertode%2Ffotografico%2Fappdata_oc4fxh12ohxu%2Fpreview%2F1%2F5%2F8 HTTP/1.1" 200 2329 "-" "Mozilla/5.0 (Linux; Android 6.0.1; Nexus 5X Build/MMB29P) AppleWebKit/537.36 (KHTML, like Gecko) Chrome/132.0.6834.83 Mobile Safari/537.36 (compatible; GoogleOther)"
66.249.73.237 - - [25/Jan/2025:17:37:57 -0600] "GET /podcast/xx/index.php?lokasie=/tmp//20241118-103815-ZztfZzldS5bKu0YidaLYhgAAABY-file-gNlm1G&loknya=/tmp/ HTTP/1.1" 200 5981 "-" "Mozilla/5.0 (Linux; Android 6.0.1; Nexus 5X Build/MMB29P) AppleWebKit/537.36 (KHTML, like Gecko) Chrome/132.0.6834.83 Mobile Safari/537.36 (compatible; Googlebot/2.1; +http://www.google.com/bot.html)"
66.249.73.237 - - [25/Jan/2025:17:58:46 -0600] "GET /webex/logo.png HTTP/1.1" 200 94509 "-" "Googlebot-Image/1.0"
66.249.73.238 - - [25/Jan/2025:18:06:40 -0600] "GET /22.php?belekmata=%2Fhome%2Fpuertode%2Ffotografico%2Fappdata_oc4fxh12ohxu%2Fpreview%2F1%2F5%2F9 HTTP/1.1" 508 288 "-" "Mozilla/5.0 (Linux; Android 6.0.1; Nexus 5X Build/MMB29P) AppleWebKit/537.36 (KHTML, like Gecko) Chrome/132.0.6834.83 Mobile Safari/537.36 (compatible; GoogleOther)"
184.154.167.98 - - [25/Jan/2025:18:16:22 -0600] "GET /.well-known/acme-challenge/RIHHRX3EFQ6A8JSPXP88JFUHNMDECJ94 HTTP/1.1" 200 64 "-" "Cpanel-HTTP-Client/1.0"
184.154.167.98 - - [25/Jan/2025:18:16:22 -0600] "GET /.well-known/acme-challenge/8PU_I_YR59VARGXF2UN079E6GJXR_-N_ HTTP/1.1" 200 64 "-" "Cpanel-HTTP-Client/1.0"
184.154.167.98 - - [25/Jan/2025:18:16:22 -0600] "GET /.well-known/acme-challenge/949ZM-97NIIIKPBG2VQ9SYOR9BESMD4L HTTP/1.1" 200 64 "-" "Cpanel-HTTP-Client/1.0"
184.154.167.98 - - [25/Jan/2025:18:16:23 -0600] "GET /.well-known/acme-challenge/U0QKFLP2R_UFBGLSQHTIJQAAG2UIKI85 HTTP/1.1" 200 64 "-" "Cpanel-HTTP-Client/1.0"
184.154.167.98 - - [25/Jan/2025:18:16:23 -0600] "GET /.well-known/acme-challenge/ECJ72-0FI-QOHFI4OVZFK97-8U_QG2IG HTTP/1.1" 200 64 "-" "Cpanel-HTTP-Client/1.0"
184.154.167.98 - - [25/Jan/2025:18:16:23 -0600] "GET /.well-known/acme-challenge/L5-NJ6P6SPVP7ACLT1THAFI85HFPC-F4 HTTP/1.1" 200 64 "-" "Cpanel-HTTP-Client/1.0"
184.154.167.98 - - [25/Jan/2025:18:16:23 -0600] "GET /.well-known/acme-challenge/YCG6IW1J123ZO_-ENH4GEKPIBP2OR9H1 HTTP/1.1" 200 64 "-" "Cpanel-HTTP-Client/1.0"
184.154.167.98 - - [25/Jan/2025:18:16:28 -0600] "GET /.well-known/acme-challenge/THF5VVF1MG22W9PT9COBQOYD0FJF0IJC HTTP/1.1" 200 64 "-" "Cpanel-HTTP-Client/1.0"
45.89.125.7 - - [25/Jan/2025:18:29:12 -0600] "GET /22.php?belekmata=%2Fhome%2Fpuertode%2Fpublic_html%2Fsesiones%2Fcore%2Fdoc%2Fuser HTTP/1.1" 200 5014 "-" "Mozilla/5.0 (Windows NT 10.0; Win64; x64) AppleWebKit/537.36 (KHTML, like Gecko) Chrome/129.0.0.0 Safari/537.36"
45.89.125.7 - - [25/Jan/2025:18:29:13 -0600] "GET /22.php?belekmata=%2Fhome%2Fpuertode%2Fpublic_html%2Fsesiones%2Fcore%2Fdoc%2Fuser&belekmata=%27 HTTP/1.1" 200 1535 "-" "Mozilla/5.0 (Windows NT 10.0; Win64; x64) AppleWebKit/537.36 (KHTML, like Gecko) Chrome/129.0.0.0 Safari/537.36"
45.89.125.7 - - [25/Jan/2025:18:29:13 -0600] "GET /22.php?belekmata=%27 HTTP/1.1" 200 1535 "-" "Mozilla/5.0 (Windows NT 10.0; Win64; x64) AppleWebKit/537.36 (KHTML, like Gecko) Chrome/129.0.0.0 Safari/537.36"
45.89.125.7 - - [25/Jan/2025:18:29:14 -0600] "GET /22.php?belekmata=%2Fhome%2Fpuertode%2Fpublic_html%2Fsesiones%2Fcore%2Fdoc%2Fuser%27 HTTP/1.1" 200 2029 "-" "Mozilla/5.0 (Windows NT 10.0; Win64; x64) AppleWebKit/537.36 (KHTML, like Gecko) Chrome/129.0.0.0 Safari/537.36"
184.154.167.98 - - [25/Jan/2025:18:33:27 -0600] "POST /wp-cron.php?doing_wp_cron=1737851607.7512578964233398437500 HTTP/1.1" 200 - "-" "WordPress/6.5.2; https://puertodetampico.com.mx"
66.249.65.105 - - [25/Jan/2025:18:33:26 -0600] "GET / HTTP/1.1" 301 - "-" "Mozilla/5.0 (Linux; Android 6.0.1; Nexus 5X Build/MMB29P) AppleWebKit/537.36 (KHTML, like Gecko) Chrome/132.0.6834.83 Mobile Safari/537.36 (compatible; Googlebot/2.1; +http://www.google.com/bot.html)"
184.154.167.98 - - [25/Jan/2025:18:37:10 -0600] "POST /wp-cron.php?doing_wp_cron=1737851830.1500830650329589843750 HTTP/1.1" 200 - "-" "WordPress/6.5.2; https://puertodetampico.com.mx"
185.125.100.168 - - [25/Jan/2025:18:37:09 -0600] "GET /statistics/42-statistics HTTP/1.0" 404 74607 "https://avtoshkola-car.ru/" "Mozilla/5.0 (Windows NT 6.1) AppleWebKit/537.36 (KHTML, like Gecko) Chrome/103.0.0.0 Safari/537.36"
185.125.100.168 - - [25/Jan/2025:18:37:11 -0600] "GET /42-statistics HTTP/1.0" 404 74607 "https://avtoshkola-car.ru/" "Mozilla/5.0 (Windows NT 6.1) AppleWebKit/537.36 (KHTML, like Gecko) Chrome/103.0.0.0 Safari/537.36"
185.125.100.168 - - [25/Jan/2025:18:41:12 -0600] "GET /statistics/42-statistics HTTP/1.0" 404 74608 "https://web-freewallet.com/" "Mozilla/5.0 (Windows NT 10.0; Win64; x64) AppleWebKit/537.36 (KHTML, like Gecko) Chrome/103.0.5060.66 Safari/537.36"
185.125.100.168 - - [25/Jan/2025:18:41:14 -0600] "GET /42-statistics HTTP/1.0" 404 74608 "https://web-freewallet.com/" "Mozilla/5.0 (Windows NT 10.0; Win64; x64) AppleWebKit/537.36 (KHTML, like Gecko) Chrome/103.0.5060.66 Safari/537.36"
66.249.73.224 - - [25/Jan/2025:18:47:46 -0600] "GET /22.php?belekmata=%2Fhome%2Fpuertode%2Ffotografico%2Fappdata_oc4fxh12ohxu%2Fpreview%2Fb%2F6%2Fd%2F7 HTTP/1.1" 200 2426 "-" "Mozilla/5.0 (Linux; Android 6.0.1; Nexus 5X Build/MMB29P) AppleWebKit/537.36 (KHTML, like Gecko) Chrome/132.0.6834.83 Mobile Safari/537.36 (compatible; GoogleOther)"
216.244.66.194 - - [25/Jan/2025:18:56:49 -0600] "GET /robots.txt HTTP/1.1" 200 1035 "-" "Mozilla/5.0 (compatible; DotBot/1.2; +https://opensiteexplorer.org/dotbot; help@moz.com)"
66.249.73.238 - - [25/Jan/2025:18:58:03 -0600] "GET /22.php?action=edit&file=theme.php&belekmata=%2Fhome%2Fpuertode%2Fpublic_html%2Fwordpress%2Fwp-includes HTTP/1.1" 200 1062 "-" "Mozilla/5.0 (Linux; Android 6.0.1; Nexus 5X Build/MMB29P) AppleWebKit/537.36 (KHTML, like Gecko) Chrome/132.0.6834.83 Mobile Safari/537.36 (compatible; Googlebot/2.1; +http://www.google.com/bot.html)"
216.244.66.194 - - [25/Jan/2025:18:59:59 -0600] "GET /gob5/xx/?loknya=/home HTTP/1.1" 200 7020 "-" "Mozilla/5.0 (compatible; DotBot/1.2; +https://opensiteexplorer.org/dotbot; help@moz.com)"
66.249.73.237 - - [25/Jan/2025:19:04:16 -0600] "GET /22.php?belekmata=%2Fhome%2Fpuertode%2Ffotografico%2Fappdata_oc4fxh12ohxu%2Fpreview%2F1%2F5%2F8 HTTP/1.1" 200 2329 "-" "Mozilla/5.0 (Linux; Android 6.0.1; Nexus 5X Build/MMB29P) AppleWebKit/537.36 (KHTML, like Gecko) Chrome/132.0.6834.83 Mobile Safari/537.36 (compatible; Googlebot/2.1; +http://www.google.com/bot.html)"
184.154.167.98 - - [25/Jan/2025:19:05:34 -0600] "POST /wp-cron.php?doing_wp_cron=1737853534.0498600006103515625000 HTTP/1.1" 200 - "-" "WordPress/6.5.2; https://puertodetampico.com.mx"
194.127.173.102 - - [25/Jan/2025:19:05:33 -0600] "GET /statistics/42-statistics HTTP/1.0" 404 74601 "https://337store.pro" "Mozilla/5.0 (Windows NT 10.0) AppleWebKit/537.36 (KHTML, like Gecko) Chrome/110.0.0.0 Safari/537.36"
194.127.173.102 - - [25/Jan/2025:19:05:35 -0600] "GET /42-statistics HTTP/1.0" 404 74601 "https://337store.pro" "Mozilla/5.0 (Windows NT 10.0) AppleWebKit/537.36 (KHTML, like Gecko) Chrome/110.0.0.0 Safari/537.36"
185.147.125.24 - - [25/Jan/2025:19:12:19 -0600] "GET / HTTP/1.1" 200 74611 "http://puertodetampico.com.mx/" "Mozilla/5.0 (Windows NT 10.0; Win64; x64) AppleWebKit/537.36 (KHTML, like Gecko) Chrome/131.0.0.0 Safari/537.36 Avast/131.0.0.0"
184.154.167.98 - - [25/Jan/2025:19:12:28 -0600] "POST /wp-cron.php?doing_wp_cron=1737853948.7539429664611816406250 HTTP/1.1" 200 - "-" "WordPress/6.5.2; https://puertodetampico.com.mx"
185.147.125.24 - - [25/Jan/2025:19:12:31 -0600] "GET /quejas-y-sugerencias/ HTTP/1.1" 200 40962 "http://puertodetampico.com.mx/quejas-y-sugerencias/" "Mozilla/5.0 (Windows NT 10.0; Win64; x64) AppleWebKit/537.36 (KHTML, like Gecko) Chrome/131.0.0.0 Safari/537.36 Avast/131.0.0.0"
185.147.125.24 - - [25/Jan/2025:19:12:41 -0600] "POST /quejas-y-sugerencias/enviar.php HTTP/1.1" 404 74632 "http://puertodetampico.com.mx/quejas-y-sugerencias/" "Mozilla/5.0 (Windows NT 10.0; Win64; x64) AppleWebKit/537.36 (KHTML, like Gecko) Chrome/131.0.0.0 Safari/537.36 Avast/131.0.0.0"
207.46.13.107 - - [25/Jan/2025:19:12:44 -0600] "GET /normatividad-en-transparencia HTTP/1.1" 301 - "-" "Mozilla/5.0 AppleWebKit/537.36 (KHTML, like Gecko; compatible; bingbot/2.0; +http://www.bing.com/bingbot.htm) Chrome/116.0.1938.76 Safari/537.36"
207.46.13.107 - - [25/Jan/2025:19:13:04 -0600] "GET /normatividad-en-transparencia/ HTTP/1.1" 200 44633 "-" "Mozilla/5.0 AppleWebKit/537.36 (KHTML, like Gecko; compatible; bingbot/2.0; +http://www.bing.com/bingbot.htm) Chrome/116.0.1938.76 Safari/537.36"
187.254.105.121 - - [25/Jan/2025:19:15:12 -0600] "GET / HTTP/1.1" 200 74604 "https://www.google.com/" "Mozilla/5.0 (Linux; Android 10; K) AppleWebKit/537.36 (KHTML, like Gecko) Chrome/131.0.0.0 Mobile Safari/537.36"
187.254.105.121 - - [25/Jan/2025:19:15:25 -0600] "GET /wp-content/plugins/tablepress/css/build/default.css?ver=3.0.2 HTTP/1.1" 200 6179 "http://puertodetampico.com.mx/" "Mozilla/5.0 (Linux; Android 10; K) AppleWebKit/537.36 (KHTML, like Gecko) Chrome/131.0.0.0 Mobile Safari/537.36"
187.254.105.121 - - [25/Jan/2025:19:15:25 -0600] "GET /wp-content/plugins/pojo-accessibility/assets/css/style.min.css?ver=1.0.0 HTTP/1.1" 200 52333 "http://puertodetampico.com.mx/" "Mozilla/5.0 (Linux; Android 10; K) AppleWebKit/537.36 (KHTML, like Gecko) Chrome/131.0.0.0 Mobile Safari/537.36"
187.254.105.121 - - [25/Jan/2025:19:15:25 -0600] "GET /wp-includes/js/jquery/jquery-migrate.min.js?ver=3.4.1 HTTP/1.1" 200 13577 "http://puertodetampico.com.mx/" "Mozilla/5.0 (Linux; Android 10; K) AppleWebKit/537.36 (KHTML, like Gecko) Chrome/131.0.0.0 Mobile Safari/537.36"
187.254.105.121 - - [25/Jan/2025:19:15:25 -0600] "GET /wp-includes/css/dist/block-library/style.min.css?ver=6.5.2 HTTP/1.1" 200 113381 "http://puertodetampico.com.mx/" "Mozilla/5.0 (Linux; Android 10; K) AppleWebKit/537.36 (KHTML, like Gecko) Chrome/131.0.0.0 Mobile Safari/537.36"
187.254.105.121 - - [25/Jan/2025:19:15:25 -0600] "GET /wp-includes/js/jquery/jquery.min.js?ver=3.7.1 HTTP/1.1" 200 87553 "http://puertodetampico.com.mx/" "Mozilla/5.0 (Linux; Android 10; K) AppleWebKit/537.36 (KHTML, like Gecko) Chrome/131.0.0.0 Mobile Safari/537.36"
187.254.105.121 - - [25/Jan/2025:19:15:25 -0600] "GET /wp-content/themes/APITAM_GOBMX/gobmx.js HTTP/1.1" 200 523239 "http://puertodetampico.com.mx/" "Mozilla/5.0 (Linux; Android 10; K) AppleWebKit/537.36 (KHTML, like Gecko) Chrome/131.0.0.0 Mobile Safari/537.36"
187.254.105.121 - - [25/Jan/2025:19:15:28 -0600] "GET / HTTP/1.1" 200 74604 "https://www.google.com/" "Mozilla/5.0 (Linux; Android 10; K) AppleWebKit/537.36 (KHTML, like Gecko) Chrome/131.0.0.0 Mobile Safari/537.36"
187.254.105.121 - - [25/Jan/2025:19:15:31 -0600] "GET / HTTP/1.1" 200 15665 "https://www.google.com/" "Mozilla/5.0 (Linux; Android 10; K) AppleWebKit/537.36 (KHTML, like Gecko) Chrome/131.0.0.0 Mobile Safari/537.36"
187.254.105.121 - - [25/Jan/2025:19:15:33 -0600] "GET / HTTP/1.1" 200 15665 "https://www.google.com/" "Mozilla/5.0 (Linux; Android 10; K) AppleWebKit/537.36 (KHTML, like Gecko) Chrome/131.0.0.0 Mobile Safari/537.36"
187.254.105.121 - - [25/Jan/2025:19:15:34 -0600] "GET / HTTP/1.1" 200 15665 "https://www.google.com/" "Mozilla/5.0 (Linux; Android 10; K) AppleWebKit/537.36 (KHTML, like Gecko) Chrome/131.0.0.0 Mobile Safari/537.36"
187.254.105.121 - - [25/Jan/2025:19:15:35 -0600] "GET / HTTP/1.1" 200 15665 "https://www.google.com/" "Mozilla/5.0 (Linux; Android 10; K) AppleWebKit/537.36 (KHTML, like Gecko) Chrome/131.0.0.0 Mobile Safari/537.36"
187.254.105.121 - - [25/Jan/2025:19:15:50 -0600] "GET / HTTP/1.1" 508 288 "https://www.google.com/" "Mozilla/5.0 (Linux; Android 10; K) AppleWebKit/537.36 (KHTML, like Gecko) Chrome/131.0.0.0 Mobile Safari/537.36"
187.254.105.121 - - [25/Jan/2025:19:15:50 -0600] "GET /favicon.ico HTTP/1.1" 508 288 "http://puertodetampico.com.mx/" "Mozilla/5.0 (Linux; Android 10; K) AppleWebKit/537.36 (KHTML, like Gecko) Chrome/131.0.0.0 Mobile Safari/537.36"
187.254.105.121 - - [25/Jan/2025:19:15:46 -0600] "GET / HTTP/1.1" 200 15665 "https://www.google.com/" "Mozilla/5.0 (Linux; Android 10; K) AppleWebKit/537.36 (KHTML, like Gecko) Chrome/131.0.0.0 Mobile Safari/537.36"
187.254.105.121 - - [25/Jan/2025:19:15:47 -0600] "GET / HTTP/1.1" 200 15665 "https://www.google.com/" "Mozilla/5.0 (Linux; Android 10; K) AppleWebKit/537.36 (KHTML, like Gecko) Chrome/131.0.0.0 Mobile Safari/537.36"
187.254.105.121 - - [25/Jan/2025:19:15:48 -0600] "GET / HTTP/1.1" 200 15665 "https://www.google.com/" "Mozilla/5.0 (Linux; Android 10; K) AppleWebKit/537.36 (KHTML, like Gecko) Chrome/131.0.0.0 Mobile Safari/537.36"
187.254.105.121 - - [25/Jan/2025:19:16:08 -0600] "GET / HTTP/1.1" 508 288 "https://www.google.com/" "Mozilla/5.0 (Linux; Android 10; K) AppleWebKit/537.36 (KHTML, like Gecko) Chrome/131.0.0.0 Mobile Safari/537.36"
187.254.105.121 - - [25/Jan/2025:19:16:08 -0600] "GET /favicon.ico HTTP/1.1" 508 288 "http://puertodetampico.com.mx/" "Mozilla/5.0 (Linux; Android 10; K) AppleWebKit/537.36 (KHTML, like Gecko) Chrome/131.0.0.0 Mobile Safari/537.36"
187.254.105.121 - - [25/Jan/2025:19:16:04 -0600] "GET / HTTP/1.1" 200 15665 "https://www.google.com/" "Mozilla/5.0 (Linux; Android 10; K) AppleWebKit/537.36 (KHTML, like Gecko) Chrome/131.0.0.0 Mobile Safari/537.36"
187.254.105.121 - - [25/Jan/2025:19:16:07 -0600] "GET / HTTP/1.1" 200 74604 "https://www.google.com/" "Mozilla/5.0 (Linux; Android 10; K) AppleWebKit/537.36 (KHTML, like Gecko) Chrome/131.0.0.0 Mobile Safari/537.36"
200.68.165.2 - - [25/Jan/2025:19:16:30 -0600] "GET / HTTP/1.1" 508 288 "https://www.google.com/" "Mozilla/5.0 (Linux; Android 10; K) AppleWebKit/537.36 (KHTML, like Gecko) Chrome/131.0.0.0 Mobile Safari/537.36"
200.68.165.2 - - [25/Jan/2025:19:16:30 -0600] "GET /favicon.ico HTTP/1.1" 508 288 "http://puertodetampico.com.mx/" "Mozilla/5.0 (Linux; Android 10; K) AppleWebKit/537.36 (KHTML, like Gecko) Chrome/131.0.0.0 Mobile Safari/537.36"
200.68.165.2 - - [25/Jan/2025:19:16:23 -0600] "GET / HTTP/1.1" 200 74604 "https://www.google.com/" "Mozilla/5.0 (Linux; Android 10; K) AppleWebKit/537.36 (KHTML, like Gecko) Chrome/131.0.0.0 Mobile Safari/537.36"
200.68.165.2 - - [25/Jan/2025:19:16:26 -0600] "GET / HTTP/1.1" 200 74604 "https://www.google.com/" "Mozilla/5.0 (Linux; Android 10; K) AppleWebKit/537.36 (KHTML, like Gecko) Chrome/131.0.0.0 Mobile Safari/537.36"
200.68.165.2 - - [25/Jan/2025:19:16:28 -0600] "GET / HTTP/1.1" 200 74604 "https://www.google.com/" "Mozilla/5.0 (Linux; Android 10; K) AppleWebKit/537.36 (KHTML, like Gecko) Chrome/131.0.0.0 Mobile Safari/537.36"
200.68.165.2 - - [25/Jan/2025:19:16:28 -0600] "GET / HTTP/1.1" 200 74604 "https://www.google.com/" "Mozilla/5.0 (Linux; Android 10; K) AppleWebKit/537.36 (KHTML, like Gecko) Chrome/131.0.0.0 Mobile Safari/537.36"
200.68.165.2 - - [25/Jan/2025:19:16:33 -0600] "GET / HTTP/1.1" 200 74604 "https://www.google.com/" "Mozilla/5.0 (Linux; Android 10; K) AppleWebKit/537.36 (KHTML, like Gecko) Chrome/131.0.0.0 Mobile Safari/537.36"
184.154.167.98 - - [25/Jan/2025:19:16:33 -0600] "POST /wp-cron.php?doing_wp_cron=1737854193.1531660556793212890625 HTTP/1.1" 200 - "-" "WordPress/6.5.2; https://puertodetampico.com.mx"
200.68.165.2 - - [25/Jan/2025:19:16:55 -0600] "GET / HTTP/1.1" 508 288 "https://www.google.com/" "Mozilla/5.0 (Linux; Android 10; K) AppleWebKit/537.36 (KHTML, like Gecko) Chrome/131.0.0.0 Mobile Safari/537.36"
200.68.165.2 - - [25/Jan/2025:19:16:50 -0600] "GET / HTTP/1.1" 200 74604 "https://www.google.com/" "Mozilla/5.0 (Linux; Android 10; K) AppleWebKit/537.36 (KHTML, like Gecko) Chrome/131.0.0.0 Mobile Safari/537.36"
200.68.165.2 - - [25/Jan/2025:19:16:52 -0600] "GET / HTTP/1.1" 200 74604 "https://www.google.com/" "Mozilla/5.0 (Linux; Android 10; K) AppleWebKit/537.36 (KHTML, like Gecko) Chrome/131.0.0.0 Mobile Safari/537.36"
200.68.165.2 - - [25/Jan/2025:19:16:53 -0600] "GET / HTTP/1.1" 200 74604 "https://www.google.com/" "Mozilla/5.0 (Linux; Android 10; K) AppleWebKit/537.36 (KHTML, like Gecko) Chrome/131.0.0.0 Mobile Safari/537.36"
200.68.165.2 - - [25/Jan/2025:19:16:55 -0600] "GET /favicon.ico HTTP/1.1" 302 - "http://puertodetampico.com.mx/" "Mozilla/5.0 (Linux; Android 10; K) AppleWebKit/537.36 (KHTML, like Gecko) Chrome/131.0.0.0 Mobile Safari/537.36"
200.68.165.2 - - [25/Jan/2025:19:16:54 -0600] "GET / HTTP/1.1" 200 74604 "https://www.google.com/" "Mozilla/5.0 (Linux; Android 10; K) AppleWebKit/537.36 (KHTML, like Gecko) Chrome/131.0.0.0 Mobile Safari/537.36"
66.249.75.234 - - [25/Jan/2025:19:18:28 -0600] "GET / HTTP/1.1" 200 74581 "-" "Mozilla/5.0 (Linux; Android 6.0.1; Nexus 5X Build/MMB29P) AppleWebKit/537.36 (KHTML, like Gecko) Chrome/132.0.6834.83 Mobile Safari/537.36 (compatible; Googlebot/2.1; +http://www.google.com/bot.html)"
66.249.65.103 - - [25/Jan/2025:19:20:56 -0600] "GET / HTTP/1.1" 301 - "-" "Mozilla/5.0 (Linux; Android 6.0.1; Nexus 5X Build/MMB29P) AppleWebKit/537.36 (KHTML, like Gecko) Chrome/99.0.4844.84 Mobile Safari/537.36 (compatible; Googlebot/2.1; +http://www.google.com/bot.html)"
66.249.65.103 - - [25/Jan/2025:19:21:07 -0600] "GET / HTTP/1.1" 301 - "-" "Mozilla/5.0 (compatible; Googlebot/2.1; +http://www.google.com/bot.html)"
185.125.100.168 - - [25/Jan/2025:19:21:57 -0600] "GET /statistics/42-statistics HTTP/1.0" 404 74620 "https://russian-traditional-clothes.com" "Mozilla/5.0 (Windows NT 6.3; Win64; x64) AppleWebKit/537.36 (KHTML, like Gecko) Chrome/103.0.5060.53 Safari/537.36"
184.154.167.98 - - [25/Jan/2025:19:22:08 -0600] "POST /wp-cron.php?doing_wp_cron=1737854528.1528420448303222656250 HTTP/1.1" 200 - "-" "WordPress/6.5.2; https://puertodetampico.com.mx"
185.125.100.168 - - [25/Jan/2025:19:22:11 -0600] "GET /42-statistics HTTP/1.0" 404 74620 "https://russian-traditional-clothes.com" "Mozilla/5.0 (Windows NT 6.3; Win64; x64) AppleWebKit/537.36 (KHTML, like Gecko) Chrome/103.0.5060.53 Safari/537.36"
66.249.73.224 - - [25/Jan/2025:19:23:28 -0600] "GET /wp-includes/js/imgareaselect/border-anim-v.gif HTTP/1.1" 200 178 "-" "Googlebot-Image/1.0"
184.154.167.98 - - [25/Jan/2025:19:31:49 -0600] "POST /wp-cron.php?doing_wp_cron=1737855109.8190839290618896484375 HTTP/1.1" 200 - "-" "WordPress/6.5.2; https://puertodetampico.com.mx"
52.167.144.202 - - [25/Jan/2025:19:31:49 -0600] "GET /quienes-organigrama HTTP/1.1" 404 74581 "-" "Mozilla/5.0 AppleWebKit/537.36 (KHTML, like Gecko; compatible; bingbot/2.0; +http://www.bing.com/bingbot.htm) Chrome/116.0.1938.76 Safari/537.36"
195.2.75.64 - - [25/Jan/2025:19:32:26 -0600] "GET /quejas-y-sugerencias/ HTTP/1.1" 200 40962 "http://puertodetampico.com.mx/quejas-y-sugerencias/" "Mozilla/5.0 (Windows NT 10.0; Win64; x64) AppleWebKit/537.36 (KHTML, like Gecko) Chrome/129.0.0.0 Safari/537.36"
195.2.75.64 - - [25/Jan/2025:19:32:27 -0600] "POST /quejas-y-sugerencias/enviar.php HTTP/1.1" 404 74632 "http://puertodetampico.com.mx/quejas-y-sugerencias/" "Mozilla/5.0 (Windows NT 10.0; Win64; x64) AppleWebKit/537.36 (KHTML, like Gecko) Chrome/129.0.0.0 Safari/537.36"
66.249.75.233 - - [25/Jan/2025:19:33:18 -0600] "GET / HTTP/1.1" 200 74581 "-" "Mozilla/5.0 (Linux; Android 6.0.1; Nexus 5X Build/MMB29P) AppleWebKit/537.36 (KHTML, like Gecko) Chrome/99.0.4844.84 Mobile Safari/537.36 (compatible; Googlebot/2.1; +http://www.google.com/bot.html)"
66.249.65.103 - - [25/Jan/2025:19:35:54 -0600] "GET / HTTP/1.1" 301 - "-" "Mozilla/5.0 (compatible; Googlebot/2.1; +http://www.google.com/bot.html)"
66.249.73.237 - - [25/Jan/2025:19:38:53 -0600] "GET /22.php?belekmata=/home/puertode/fotografico/appdata_oc4fxh12ohxu/preview/2/9 HTTP/1.1" 200 2234 "-" "Mozilla/5.0 (Linux; Android 6.0.1; Nexus 5X Build/MMB29P) AppleWebKit/537.36 (KHTML, like Gecko) Chrome/132.0.6834.83 Mobile Safari/537.36 (compatible; GoogleOther)"
66.249.73.237 - - [25/Jan/2025:19:45:58 -0600] "GET /wp-includes/images/spinner.gif HTTP/1.1" 200 3656 "-" "Googlebot-Image/1.0"
66.249.73.238 - - [25/Jan/2025:19:48:26 -0600] "GET /22.php?belekmata=/home/puertode/fotografico/appdata_oc4fxh12ohxu/preview/f/2 HTTP/1.1" 200 2234 "-" "Mozilla/5.0 (Linux; Android 6.0.1; Nexus 5X Build/MMB29P) AppleWebKit/537.36 (KHTML, like Gecko) Chrome/132.0.6834.83 Mobile Safari/537.36 (compatible; GoogleOther)"
78.142.47.99 - - [25/Jan/2025:19:50:35 -0600] "HEAD /Archive.zip HTTP/1.1" 404 - "-" "-"
185.125.100.168 - - [25/Jan/2025:19:51:03 -0600] "GET /statistics/42-statistics HTTP/1.0" 404 74603 "https://sms-verif.pro/" "Mozilla/5.0 (Windows NT 6.3; Win64; x64) AppleWebKit/537.36 (KHTML, like Gecko) Chrome/103.0.5060.53 Safari/537.36"
185.125.100.168 - - [25/Jan/2025:19:51:05 -0600] "GET /42-statistics HTTP/1.0" 404 74603 "https://sms-verif.pro/" "Mozilla/5.0 (Windows NT 6.3; Win64; x64) AppleWebKit/537.36 (KHTML, like Gecko) Chrome/103.0.5060.53 Safari/537.36"
185.125.100.168 - - [25/Jan/2025:20:07:41 -0600] "GET /statistics/42-statistics HTTP/1.0" 404 74603 "http://lordfilm-w.com/" "Mozilla/5.0 (Windows NT 6.3; WOW64) AppleWebKit/537.36 (KHTML, like Gecko) Chrome/103.0.5060.114 Safari/537.36"
184.154.167.98 - - [25/Jan/2025:20:07:42 -0600] "POST /wp-cron.php?doing_wp_cron=1737857262.2572538852691650390625 HTTP/1.1" 200 - "-" "WordPress/6.5.2; https://puertodetampico.com.mx"
185.125.100.168 - - [25/Jan/2025:20:07:44 -0600] "GET /42-statistics HTTP/1.0" 404 74603 "http://lordfilm-w.com/" "Mozilla/5.0 (Windows NT 6.3; WOW64) AppleWebKit/537.36 (KHTML, like Gecko) Chrome/103.0.5060.114 Safari/537.36"
66.249.73.237 - - [25/Jan/2025:20:17:34 -0600] "GET /22.php?belekmata=/home/puertode/fotografico/appdata_oc4fxh12ohxu/preview/f/2/f HTTP/1.1" 200 2329 "-" "Mozilla/5.0 (Linux; Android 6.0.1; Nexus 5X Build/MMB29P) AppleWebKit/537.36 (KHTML, like Gecko) Chrome/132.0.6834.83 Mobile Safari/537.36 (compatible; GoogleOther)"
66.249.73.224 - - [25/Jan/2025:20:23:53 -0600] "GET /22.php?belekmata=/home/puertode/fotografico/appdata_oc4fxh12ohxu/preview/0/f HTTP/1.1" 200 2234 "-" "Mozilla/5.0 (Linux; Android 6.0.1; Nexus 5X Build/MMB29P) AppleWebKit/537.36 (KHTML, like Gecko) Chrome/132.0.6834.83 Mobile Safari/537.36 (compatible; GoogleOther)"
194.127.173.102 - - [25/Jan/2025:20:24:07 -0600] "GET /statistics/42-statistics HTTP/1.0" 404 74603 "https://my-sollet.com/" "Mozilla/5.0 (Windows NT 10.0; Win64; x64) AppleWebKit/537.36 (KHTML, like Gecko) Chrome/120.0.0.0 Safari/537.36"
184.154.167.98 - - [25/Jan/2025:20:24:08 -0600] "POST /wp-cron.php?doing_wp_cron=1737858248.0027179718017578125000 HTTP/1.1" 200 - "-" "WordPress/6.5.2; https://puertodetampico.com.mx"
194.127.173.102 - - [25/Jan/2025:20:24:09 -0600] "GET /42-statistics HTTP/1.0" 404 74603 "https://my-sollet.com/" "Mozilla/5.0 (Windows NT 10.0; Win64; x64) AppleWebKit/537.36 (KHTML, like Gecko) Chrome/120.0.0.0 Safari/537.36"
194.127.173.102 - - [25/Jan/2025:20:26:20 -0600] "GET /statistics/42-statistics HTTP/1.0" 404 74600 "http://lapplebi.com" "Mozilla/5.0 (Windows NT 10.0; Win64; x64) AppleWebKit/537.36 (KHTML, like Gecko) Chrome/122.0.0.0 Safari/537.36"
184.154.167.98 - - [25/Jan/2025:20:26:22 -0600] "POST /wp-cron.php?doing_wp_cron=1737858382.4654359817504882812500 HTTP/1.1" 200 - "-" "WordPress/6.5.2; https://puertodetampico.com.mx"
194.127.173.102 - - [25/Jan/2025:20:26:21 -0600] "GET /42-statistics HTTP/1.0" 404 74600 "http://lapplebi.com" "Mozilla/5.0 (Windows NT 10.0; Win64; x64) AppleWebKit/537.36 (KHTML, like Gecko) Chrome/122.0.0.0 Safari/537.36"
66.249.73.238 - - [25/Jan/2025:20:33:07 -0600] "GET /22.php?belekmata=%2Fhome%2Fpuertode%2Ffotografico%2Fappdata_oc4fxh12ohxu%2Fpreview%2F7%2F5 HTTP/1.1" 200 2234 "-" "Mozilla/5.0 (Linux; Android 6.0.1; Nexus 5X Build/MMB29P) AppleWebKit/537.36 (KHTML, like Gecko) Chrome/132.0.6834.83 Mobile Safari/537.36 (compatible; GoogleOther)"
184.154.167.98 - - [25/Jan/2025:20:39:02 -0600] "POST /wp-cron.php?doing_wp_cron=1737859142.1717510223388671875000 HTTP/1.1" 200 - "-" "WordPress/6.5.2; https://puertodetampico.com.mx"
194.127.173.102 - - [25/Jan/2025:20:39:01 -0600] "GET /statistics/42-statistics HTTP/1.0" 404 74609 "https://web-martianwallet.io" "Mozilla/5.0 (Windows NT 10.0; Win64; x64) AppleWebKit/537.36 (KHTML, like Gecko) Chrome/121.0.0.0 Safari/537.36"
194.127.173.102 - - [25/Jan/2025:20:39:03 -0600] "GET /42-statistics HTTP/1.0" 404 74609 "https://web-martianwallet.io" "Mozilla/5.0 (Windows NT 10.0; Win64; x64) AppleWebKit/537.36 (KHTML, like Gecko) Chrome/121.0.0.0 Safari/537.36"
194.127.173.102 - - [25/Jan/2025:20:40:27 -0600] "GET /statistics/42-statistics HTTP/1.0" 404 74606 "https://beepbeepcasino.ru" "Mozilla/5.0 (Windows NT 10.0; Win64; x64) AppleWebKit/537.36 (KHTML, like Gecko) Chrome/122.0.0.0 Safari/537.36"
194.127.173.102 - - [25/Jan/2025:20:40:29 -0600] "GET /42-statistics HTTP/1.0" 404 74606 "https://beepbeepcasino.ru" "Mozilla/5.0 (Windows NT 10.0; Win64; x64) AppleWebKit/537.36 (KHTML, like Gecko) Chrome/122.0.0.0 Safari/537.36"
119.8.183.66 - - [25/Jan/2025:20:41:40 -0600] "GET /transparencia/Convocatoria_1er_trim_2021.pdf HTTP/1.1" 200 509499 "http://puertodetampico.com.mx/transparencia/Convocatoria_1er_trim_2021.pdf" "Mozilla/5.0 (Macintosh; Intel Mac OS X 10_15_7) AppleWebKit/537.36 (KHTML, like Gecko) Chrome/120.0.0.0 Safari/537.36"
66.249.73.224 - - [25/Jan/2025:20:48:41 -0600] "GET /22.php?belekmata=/home/puertode/fotografico/appdata_oc4fxh12ohxu/css/icons HTTP/1.1" 200 2414 "-" "Mozilla/5.0 (Linux; Android 6.0.1; Nexus 5X Build/MMB29P) AppleWebKit/537.36 (KHTML, like Gecko) Chrome/132.0.6834.83 Mobile Safari/537.36 (compatible; GoogleOther)"
66.249.73.224 - - [25/Jan/2025:20:49:25 -0600] "GET /22.php?action=edit&file=ms-default-filters.php&belekmata=%2Fhome%2Fpuertode%2Fpublic_html%2Fwordpress%2Fwp-includes HTTP/1.1" 200 1062 "-" "Mozilla/5.0 (Linux; Android 6.0.1; Nexus 5X Build/MMB29P) AppleWebKit/537.36 (KHTML, like Gecko) Chrome/132.0.6834.83 Mobile Safari/537.36 (compatible; Googlebot/2.1; +http://www.google.com/bot.html)"
45.56.103.81 - - [25/Jan/2025:20:50:28 -0600] "GET / HTTP/1.1" 200 74581 "-" "Mozilla/5.0 (Linux; Android 10; SM-A102U) AppleWebKit/537.36 (KHTML, like Gecko) Chrome/81.0.4044.117 Mobile Safari/537.36"
185.125.100.168 - - [25/Jan/2025:20:52:21 -0600] "GET /statistics/42-statistics HTTP/1.0" 404 74605 "https://jaxx-wallet.net/" "Mozilla/5.0 (Windows NT 10.0; Win64; x64) AppleWebKit/537.36 (KHTML, like Gecko) Chrome/103.0.0.0 Safari/537.36 Herring/95.1.8810.11"
184.154.167.98 - - [25/Jan/2025:20:52:24 -0600] "POST /wp-cron.php?doing_wp_cron=1737859944.8902680873870849609375 HTTP/1.1" 200 - "-" "WordPress/6.5.2; https://puertodetampico.com.mx"
185.125.100.168 - - [25/Jan/2025:20:52:27 -0600] "GET /42-statistics HTTP/1.0" 404 74605 "https://jaxx-wallet.net/" "Mozilla/5.0 (Windows NT 10.0; Win64; x64) AppleWebKit/537.36 (KHTML, like Gecko) Chrome/103.0.0.0 Safari/537.36 Herring/95.1.8810.11"
185.125.100.168 - - [25/Jan/2025:20:53:21 -0600] "GET /statistics/42-statistics HTTP/1.0" 404 74610 "https://web-martianwallet.io/" "Mozilla/5.0 (Windows NT 6.1; Win64; x64) AppleWebKit/537.36 (KHTML, like Gecko) Chrome/103.0.5060.66 Safari/537.36"
185.125.100.168 - - [25/Jan/2025:20:53:28 -0600] "GET /42-statistics HTTP/1.0" 404 74610 "https://web-martianwallet.io/" "Mozilla/5.0 (Windows NT 6.1; Win64; x64) AppleWebKit/537.36 (KHTML, like Gecko) Chrome/103.0.5060.66 Safari/537.36"
66.249.73.224 - - [25/Jan/2025:21:01:28 -0600] "GET /podcast/xx/index.php?lokasie=/tmp//sess_107e0831a26508201b9259e50d744a67&loknya=/tmp/ HTTP/1.1" 200 5963 "-" "Mozilla/5.0 (Linux; Android 6.0.1; Nexus 5X Build/MMB29P) AppleWebKit/537.36 (KHTML, like Gecko) Chrome/132.0.6834.83 Mobile Safari/537.36 (compatible; Googlebot/2.1; +http://www.google.com/bot.html)"
66.249.73.224 - - [25/Jan/2025:21:02:27 -0600] "GET /22.php?action=edit&file=class-wp-user.php&belekmata=%2Fhome%2Fpuertode%2Fpublic_html%2Fwordpress%2Fwp-includes HTTP/1.1" 200 1062 "-" "Mozilla/5.0 (Linux; Android 6.0.1; Nexus 5X Build/MMB29P) AppleWebKit/537.36 (KHTML, like Gecko) Chrome/132.0.6834.83 Mobile Safari/537.36 (compatible; Googlebot/2.1; +http://www.google.com/bot.html)"
66.249.73.238 - - [25/Jan/2025:21:04:15 -0600] "GET /22.php?belekmata=%2Fhome%2Fpuertode%2Ffotografico%2Fappdata_oc4fxh12ohxu%2Fpreview%2Ff%2F9 HTTP/1.1" 200 2234 "-" "Mozilla/5.0 (Linux; Android 6.0.1; Nexus 5X Build/MMB29P) AppleWebKit/537.36 (KHTML, like Gecko) Chrome/132.0.6834.83 Mobile Safari/537.36 (compatible; GoogleOther)"
137.184.127.180 - - [25/Jan/2025:21:04:19 -0600] "GET / HTTP/1.1" 200 74581 "-" "Mozilla/5.0 (compatible)"
137.184.127.180 - - [25/Jan/2025:21:04:21 -0600] "GET /ads.txt HTTP/1.1" 404 74581 "-" "Mozilla/5.0 (compatible)"
167.172.98.50 - - [25/Jan/2025:21:06:25 -0600] "GET /robots.txt HTTP/1.1" 200 1035 "-" "Mozilla/5.0 (compatible; SeekportBot; +https://bot.seekport.com)"
167.172.98.50 - - [25/Jan/2025:21:06:26 -0600] "GET /robots.txt HTTP/1.1" 200 1035 "-" "Mozilla/5.0 (compatible; SeekportBot; +https://bot.seekport.com)"
167.172.98.50 - - [25/Jan/2025:21:06:26 -0600] "GET / HTTP/1.1" 301 - "-" "Mozilla/5.0 (compatible; SeekportBot; +https://bot.seekport.com)"
184.154.167.98 - - [25/Jan/2025:21:06:30 -0600] "POST /wp-cron.php?doing_wp_cron=1737860790.2537639141082763671875 HTTP/1.1" 200 - "-" "WordPress/6.5.2; https://puertodetampico.com.mx"
194.127.173.102 - - [25/Jan/2025:21:13:49 -0600] "GET /statistics/42-statistics HTTP/1.0" 404 74610 "https://web-martianwallet.io/" "Mozilla/5.0 (Windows NT 10.0; Win64; x64) AppleWebKit/537.36 (KHTML, like Gecko) Chrome/120.0.0.0 Safari/537.36"
184.154.167.98 - - [25/Jan/2025:21:13:50 -0600] "POST /wp-cron.php?doing_wp_cron=1737861230.0267529487609863281250 HTTP/1.1" 200 - "-" "WordPress/6.5.2; https://puertodetampico.com.mx"
194.127.173.102 - - [25/Jan/2025:21:13:51 -0600] "GET /42-statistics HTTP/1.0" 404 74610 "https://web-martianwallet.io/" "Mozilla/5.0 (Windows NT 10.0; Win64; x64) AppleWebKit/537.36 (KHTML, like Gecko) Chrome/120.0.0.0 Safari/537.36"
184.154.167.98 - - [25/Jan/2025:21:19:02 -0600] "GET /.well-known/acme-challenge/QPCDK1DEWE8XD60TCBIY3N9PLYP-QGYM HTTP/1.1" 200 64 "-" "Cpanel-HTTP-Client/1.0"
184.154.167.98 - - [25/Jan/2025:21:19:02 -0600] "GET /.well-known/acme-challenge/M2Z2AJNWWWNPSGZXWTLGDW_H4-NHHM49 HTTP/1.1" 200 64 "-" "Cpanel-HTTP-Client/1.0"
184.154.167.98 - - [25/Jan/2025:21:19:02 -0600] "GET /.well-known/acme-challenge/Z88KBVO5TNGEIBQO_94JFY7R9G2QNTES HTTP/1.1" 200 64 "-" "Cpanel-HTTP-Client/1.0"
184.154.167.98 - - [25/Jan/2025:21:19:02 -0600] "GET /.well-known/acme-challenge/IV_49GRJ-QKI627WUQVZUT53G03PN7GM HTTP/1.1" 200 64 "-" "Cpanel-HTTP-Client/1.0"
184.154.167.98 - - [25/Jan/2025:21:19:02 -0600] "GET /.well-known/acme-challenge/PNTB6YPA12F1SI3XRV-33YGV8G_ISMNU HTTP/1.1" 200 64 "-" "Cpanel-HTTP-Client/1.0"
184.154.167.98 - - [25/Jan/2025:21:19:02 -0600] "GET /.well-known/acme-challenge/LZ291DAAOV_DP8-KG5EWLXWSFJ6LRS75 HTTP/1.1" 200 64 "-" "Cpanel-HTTP-Client/1.0"
184.154.167.98 - - [25/Jan/2025:21:19:02 -0600] "GET /.well-known/acme-challenge/1E2AUPR-Y7D8Y6X0I2U5JWZR1NF3IZDE HTTP/1.1" 200 64 "-" "Cpanel-HTTP-Client/1.0"
184.154.167.98 - - [25/Jan/2025:21:19:08 -0600] "GET /.well-known/acme-challenge/QK5QODYQN-3IFBRFM_452G8TX5M68OLL HTTP/1.1" 200 64 "-" "Cpanel-HTTP-Client/1.0"
66.249.75.234 - - [25/Jan/2025:21:23:28 -0600] "GET / HTTP/1.1" 200 74581 "-" "Mozilla/5.0 (compatible; Googlebot/2.1; +http://www.google.com/bot.html)"
184.154.167.98 - - [25/Jan/2025:21:23:29 -0600] "POST /wp-cron.php?doing_wp_cron=1737861809.7523949146270751953125 HTTP/1.1" 200 - "-" "WordPress/6.5.2; https://puertodetampico.com.mx"
185.125.100.168 - - [25/Jan/2025:21:26:15 -0600] "GET /statistics/42-statistics HTTP/1.0" 404 74606 "https://marvilcasino.xyz/" "Mozilla/5.0 (Windows NT 10.0; Win64; x64) AppleWebKit/537.36 (KHTML, like Gecko) Chrome/103.0.5060.53 Safari/537.36"
185.125.100.168 - - [25/Jan/2025:21:26:17 -0600] "GET /42-statistics HTTP/1.0" 404 74606 "https://marvilcasino.xyz/" "Mozilla/5.0 (Windows NT 10.0; Win64; x64) AppleWebKit/537.36 (KHTML, like Gecko) Chrome/103.0.5060.53 Safari/537.36"
184.154.167.98 - - [25/Jan/2025:21:28:00 -0600] "POST /wp-cron.php?doing_wp_cron=1737862080.3902480602264404296875 HTTP/1.1" 200 - "-" "WordPress/6.5.2; https://puertodetampico.com.mx"
185.125.100.168 - - [25/Jan/2025:21:27:59 -0600] "GET /statistics/42-statistics HTTP/1.0" 404 74609 "https://web-martianwallet.io" "Mozilla/5.0 (Windows NT 6.1; WOW64) AppleWebKit/537.36 (KHTML, like Gecko) Chrome/103.0.0.0 Safari/537.36"
185.125.100.168 - - [25/Jan/2025:21:28:02 -0600] "GET /42-statistics HTTP/1.0" 404 74609 "https://web-martianwallet.io" "Mozilla/5.0 (Windows NT 6.1; WOW64) AppleWebKit/537.36 (KHTML, like Gecko) Chrome/103.0.0.0 Safari/537.36"
187.153.65.218 - - [25/Jan/2025:21:35:27 -0600] "GET / HTTP/1.1" 200 74604 "https://www.google.com/" "Mozilla/5.0 (iPhone; CPU iPhone OS 18_2_1 like Mac OS X) AppleWebKit/605.1.15 (KHTML, like Gecko) CriOS/132.0.6834.100 Mobile/15E148 Safari/604.1"
187.153.65.218 - - [25/Jan/2025:21:35:34 -0600] "GET /wp-content/plugins/pojo-accessibility/assets/css/style.min.css?ver=1.0.0 HTTP/1.1" 200 52333 "http://puertodetampico.com.mx/" "Mozilla/5.0 (iPhone; CPU iPhone OS 18_2_1 like Mac OS X) AppleWebKit/605.1.15 (KHTML, like Gecko) CriOS/132.0.6834.100 Mobile/15E148 Safari/604.1"
187.153.65.218 - - [25/Jan/2025:21:35:34 -0600] "GET /wp-content/plugins/tablepress/css/build/default.css?ver=3.0.2 HTTP/1.1" 304 - "http://puertodetampico.com.mx/" "Mozilla/5.0 (iPhone; CPU iPhone OS 18_2_1 like Mac OS X) AppleWebKit/605.1.15 (KHTML, like Gecko) CriOS/132.0.6834.100 Mobile/15E148 Safari/604.1"
187.153.65.218 - - [25/Jan/2025:21:35:34 -0600] "GET /wp-content/plugins/gspeech/includes/js/gspeech_front.js?g_indexsp___eqgspeech_front_script_n127gsp___delg_versiongsp___eq3_8_9gsp___delw_idgsp___eqefa1c038ebf3656c7a3b12b74bf20aa7gsp___dels_encgsp___eq7923be1deedaf936930bbebf311d48bbf316e86e0b18291b7b17f00c821a4b5df5fa18e90e7791680468513331f28bf65aa6fa39dc8401a2738530698ce624594d4ddff8gsp___delh_encgsp___eq09decdac41027970cd28cd711f92c6209964260cdb8621b1f710cb91988cd36dgsp___delhh_encgsp___eqd711d3e497db6324c0b874aa43b02f684b38f0e063c2d1262abf81f4f756854607030c77b1827c4594755cf5862b5218e8b3311761e070d7ccc6928dee0081f9f9abf0212fb5481eb565015ddabd577a4e0c88a5739418fea887f612f6e6479b2da18bb5563a1f558eb87a8809ce9da4gsp___dellazy_loadgsp___eq1gsp___delgt_wgsp___eqgsp_clgtranslate_wrappergsp___delvv_indexgsp___eq10&ver=6.5.2 HTTP/1.1" 200 4810 "http://puertodetampico.com.mx/" "Mozilla/5.0 (iPhone; CPU iPhone OS 18_2_1 like Mac OS X) AppleWebKit/605.1.15 (KHTML, like Gecko) CriOS/132.0.6834.100 Mobile/15E148 Safari/604.1"
187.153.65.218 - - [25/Jan/2025:21:35:34 -0600] "GET /contenidos/asipona_2024.webm HTTP/1.1" 200 354312539 "http://puertodetampico.com.mx/" "Mozilla/5.0 (iPhone; CPU iPhone OS 18_2_1 like Mac OS X) AppleWebKit/605.1.15 (KHTML, like Gecko) CriOS/132.0.6834.100 Mobile/15E148 Safari/604.1"
184.154.167.98 - - [25/Jan/2025:21:35:32 -0600] "POST /wp-cron.php?doing_wp_cron=1737862532.0517969131469726562500 HTTP/1.1" 200 - "-" "WordPress/6.5.2; https://puertodetampico.com.mx"
66.249.73.224 - - [25/Jan/2025:21:36:23 -0600] "GET /22.php?belekmata=/home/puertode/fotografico/appdata_oc4fxh12ohxu/preview/8/e/8/2 HTTP/1.1" 200 2426 "-" "Mozilla/5.0 (Linux; Android 6.0.1; Nexus 5X Build/MMB29P) AppleWebKit/537.36 (KHTML, like Gecko) Chrome/132.0.6834.83 Mobile Safari/537.36 (compatible; GoogleOther)"
124.236.100.56 - - [25/Jan/2025:21:39:00 -0600] "GET / HTTP/1.1" 508 288 "-" "Mozilla/5.0 (Windows NT 6.1; WOW64) AppleWebKit/537.36 (KHTML, like Gecko) Chrome/61.0.3163.100 Safari/537.36"
189.216.171.145 - - [25/Jan/2025:21:42:52 -0600] "GET /datos_abiertos/registro_de_acceso_vehicular_y_de_personas.csv HTTP/1.1" 200 896 "-" "python-requests/2.27.1"
189.216.171.145 - - [25/Jan/2025:21:42:56 -0600] "GET /datos_abiertos/ocupacion_de_muelles.csv HTTP/1.1" 200 719 "-" "python-requests/2.27.1"
189.216.171.145 - - [25/Jan/2025:21:42:57 -0600] "GET /datos_abiertos/mantenimiento_portuario.csv HTTP/1.1" 200 2057 "-" "python-requests/2.27.1"
189.216.171.145 - - [25/Jan/2025:21:42:59 -0600] "GET /datos_abiertos/programa_maestro_desarrollo_puerto_tampico.pdf HTTP/1.1" 200 46044321 "-" "python-requests/2.27.1"
189.216.171.145 - - [25/Jan/2025:21:43:00 -0600] "GET /datos_abiertos/adquisiciones_arrendamientos_y_servicios.csv HTTP/1.1" 200 82728 "-" "python-requests/2.27.1"
189.216.171.145 - - [25/Jan/2025:21:43:01 -0600] "GET /datos_abiertos/obras_portuarias.csv HTTP/1.1" 200 1337 "-" "python-requests/2.27.1"
66.249.73.237 - - [25/Jan/2025:21:54:23 -0600] "GET /22.php?action=edit&file=0577-044d-styles.css&belekmata=%2Fhome%2Fpuertode%2Ffotografico%2Fappdata_oc4fxh12ohxu%2Fcss%2Fnotifications HTTP/1.1" 200 4701 "-" "Mozilla/5.0 (Linux; Android 6.0.1; Nexus 5X Build/MMB29P) AppleWebKit/537.36 (KHTML, like Gecko) Chrome/132.0.6834.83 Mobile Safari/537.36 (compatible; GoogleOther)"
66.249.73.237 - - [25/Jan/2025:22:01:05 -0600] "GET /22.php?belekmata=%2Fhome%2Fpuertode%2Ffotografico%2Fappdata_oc4fxh12ohxu%2Fpreview%2Fc%2Fe%2F7%2F8 HTTP/1.1" 200 2426 "-" "Mozilla/5.0 (Linux; Android 6.0.1; Nexus 5X Build/MMB29P) AppleWebKit/537.36 (KHTML, like Gecko) Chrome/132.0.6834.83 Mobile Safari/537.36 (compatible; GoogleOther)"
116.132.252.232 - - [25/Jan/2025:22:09:27 -0600] "GET /robots.txt HTTP/1.1" 200 1035 "-" "YisouSpider"
123.182.49.196 - - [25/Jan/2025:22:09:27 -0600] "GET /normatividad-en-transparencia/ HTTP/1.1" 301 - "-" "YisouSpider"
106.8.130.93 - - [25/Jan/2025:22:09:37 -0600] "GET /normatividad-en-transparencia/ HTTP/1.1" 200 44633 "-" "YisouSpider"
123.183.235.50 - - [25/Jan/2025:22:09:49 -0600] "GET /wp-content/plugins/pojo-accessibility/assets/css/style.min.css?ver=1.0.0 HTTP/1.1" 200 52333 "http://puertodetampico.com.mx/normatividad-en-transparencia/" "YisouSpider"
123.182.48.120 - - [25/Jan/2025:22:09:49 -0600] "GET /wp-content/plugins/tablepress/css/build/default.css?ver=3.0.2 HTTP/1.1" 200 6179 "http://puertodetampico.com.mx/normatividad-en-transparencia/" "YisouSpider"
106.8.136.151 - - [25/Jan/2025:22:09:49 -0600] "GET /wp-includes/js/jquery/jquery.min.js?ver=3.7.1 HTTP/1.1" 200 87553 "http://puertodetampico.com.mx/normatividad-en-transparencia/" "YisouSpider"
116.132.236.7 - - [25/Jan/2025:22:09:49 -0600] "GET /wp-includes/css/dist/block-library/style.min.css?ver=6.5.2 HTTP/1.1" 200 113381 "http://puertodetampico.com.mx/normatividad-en-transparencia/" "YisouSpider"
106.8.136.151 - - [25/Jan/2025:22:09:49 -0600] "GET /wp-includes/js/jquery/jquery-migrate.min.js?ver=3.4.1 HTTP/1.1" 200 13577 "http://puertodetampico.com.mx/normatividad-en-transparencia/" "YisouSpider"
106.8.139.235 - - [25/Jan/2025:22:09:49 -0600] "GET /wp-content/plugins/gspeech/includes/js/gspeech_front.js?g_indexsp___eqgspeech_front_script_n127gsp___delg_versiongsp___eq3_8_9gsp___delw_idgsp___eqefa1c038ebf3656c7a3b12b74bf20aa7gsp___dels_encgsp___eq7e4ca8c0a8c30936daf937354b40efeb9a3680189d5ad8e041baee1857b6973f7c04bda9a62cac9cd6de17f89d0ddfac264a290d5113eef8cbe3a53defda085203f9d1f3gsp___delh_encgsp___eq461c8b32601beaf466d0f52b8ab6634fb59f532ab37452b991afc3580fbfb8ebgsp___delhh_encgsp___eq7ee0878ed50317e3af6c690e5ee730db6b4ce26e5bbfcfe77bf9c08d2becb23c4aa651526951954f5e98d459d90cf91165bf458e333141949b09dff928cd2952abb5244dba70eec9e5997a08cc41c180fe9992b2c249121d3ee1f2030296afb7facc0c8b7f1d1fa5228a9229c7a9c6d6gsp___dellazy_loadgsp___eq1gsp___delgt_wgsp___eqgsp_clgtranslate_wrappergsp___delvv_indexgsp___eq10&ver=6.5.2 HTTP/1.1" 200 4810 "http://puertodetampico.com.mx/normatividad-en-transparencia/" "YisouSpider"
116.132.252.83 - - [25/Jan/2025:22:09:49 -0600] "GET /wp-content/themes/APITAM_GOBMX/gobmx.js HTTP/1.1" 200 523239 "http://puertodetampico.com.mx/normatividad-en-transparencia/" "YisouSpider"
124.239.12.97 - - [25/Jan/2025:22:09:49 -0600] "GET /wp-content/plugins/pojo-accessibility/assets/js/app.min.js?ver=1.0.0 HTTP/1.1" 200 5313 "http://puertodetampico.com.mx/normatividad-en-transparencia/" "YisouSpider"
66.249.73.238 - - [25/Jan/2025:22:12:23 -0600] "GET /22.php?belekmata=%2Fhome%2Fpuertode%2Ffotografico%2Fappdata_oc4fxh12ohxu%2Fpreview%2Ff%2F2%2Ff%2Fc%2F9 HTTP/1.1" 200 2525 "-" "Mozilla/5.0 (Linux; Android 6.0.1; Nexus 5X Build/MMB29P) AppleWebKit/537.36 (KHTML, like Gecko) Chrome/132.0.6834.83 Mobile Safari/537.36 (compatible; GoogleOther)"
66.249.73.224 - - [25/Jan/2025:22:13:56 -0600] "GET /22.php?belekmata=%2Fhome%2Fpuertode%2Ffotografico%2Fappdata_oc4fxh12ohxu%2Fpreview%2F3%2F3 HTTP/1.1" 200 2372 "-" "Mozilla/5.0 (Linux; Android 6.0.1; Nexus 5X Build/MMB29P) AppleWebKit/537.36 (KHTML, like Gecko) Chrome/132.0.6834.83 Mobile Safari/537.36 (compatible; GoogleOther)"
116.132.218.226 - - [25/Jan/2025:22:16:27 -0600] "GET /robots.txt HTTP/1.1" 200 1035 "-" "YisouSpider"
184.154.167.98 - - [25/Jan/2025:22:16:38 -0600] "POST /wp-cron.php?doing_wp_cron=1737864998.6510670185089111328125 HTTP/1.1" 508 288 "-" "WordPress/6.5.2; https://puertodetampico.com.mx"
123.182.50.85 - - [25/Jan/2025:22:16:27 -0600] "GET /normatividad-en-transparencia/ HTTP/1.1" 200 44633 "-" "YisouSpider"
106.8.136.134 - - [25/Jan/2025:22:16:40 -0600] "GET /wp-includes/css/dist/block-library/style.min.css?ver=6.5.2 HTTP/1.1" 200 113381 "http://puertodetampico.com.mx/normatividad-en-transparencia/" "YisouSpider"
106.8.131.36 - - [25/Jan/2025:22:16:40 -0600] "GET /wp-content/plugins/pojo-accessibility/assets/css/style.min.css?ver=1.0.0 HTTP/1.1" 200 52333 "http://puertodetampico.com.mx/normatividad-en-transparencia/" "YisouSpider"
116.132.255.103 - - [25/Jan/2025:22:16:40 -0600] "GET /wp-content/plugins/tablepress/css/build/default.css?ver=3.0.2 HTTP/1.1" 200 6179 "http://puertodetampico.com.mx/normatividad-en-transparencia/" "YisouSpider"
185.125.100.168 - - [25/Jan/2025:22:19:38 -0600] "GET /statistics/42-statistics HTTP/1.0" 404 74605 "https://jaxx-wallet.net/" "Mozilla/5.0 (Windows NT 10.0; WOW64) AppleWebKit/537.36 (KHTML, like Gecko) Chrome/103.0.0.0 Safari/537.36"
184.154.167.98 - - [25/Jan/2025:22:19:49 -0600] "POST /wp-cron.php?doing_wp_cron=1737865189.8488860130310058593750 HTTP/1.1" 200 - "-" "WordPress/6.5.2; https://puertodetampico.com.mx"
185.125.100.168 - - [25/Jan/2025:22:19:53 -0600] "GET /42-statistics HTTP/1.0" 404 74605 "https://jaxx-wallet.net/" "Mozilla/5.0 (Windows NT 10.0; WOW64) AppleWebKit/537.36 (KHTML, like Gecko) Chrome/103.0.0.0 Safari/537.36"
184.154.167.98 - - [25/Jan/2025:22:25:40 -0600] "POST /wp-cron.php?doing_wp_cron=1737865540.9074420928955078125000 HTTP/1.1" 200 - "-" "WordPress/6.5.2; https://puertodetampico.com.mx"
194.127.173.102 - - [25/Jan/2025:22:25:40 -0600] "GET /statistics/42-statistics HTTP/1.0" 404 74607 "https://galaxy-swapper.org" "Mozilla/5.0 (Windows NT 10.0; Win64; x64) AppleWebKit/537.36 (KHTML, like Gecko) Chrome/121.0.0.0 Safari/537.36"
194.127.173.102 - - [25/Jan/2025:22:25:42 -0600] "GET /42-statistics HTTP/1.0" 404 74607 "https://galaxy-swapper.org" "Mozilla/5.0 (Windows NT 10.0; Win64; x64) AppleWebKit/537.36 (KHTML, like Gecko) Chrome/121.0.0.0 Safari/537.36"
66.249.73.224 - - [25/Jan/2025:22:28:48 -0600] "GET /22.php?belekmata=%2Fhome%2Fpuertode%2Ffotografico%2Fappdata_oc4fxh12ohxu%2Fpreview%2F1%2F5%2F8%2Ff HTTP/1.1" 200 2426 "-" "Mozilla/5.0 (Linux; Android 6.0.1; Nexus 5X Build/MMB29P) AppleWebKit/537.36 (KHTML, like Gecko) Chrome/132.0.6834.83 Mobile Safari/537.36 (compatible; GoogleOther)"
195.2.84.178 - - [25/Jan/2025:22:35:48 -0600] "GET /quejas-y-sugerencias/ HTTP/1.1" 200 40962 "http://puertodetampico.com.mx/quejas-y-sugerencias/" "Mozilla/5.0 (Windows NT 10.0; Win64; x64) AppleWebKit/537.36 (KHTML, like Gecko) Chrome/130.0.0.0 Safari/537.36"
195.2.84.178 - - [25/Jan/2025:22:35:49 -0600] "POST /quejas-y-sugerencias/enviar.php HTTP/1.1" 404 74632 "http://puertodetampico.com.mx/quejas-y-sugerencias/" "Mozilla/5.0 (Windows NT 10.0; Win64; x64) AppleWebKit/537.36 (KHTML, like Gecko) Chrome/130.0.0.0 Safari/537.36"
66.249.73.238 - - [25/Jan/2025:22:39:39 -0600] "GET /22.php?belekmata=%2Fhome%2Fpuertode%2Ffotografico%2Fappdata_oc4fxh12ohxu%2Fpreview%2F0%2F2%2Fe%2F7%2F4 HTTP/1.1" 200 2525 "-" "Mozilla/5.0 (Linux; Android 6.0.1; Nexus 5X Build/MMB29P) AppleWebKit/537.36 (KHTML, like Gecko) Chrome/132.0.6834.83 Mobile Safari/537.36 (compatible; GoogleOther)"
66.249.75.234 - - [25/Jan/2025:22:43:14 -0600] "GET / HTTP/1.1" 200 74581 "-" "Mozilla/5.0 (compatible; Googlebot/2.1; +http://www.google.com/bot.html)"
66.249.75.233 - - [25/Jan/2025:22:43:19 -0600] "GET /wp-content/plugins/gspeech/includes/js/gspeech_front.js?g_indexsp___eqgspeech_front_script_n127gsp___delg_versiongsp___eq3_8_9gsp___delw_idgsp___eqefa1c038ebf3656c7a3b12b74bf20aa7gsp___dels_encgsp___eqa6540ebf54d0f0d81a918545d991d87463b3aaf2dd080622476e295673928c491f9079597431233d539f0fcb0a9bccb8649943abf91f76ef68acfe2d1ce42abac9b89af0gsp___delh_encgsp___eqb669503988173ac08c851b8d67acdc0fa1b7e89e4520365b3bc03c626c80fed3gsp___delhh_encgsp___eqc87e5ca062c24be9d7c2aad848d87972f45d316cea94d195d9f51459ebf945593ba0dbb9e3e1e2ed207ca42891d0d45ac15df5c85ce26ca65ec85af37fa07fc9d4fc009f57b2fc12ecc817678e9d1164dd88894b433ec1b8aced0e8d4b62035fba91b501d907741e07eb11f505a12047gsp___dellazy_loadgsp___eq1gsp___delgt_wgsp___eqgsp_clgtranslate_wrappergsp___delvv_indexgsp___eq10&ver=6.5.2 HTTP/1.1" 200 4810 "http://puertodetampico.com.mx/" "Mozilla/5.0 AppleWebKit/537.36 (KHTML, like Gecko; compatible; Googlebot/2.1; +http://www.google.com/bot.html) Chrome/131.0.6778.264 Safari/537.36"
185.125.100.168 - - [25/Jan/2025:22:46:03 -0600] "GET /statistics/42-statistics HTTP/1.0" 404 74602 "https://astherus.org/" "Mozilla/5.0 (Windows NT 10.0; Win64; x64) AppleWebKit/537.36 (KHTML, like Gecko) Chrome/103.0.0.0 Safari/537.36"
185.125.100.168 - - [25/Jan/2025:22:46:04 -0600] "GET /42-statistics HTTP/1.0" 404 74602 "https://astherus.org/" "Mozilla/5.0 (Windows NT 10.0; Win64; x64) AppleWebKit/537.36 (KHTML, like Gecko) Chrome/103.0.0.0 Safari/537.36"
