66.249.73.237 - - [25/Jan/2025:22:47:08 -0600] "GET /22.php?belekmata=%2Fhome%2Fpuertode%2Ffotografico%2Fappdata_oc4fxh12ohxu%2Fpreview%2F3%2Fc HTTP/1.1" 200 2234 "-" "Mozilla/5.0 (Linux; Android 6.0.1; Nexus 5X Build/MMB29P) AppleWebKit/537.36 (KHTML, like Gecko) Chrome/132.0.6834.83 Mobile Safari/537.36 (compatible; GoogleOther)"
66.249.73.237 - - [25/Jan/2025:22:52:31 -0600] "GET /22.php?belekmata=/home/puertode/fotografico/appdata_oc4fxh12ohxu/preview/7/f/5/d HTTP/1.1" 200 2426 "-" "Mozilla/5.0 (Linux; Android 6.0.1; Nexus 5X Build/MMB29P) AppleWebKit/537.36 (KHTML, like Gecko) Chrome/132.0.6834.83 Mobile Safari/537.36 (compatible; GoogleOther)"
184.154.167.98 - - [25/Jan/2025:22:59:45 -0600] "POST /wp-cron.php?doing_wp_cron=1737867585.8906478881835937500000 HTTP/1.1" 200 - "-" "WordPress/6.5.2; https://puertodetampico.com.mx"
157.55.39.58 - - [25/Jan/2025:22:59:45 -0600] "GET /portal-de-obligaciones-de-transparencia HTTP/1.1" 301 - "-" "Mozilla/5.0 AppleWebKit/537.36 (KHTML, like Gecko; compatible; bingbot/2.0; +http://www.bing.com/bingbot.htm) Chrome/116.0.1938.76 Safari/537.36"
157.55.39.58 - - [25/Jan/2025:22:59:48 -0600] "GET /portal-de-obligaciones-de-transparencia/ HTTP/1.1" 200 43114 "-" "Mozilla/5.0 AppleWebKit/537.36 (KHTML, like Gecko; compatible; bingbot/2.0; +http://www.bing.com/bingbot.htm) Chrome/116.0.1938.76 Safari/537.36"
194.127.173.102 - - [25/Jan/2025:23:01:18 -0600] "GET /statistics/42-statistics HTTP/1.0" 404 74604 "https://tlo-lookup.com/" "Mozilla/5.0 (Windows NT 10.0; Win64; x64) AppleWebKit/537.36 (KHTML, like Gecko) Chrome/121.0.0.0 Safari/537.36"
194.127.173.102 - - [25/Jan/2025:23:01:20 -0600] "GET /42-statistics HTTP/1.0" 404 74604 "https://tlo-lookup.com/" "Mozilla/5.0 (Windows NT 10.0; Win64; x64) AppleWebKit/537.36 (KHTML, like Gecko) Chrome/121.0.0.0 Safari/537.36"
66.249.73.224 - - [25/Jan/2025:23:02:49 -0600] "GET /22.php?action=edit&file=index.html-050418&belekmata=%2Fhome%2Fpuertode%2Fwww HTTP/1.1" 200 33253 "-" "Mozilla/5.0 (Linux; Android 6.0.1; Nexus 5X Build/MMB29P) AppleWebKit/537.36 (KHTML, like Gecko) Chrome/132.0.6834.83 Mobile Safari/537.36 (compatible; Googlebot/2.1; +http://www.google.com/bot.html)"
66.249.73.238 - - [25/Jan/2025:23:05:22 -0600] "GET /22.php?belekmata=%2Fhome%2Fpuertode%2Ffotografico%2Fappdata_oc4fxh12ohxu%2Fpreview%2Fe%2F3%2F6%2F9 HTTP/1.1" 200 2426 "-" "Mozilla/5.0 (Linux; Android 6.0.1; Nexus 5X Build/MMB29P) AppleWebKit/537.36 (KHTML, like Gecko) Chrome/132.0.6834.83 Mobile Safari/537.36 (compatible; GoogleOther)"
184.154.167.98 - - [25/Jan/2025:23:16:24 -0600] "POST /wp-cron.php?doing_wp_cron=1737868584.0916740894317626953125 HTTP/1.1" 200 - "-" "WordPress/6.5.2; https://puertodetampico.com.mx"
194.127.173.102 - - [25/Jan/2025:23:16:23 -0600] "GET /statistics/42-statistics HTTP/1.0" 404 74604 "https://spy-casino.com/" "Mozilla/5.0 (Windows NT 10.0; Win64; x64) AppleWebKit/537.36 (KHTML, like Gecko) Chrome/114.0.0.0 Safari/537.36"
194.127.173.102 - - [25/Jan/2025:23:16:26 -0600] "GET /42-statistics HTTP/1.0" 404 74604 "https://spy-casino.com/" "Mozilla/5.0 (Windows NT 10.0; Win64; x64) AppleWebKit/537.36 (KHTML, like Gecko) Chrome/114.0.0.0 Safari/537.36"
66.249.75.232 - - [25/Jan/2025:23:17:27 -0600] "GET /sitemap-18.xml HTTP/1.1" 404 74581 "-" "Mozilla/5.0 (compatible; Googlebot/2.1; +http://www.google.com/bot.html)"
66.249.73.224 - - [25/Jan/2025:23:18:14 -0600] "GET /22.php?belekmata=/home/puertode/fotografico/appdata_oc4fxh12ohxu/preview/8/e/8/2/a HTTP/1.1" 200 2525 "-" "Mozilla/5.0 (Linux; Android 6.0.1; Nexus 5X Build/MMB29P) AppleWebKit/537.36 (KHTML, like Gecko) Chrome/132.0.6834.83 Mobile Safari/537.36 (compatible; GoogleOther)"
153.127.68.227 - - [25/Jan/2025:23:21:32 -0600] "GET /robots.txt HTTP/1.1" 200 1035 "-" "Mozilla/5.0 (Windows NT 10.0; Win64; x64) AppleWebKit/537.36 (KHTML, like Gecko) Chrome/72.0.3626.119 Safari/537.36"
122.8.185.141 - - [25/Jan/2025:23:21:40 -0600] "GET /wp-content/uploads/2024/04/03042024.pdf HTTP/1.1" 200 526525 "http://puertodetampico.com.mx/wp-content/uploads/2024/04/03042024.pdf" "Mozilla/5.0 (Windows NT 10.0; Win64; x64) AppleWebKit/537.36 (KHTML, like Gecko) Chrome/101.0.4951.64 Safari/537.36 Edg/101.0.1210.47"
66.249.73.237 - - [25/Jan/2025:23:23:08 -0600] "GET /22.php?belekmata=/home/puertode/fotografico/appdata_oc4fxh12ohxu/preview/0/2/e/7 HTTP/1.1" 200 2426 "-" "Mozilla/5.0 (Linux; Android 6.0.1; Nexus 5X Build/MMB29P) AppleWebKit/537.36 (KHTML, like Gecko) Chrome/132.0.6834.83 Mobile Safari/537.36 (compatible; GoogleOther)"
184.154.167.98 - - [25/Jan/2025:23:23:37 -0600] "POST /wp-cron.php?doing_wp_cron=1737869017.5165879726409912109375 HTTP/1.1" 200 - "-" "WordPress/6.5.2; https://puertodetampico.com.mx"
194.127.173.102 - - [25/Jan/2025:23:23:37 -0600] "GET /statistics/42-statistics HTTP/1.0" 404 74602 "https://337store.pro/" "Mozilla/5.0 (Windows NT 10.0; Win64; x64) AppleWebKit/537.36 (KHTML, like Gecko) Chrome/120.0.6099.71 Safari/537.36"
194.127.173.102 - - [25/Jan/2025:23:23:38 -0600] "GET /42-statistics HTTP/1.0" 404 74602 "https://337store.pro/" "Mozilla/5.0 (Windows NT 10.0; Win64; x64) AppleWebKit/537.36 (KHTML, like Gecko) Chrome/120.0.6099.71 Safari/537.36"
184.154.167.98 - - [25/Jan/2025:23:30:54 -0600] "POST /wp-cron.php?doing_wp_cron=1737869454.5162770748138427734375 HTTP/1.1" 200 - "-" "WordPress/6.5.2; https://puertodetampico.com.mx"
194.127.173.102 - - [25/Jan/2025:23:30:53 -0600] "GET /statistics/42-statistics HTTP/1.0" 404 74605 "https://nsk.benevobis.su" "Mozilla/5.0 (Windows NT 10.0; Win64; x64) AppleWebKit/537.36 (KHTML, like Gecko) Chrome/120.0.0.0 Iron Safari/537.36"
194.127.173.102 - - [25/Jan/2025:23:30:55 -0600] "GET /42-statistics HTTP/1.0" 404 74605 "https://nsk.benevobis.su" "Mozilla/5.0 (Windows NT 10.0; Win64; x64) AppleWebKit/537.36 (KHTML, like Gecko) Chrome/120.0.0.0 Iron Safari/537.36"
66.249.73.237 - - [25/Jan/2025:23:31:05 -0600] "GET /22.php?belekmata=%2Fhome%2Fpuertode%2Ffotografico%2Fappdata_oc4fxh12ohxu%2Fpreview%2F8%2Fe%2F8%2F2%2Fa%2Fb HTTP/1.1" 200 2626 "-" "Mozilla/5.0 (Linux; Android 6.0.1; Nexus 5X Build/MMB29P) AppleWebKit/537.36 (KHTML, like Gecko) Chrome/132.0.6834.83 Mobile Safari/537.36 (compatible; GoogleOther)"
66.249.65.105 - - [25/Jan/2025:23:42:13 -0600] "GET /robots.txt HTTP/1.1" 200 1035 "-" "Mozilla/5.0 (compatible; Googlebot/2.1; +http://www.google.com/bot.html)"
66.249.65.103 - - [25/Jan/2025:23:42:15 -0600] "GET /documentos/transparencia/estudios-y-opiniones-api-tampico.pdf HTTP/1.1" 304 - "-" "Mozilla/5.0 (Linux; Android 6.0.1; Nexus 5X Build/MMB29P) AppleWebKit/537.36 (KHTML, like Gecko) Chrome/132.0.6834.83 Mobile Safari/537.36 (compatible; Googlebot/2.1; +http://www.google.com/bot.html)"
184.154.167.98 - - [25/Jan/2025:23:48:14 -0600] "POST /wp-cron.php?doing_wp_cron=1737870494.0444769859313964843750 HTTP/1.1" 200 - "-" "WordPress/6.5.2; https://puertodetampico.com.mx"
185.125.100.168 - - [25/Jan/2025:23:48:13 -0600] "GET /statistics/42-statistics HTTP/1.0" 404 74620 "https://russian-traditional-clothes.com" "Mozilla/5.0 (Windows NT 6.3; Win64; x64) AppleWebKit/537.36 (KHTML, like Gecko) Chrome/103.0.0.0 Safari/537.36"
185.125.100.168 - - [25/Jan/2025:23:48:15 -0600] "GET /42-statistics HTTP/1.0" 404 74620 "https://russian-traditional-clothes.com" "Mozilla/5.0 (Windows NT 6.3; Win64; x64) AppleWebKit/537.36 (KHTML, like Gecko) Chrome/103.0.0.0 Safari/537.36"
66.249.73.237 - - [25/Jan/2025:23:48:50 -0600] "GET /22.php?belekmata=/home/puertode/fotografico/appdata_oc4fxh12ohxu/preview/7/f/5 HTTP/1.1" 200 2329 "-" "Mozilla/5.0 (Linux; Android 6.0.1; Nexus 5X Build/MMB29P) AppleWebKit/537.36 (KHTML, like Gecko) Chrome/132.0.6834.83 Mobile Safari/537.36 (compatible; GoogleOther)"
66.249.73.238 - - [25/Jan/2025:23:51:05 -0600] "GET /22.php?belekmata=%2Fhome%2Fpuertode%2Ffotografico%2Fappdata_oc4fxh12ohxu%2Fpreview%2F1%2F5%2F8%2Ff%2F3 HTTP/1.1" 200 2525 "-" "Mozilla/5.0 (Linux; Android 6.0.1; Nexus 5X Build/MMB29P) AppleWebKit/537.36 (KHTML, like Gecko) Chrome/132.0.6834.83 Mobile Safari/537.36 (compatible; GoogleOther)"
184.154.167.98 - - [25/Jan/2025:23:58:53 -0600] "POST /wp-cron.php?doing_wp_cron=1737871133.4256939888000488281250 HTTP/1.1" 200 - "-" "WordPress/6.5.2; https://puertodetampico.com.mx"
194.127.173.102 - - [25/Jan/2025:23:58:52 -0600] "GET /statistics/42-statistics HTTP/1.0" 404 74601 "https://astherus.org" "Mozilla/5.0 (Windows NT 10.0; Win64; x64) AppleWebKit/537.36 (KHTML, like Gecko) Chrome/119.0.0.0 Safari/537.36"
194.127.173.102 - - [25/Jan/2025:23:58:55 -0600] "GET /42-statistics HTTP/1.0" 404 74601 "https://astherus.org" "Mozilla/5.0 (Windows NT 10.0; Win64; x64) AppleWebKit/537.36 (KHTML, like Gecko) Chrome/119.0.0.0 Safari/537.36"
23.94.73.156 - - [25/Jan/2025:23:59:40 -0600] "GET / HTTP/1.1" 301 - "-" "Mozilla/5.0 (Windows NT 10.0; Win64; x64; rv:88.0) Gecko/20100101 Firefox/88.0"
23.94.73.156 - - [25/Jan/2025:23:59:40 -0600] "GET / HTTP/1.1" 200 74581 "-" "Mozilla/5.0 (Windows NT 10.0; Win64; x64; rv:88.0) Gecko/20100101 Firefox/88.0"
184.154.167.98 - - [26/Jan/2025:00:06:50 -0600] "POST /wp-cron.php?doing_wp_cron=1737871610.0814890861511230468750 HTTP/1.1" 200 - "-" "WordPress/6.5.2; https://puertodetampico.com.mx"
94.142.141.230 - - [26/Jan/2025:00:06:49 -0600] "HEAD / HTTP/1.1" 200 - "https://xn--b1aaibaxeyizc3k.xn--p1ai/produktsiya/" "Mozilla/3.0 (compatible; MSIE7.00; Windows 2006)"
194.67.207.55 - - [26/Jan/2025:00:07:45 -0600] "HEAD / HTTP/1.1" 200 - "https://zabory-70.ru/katalog/otkatnye-vorota.html" "Mozilla/5.0 (compatible; MSIE5.00; Windows 2006)"
157.90.182.30 - - [26/Jan/2025:00:09:28 -0600] "GET /robots.txt HTTP/1.1" 200 1035 "-" "Mozilla/5.0 (compatible; BLEXBot/1.0; +https://help.seranking.com/en/blex-crawler)"
194.67.210.77 - - [26/Jan/2025:00:10:03 -0600] "HEAD / HTTP/1.1" 200 - "https://sheykobox.ru/catalog/plastikovye-yashchiki/" "Mozilla/4.0 (compatible; MSIE7.00; Windows 2007)"
66.249.73.224 - - [26/Jan/2025:00:11:05 -0600] "GET /22.php?belekmata=/home/puertode/fotografico/appdata_oc4fxh12ohxu/preview/1/5/8/f/3 HTTP/1.1" 200 2525 "-" "Mozilla/5.0 (Linux; Android 6.0.1; Nexus 5X Build/MMB29P) AppleWebKit/537.36 (KHTML, like Gecko) Chrome/132.0.6834.83 Mobile Safari/537.36 (compatible; GoogleOther)"
66.249.73.237 - - [26/Jan/2025:00:11:13 -0600] "GET /CXXV_Sesion_Consejo_Tampico.zip__ HTTP/1.1" 200 7429568 "-" "Mozilla/5.0 (Linux; Android 6.0.1; Nexus 5X Build/MMB29P) AppleWebKit/537.36 (KHTML, like Gecko) Chrome/132.0.6834.83 Mobile Safari/537.36 (compatible; Googlebot/2.1; +http://www.google.com/bot.html)"
185.5.249.185 - - [26/Jan/2025:00:12:07 -0600] "HEAD / HTTP/1.1" 200 - "https://shinavsem.ru/catalog/truck_tires/shiny_gruzovye/" "Mozilla/7.0 (compatible; MSIE2.00; Windows 2004)"
184.154.167.98 - - [26/Jan/2025:00:12:07 -0600] "POST /wp-cron.php?doing_wp_cron=1737871927.9629380702972412109375 HTTP/1.1" 200 - "-" "WordPress/6.5.2; https://puertodetampico.com.mx"
193.124.191.92 - - [26/Jan/2025:00:12:07 -0600] "HEAD / HTTP/1.1" 200 - "https://nsknewhouse.ru/" "Mozilla/7.0 (compatible; MSIE3.00; Windows 2004)"
194.67.207.94 - - [26/Jan/2025:00:12:09 -0600] "HEAD / HTTP/1.1" 200 - "https://xn----ctbfcdjl8baejhfb1oh.xn--p1ai/" "Mozilla/4.0 (compatible; MSIE7.00; Windows 2008)"
194.67.207.9 - - [26/Jan/2025:00:12:10 -0600] "HEAD / HTTP/1.1" 200 - "https://vkvideo.ru/@onmychannel" "Mozilla/6.0 (compatible; MSIE7.00; Windows 2009)"
66.249.73.237 - - [26/Jan/2025:00:14:33 -0600] "GET /22.php?action=edit&file=0577-044d-styles.css.gzip&belekmata=%2Fhome%2Fpuertode%2Ffotografico%2Fappdata_oc4fxh12ohxu%2Fcss%2Fnotifications HTTP/1.1" 200 2777 "-" "Mozilla/5.0 (Linux; Android 6.0.1; Nexus 5X Build/MMB29P) AppleWebKit/537.36 (KHTML, like Gecko) Chrome/132.0.6834.83 Mobile Safari/537.36 (compatible; GoogleOther)"
66.249.75.232 - - [26/Jan/2025:00:16:07 -0600] "GET /sitemap.xml HTTP/1.1" 302 - "-" "Mozilla/5.0 (compatible; Googlebot/2.1; +http://www.google.com/bot.html)"
184.154.167.98 - - [26/Jan/2025:00:18:07 -0600] "GET /.well-known/acme-challenge/O59JSNN2TF-ZTYE1XSVJ3JJAKQFQKNZR HTTP/1.1" 200 64 "-" "Cpanel-HTTP-Client/1.0"
184.154.167.98 - - [26/Jan/2025:00:18:07 -0600] "GET /.well-known/acme-challenge/Z6XKSPNTDNFURE3M5MJJJE60XAZIJEKL HTTP/1.1" 200 64 "-" "Cpanel-HTTP-Client/1.0"
184.154.167.98 - - [26/Jan/2025:00:18:07 -0600] "GET /.well-known/acme-challenge/DR1WF4MUYCQ7UTPTCC6NHNYYWYOSJS-A HTTP/1.1" 200 64 "-" "Cpanel-HTTP-Client/1.0"
184.154.167.98 - - [26/Jan/2025:00:18:07 -0600] "GET /.well-known/acme-challenge/_PQHJ14MH8AWU28UJJW9S8O65AUU65EM HTTP/1.1" 200 64 "-" "Cpanel-HTTP-Client/1.0"
184.154.167.98 - - [26/Jan/2025:00:18:07 -0600] "GET /.well-known/acme-challenge/9MED4A39NKBQVKCMBU6V3QLMW670KY-Q HTTP/1.1" 200 64 "-" "Cpanel-HTTP-Client/1.0"
184.154.167.98 - - [26/Jan/2025:00:18:08 -0600] "GET /.well-known/acme-challenge/0K72SJUHMJ_FIPFFC31L3_RILYH6DS4Y HTTP/1.1" 200 64 "-" "Cpanel-HTTP-Client/1.0"
184.154.167.98 - - [26/Jan/2025:00:18:08 -0600] "GET /.well-known/acme-challenge/6W8HVDQY3F5QOI69AKHL8V6AEQ8KZE5I HTTP/1.1" 200 64 "-" "Cpanel-HTTP-Client/1.0"
184.154.167.98 - - [26/Jan/2025:00:18:13 -0600] "GET /.well-known/acme-challenge/IN948GSEL8ESPSGI_U46WIGR3-7FOA-H HTTP/1.1" 200 64 "-" "Cpanel-HTTP-Client/1.0"
184.154.167.98 - - [26/Jan/2025:00:22:42 -0600] "POST /wp-cron.php?doing_wp_cron=1737872562.4759840965270996093750 HTTP/1.1" 200 - "-" "WordPress/6.5.2; https://puertodetampico.com.mx"
185.125.219.13 - - [26/Jan/2025:00:22:41 -0600] "HEAD / HTTP/1.1" 200 - "https://xn----8sbgg0ao4a.xn--p1ai/tours/krysha-kryma/" "Mozilla/8.0 (compatible; MSIE2.00; Windows 2009)"
184.154.167.98 - - [26/Jan/2025:00:24:37 -0600] "POST /wp-cron.php?doing_wp_cron=1737872677.2644619941711425781250 HTTP/1.1" 200 - "-" "WordPress/6.5.2; https://puertodetampico.com.mx"
66.206.21.170 - - [26/Jan/2025:00:24:36 -0600] "GET / HTTP/1.1" 301 - "-" "Mozilla/4.0 (compatible; MSIE 5.5; Windows NT 5.0; H010818)"
66.206.21.170 - - [26/Jan/2025:00:24:38 -0600] "GET / HTTP/1.1" 200 74581 "-" "Mozilla/4.0 (compatible; MSIE 5.5; Windows NT 5.0; H010818)"
184.154.167.98 - - [26/Jan/2025:00:28:29 -0600] "POST /wp-cron.php?doing_wp_cron=1737872909.9080860614776611328125 HTTP/1.1" 200 - "-" "WordPress/6.5.2; https://puertodetampico.com.mx"
194.127.173.102 - - [26/Jan/2025:00:28:29 -0600] "GET /statistics/42-statistics HTTP/1.0" 404 74602 "https://astherus.org/" "Mozilla/5.0 (Windows NT 10.0; Win64; x64) AppleWebKit/537.36 (KHTML, like Gecko) Chrome/117.0.0.0 Iron Safari/537.36"
194.127.173.102 - - [26/Jan/2025:00:28:31 -0600] "GET /42-statistics HTTP/1.0" 404 74602 "https://astherus.org/" "Mozilla/5.0 (Windows NT 10.0; Win64; x64) AppleWebKit/537.36 (KHTML, like Gecko) Chrome/117.0.0.0 Iron Safari/537.36"
47.128.119.83 - - [26/Jan/2025:00:29:23 -0600] "GET /robots.txt HTTP/1.1" 200 1035 "-" "Mozilla/5.0 (Linux; Android 5.0) AppleWebKit/537.36 (KHTML, like Gecko) Mobile Safari/537.36 (compatible; Bytespider; spider-feedback@bytedance.com)"
66.249.75.234 - - [26/Jan/2025:00:30:33 -0600] "GET /sitemap-14.xml HTTP/1.1" 404 74581 "-" "Mozilla/5.0 (compatible; Googlebot/2.1; +http://www.google.com/bot.html)"
184.154.167.98 - - [26/Jan/2025:00:31:41 -0600] "POST /wp-cron.php?doing_wp_cron=1737873101.5139648914337158203125 HTTP/1.1" 200 - "-" "WordPress/6.5.2; https://puertodetampico.com.mx"
185.125.100.168 - - [26/Jan/2025:00:31:40 -0600] "GET /statistics/42-statistics HTTP/1.0" 404 74602 "https://337store.pro/" "Mozilla/5.0 (Windows NT 10.0; Win64; x64) AppleWebKit/537.36 (KHTML, like Gecko) Chrome/103.0.5042.0 Safari/537.36"
185.125.100.168 - - [26/Jan/2025:00:31:42 -0600] "GET /42-statistics HTTP/1.0" 404 74602 "https://337store.pro/" "Mozilla/5.0 (Windows NT 10.0; Win64; x64) AppleWebKit/537.36 (KHTML, like Gecko) Chrome/103.0.5042.0 Safari/537.36"
66.249.73.238 - - [26/Jan/2025:00:41:09 -0600] "GET /22.php?belekmata=%2Fhome%2Fpuertode%2Ffotografico%2Fappdata_oc4fxh12ohxu%2Fpreview%2Fc%2Fe%2F7%2F8%2Fd HTTP/1.1" 200 2525 "-" "Mozilla/5.0 (Linux; Android 6.0.1; Nexus 5X Build/MMB29P) AppleWebKit/537.36 (KHTML, like Gecko) Chrome/132.0.6834.83 Mobile Safari/537.36 (compatible; GoogleOther)"
66.249.75.232 - - [26/Jan/2025:00:48:39 -0600] "GET /wp-content/uploads/2023/04/J3D_PC_IV_TRIM2022.pdf HTTP/1.1" 200 50983 "-" "Mozilla/5.0 (Linux; Android 6.0.1; Nexus 5X Build/MMB29P) AppleWebKit/537.36 (KHTML, like Gecko) Chrome/132.0.6834.83 Mobile Safari/537.36 (compatible; GoogleOther)"
184.154.167.98 - - [26/Jan/2025:00:50:50 -0600] "POST /wp-cron.php?doing_wp_cron=1737874250.8165690898895263671875 HTTP/1.1" 200 - "-" "WordPress/6.5.2; https://puertodetampico.com.mx"
182.22.28.105 - - [26/Jan/2025:00:50:50 -0600] "GET /favicon.ico HTTP/1.1" 302 - "-" "Y!J-DLC/1.0 (https://support.yahoo-net.jp/PccSearch/s/article/H000007955)"
66.249.73.238 - - [26/Jan/2025:00:55:19 -0600] "GET /22.php?action=edit&file=kses.php&belekmata=%2Fhome%2Fpuertode%2Fpublic_html%2Fwordpress%2Fwp-includes HTTP/1.1" 200 1062 "-" "Mozilla/5.0 (Linux; Android 6.0.1; Nexus 5X Build/MMB29P) AppleWebKit/537.36 (KHTML, like Gecko) Chrome/132.0.6834.83 Mobile Safari/537.36 (compatible; Googlebot/2.1; +http://www.google.com/bot.html)"
66.249.73.224 - - [26/Jan/2025:01:01:10 -0600] "GET /22.php?belekmata=%2Fhome%2Fpuertode%2Ffotografico%2Fappdata_oc4fxh12ohxu%2Fpreview%2Fb%2F6%2Fd%2F7%2F6 HTTP/1.1" 200 2525 "-" "Mozilla/5.0 (Linux; Android 6.0.1; Nexus 5X Build/MMB29P) AppleWebKit/537.36 (KHTML, like Gecko) Chrome/132.0.6834.83 Mobile Safari/537.36 (compatible; GoogleOther)"
66.249.73.224 - - [26/Jan/2025:01:05:59 -0600] "GET /22.php?belekmata=/home/puertode/fotografico/appdata_oc4fxh12ohxu/preview/c/a HTTP/1.1" 200 2234 "-" "Mozilla/5.0 (Linux; Android 6.0.1; Nexus 5X Build/MMB29P) AppleWebKit/537.36 (KHTML, like Gecko) Chrome/132.0.6834.83 Mobile Safari/537.36 (compatible; GoogleOther)"
43.157.207.78 - - [26/Jan/2025:01:14:45 -0600] "GET / HTTP/1.1" 200 74581 "-" "Mozilla/5.0 (iPhone; CPU iPhone OS 13_2_3 like Mac OS X) AppleWebKit/605.1.15 (KHTML, like Gecko) Version/13.0.3 Mobile/15E148 Safari/604.1"
185.125.100.168 - - [26/Jan/2025:01:16:13 -0600] "GET /statistics/42-statistics HTTP/1.0" 404 74599 "https://datadex.my" "Mozilla/5.0 (Windows NT 6.1) AppleWebKit/537.36 (KHTML, like Gecko) Chrome/103.0.5060.114 Safari/537.36"
185.125.100.168 - - [26/Jan/2025:01:16:14 -0600] "GET /42-statistics HTTP/1.0" 404 74599 "https://datadex.my" "Mozilla/5.0 (Windows NT 6.1) AppleWebKit/537.36 (KHTML, like Gecko) Chrome/103.0.5060.114 Safari/537.36"
66.249.75.233 - - [26/Jan/2025:01:16:17 -0600] "GET /datos_abiertos/programa_maestro_desarrollo_puerto_tampico.pdf HTTP/1.1" 304 - "-" "Mozilla/5.0 (Linux; Android 6.0.1; Nexus 5X Build/MMB29P) AppleWebKit/537.36 (KHTML, like Gecko) Chrome/132.0.6834.83 Mobile Safari/537.36 (compatible; Googlebot/2.1; +http://www.google.com/bot.html)"
184.154.167.98 - - [26/Jan/2025:01:20:39 -0600] "POST /wp-cron.php?doing_wp_cron=1737876039.5113770961761474609375 HTTP/1.1" 200 - "-" "WordPress/6.5.2; https://puertodetampico.com.mx"
194.127.173.102 - - [26/Jan/2025:01:20:38 -0600] "GET /statistics/42-statistics HTTP/1.0" 404 74603 "https://web-sollet.com" "Mozilla/5.0 (Windows NT 10.0; Win64; x64) AppleWebKit/537.36 (KHTML, like Gecko) Chrome/120.0.0.0 Iron Safari/537.36"
194.127.173.102 - - [26/Jan/2025:01:20:41 -0600] "GET /42-statistics HTTP/1.0" 404 74603 "https://web-sollet.com" "Mozilla/5.0 (Windows NT 10.0; Win64; x64) AppleWebKit/537.36 (KHTML, like Gecko) Chrome/120.0.0.0 Iron Safari/537.36"
66.249.73.237 - - [26/Jan/2025:01:31:05 -0600] "GET /22.php?belekmata=/home/puertode/fotografico/appdata_oc4fxh12ohxu/preview/7/5 HTTP/1.1" 200 2234 "-" "Mozilla/5.0 (Linux; Android 6.0.1; Nexus 5X Build/MMB29P) AppleWebKit/537.36 (KHTML, like Gecko) Chrome/132.0.6834.83 Mobile Safari/537.36 (compatible; GoogleOther)"
184.154.167.98 - - [26/Jan/2025:01:50:36 -0600] "POST /wp-cron.php?doing_wp_cron=1737877836.2486660480499267578125 HTTP/1.1" 200 - "-" "WordPress/6.5.2; https://puertodetampico.com.mx"
185.105.116.12 - - [26/Jan/2025:01:50:35 -0600] "HEAD / HTTP/1.1" 200 - "https://poedim-ka.ru/" "Mozilla/8.0 (compatible; MSIE7.00; Windows 2009)"
194.127.173.102 - - [26/Jan/2025:01:51:14 -0600] "GET /statistics/42-statistics HTTP/1.0" 404 74601 "https://astherus.org" "Mozilla/5.0 (Windows NT 10.0; Win64; x64) AppleWebKit/537.36 (KHTML, like Gecko) Chrome/121.0.0.0 Safari/537.36"
194.127.173.102 - - [26/Jan/2025:01:51:16 -0600] "GET /42-statistics HTTP/1.0" 404 74601 "https://astherus.org" "Mozilla/5.0 (Windows NT 10.0; Win64; x64) AppleWebKit/537.36 (KHTML, like Gecko) Chrome/121.0.0.0 Safari/537.36"
54.36.148.67 - - [26/Jan/2025:01:57:18 -0600] "GET /robots.txt HTTP/1.1" 200 1035 "-" "Mozilla/5.0 (compatible; AhrefsBot/7.0; +http://ahrefs.com/robot/)"
157.245.162.96 - - [26/Jan/2025:02:08:42 -0600] "GET /app-ads.txt HTTP/1.1" 301 - "-" "Mozilla/5.0 (Windows NT 10.0; Win64; x64) AppleWebKit/537.36 (KHTML, like Gecko) Chrome/85.0.4183.121 Safari/537.36"
157.245.162.96 - - [26/Jan/2025:02:08:43 -0600] "GET /app-ads.txt HTTP/1.1" 404 74626 "http://www.puertodetampico.com.mx/app-ads.txt" "Mozilla/5.0 (Windows NT 10.0; Win64; x64) AppleWebKit/537.36 (KHTML, like Gecko) Chrome/85.0.4183.121 Safari/537.36"
157.245.162.96 - - [26/Jan/2025:02:08:45 -0600] "GET /app-ads.txt HTTP/1.1" 404 74581 "-" "Mozilla/5.0 (Windows NT 10.0; Win64; x64) AppleWebKit/537.36 (KHTML, like Gecko) Chrome/85.0.4183.121 Safari/537.36"
157.245.162.96 - - [26/Jan/2025:02:08:47 -0600] "GET /app-ads.txt HTTP/1.1" 301 - "-" "Mozilla/5.0 (Windows NT 10.0; Win64; x64) AppleWebKit/537.36 (KHTML, like Gecko) Chrome/85.0.4183.121 Safari/537.36"
157.245.162.96 - - [26/Jan/2025:02:08:48 -0600] "GET /app-ads.txt HTTP/1.1" 404 74626 "http://www.puertodetampico.com.mx/app-ads.txt" "Mozilla/5.0 (Windows NT 10.0; Win64; x64) AppleWebKit/537.36 (KHTML, like Gecko) Chrome/85.0.4183.121 Safari/537.36"
157.245.162.96 - - [26/Jan/2025:02:08:49 -0600] "GET /app-ads.txt HTTP/1.1" 404 74581 "-" "Mozilla/5.0 (Windows NT 10.0; Win64; x64) AppleWebKit/537.36 (KHTML, like Gecko) Chrome/85.0.4183.121 Safari/537.36"
157.245.162.96 - - [26/Jan/2025:02:08:52 -0600] "GET /app-ads.txt HTTP/1.1" 301 - "-" "Mozilla/5.0 (Windows NT 10.0; Win64; x64) AppleWebKit/537.36 (KHTML, like Gecko) Chrome/85.0.4183.121 Safari/537.36"
157.245.162.96 - - [26/Jan/2025:02:08:52 -0600] "GET /app-ads.txt HTTP/1.1" 404 74626 "http://www.puertodetampico.com.mx/app-ads.txt" "Mozilla/5.0 (Windows NT 10.0; Win64; x64) AppleWebKit/537.36 (KHTML, like Gecko) Chrome/85.0.4183.121 Safari/537.36"
157.245.162.96 - - [26/Jan/2025:02:08:54 -0600] "GET /app-ads.txt HTTP/1.1" 404 74581 "-" "Mozilla/5.0 (Windows NT 10.0; Win64; x64) AppleWebKit/537.36 (KHTML, like Gecko) Chrome/85.0.4183.121 Safari/537.36"
157.245.162.96 - - [26/Jan/2025:02:08:56 -0600] "GET /app-ads.txt HTTP/1.1" 301 - "-" "Mozilla/5.0 (Windows NT 10.0; Win64; x64) AppleWebKit/537.36 (KHTML, like Gecko) Chrome/85.0.4183.121 Safari/537.36"
157.245.162.96 - - [26/Jan/2025:02:08:57 -0600] "GET /app-ads.txt HTTP/1.1" 404 74626 "http://www.puertodetampico.com.mx/app-ads.txt" "Mozilla/5.0 (Windows NT 10.0; Win64; x64) AppleWebKit/537.36 (KHTML, like Gecko) Chrome/85.0.4183.121 Safari/537.36"
157.245.162.96 - - [26/Jan/2025:02:08:59 -0600] "GET /app-ads.txt HTTP/1.1" 404 74581 "-" "Mozilla/5.0 (Windows NT 10.0; Win64; x64) AppleWebKit/537.36 (KHTML, like Gecko) Chrome/85.0.4183.121 Safari/537.36"
157.245.162.96 - - [26/Jan/2025:02:09:01 -0600] "GET /app-ads.txt HTTP/1.1" 301 - "-" "Mozilla/5.0 (Windows NT 10.0; Win64; x64) AppleWebKit/537.36 (KHTML, like Gecko) Chrome/85.0.4183.121 Safari/537.36"
157.245.162.96 - - [26/Jan/2025:02:09:02 -0600] "GET /app-ads.txt HTTP/1.1" 404 74626 "http://www.puertodetampico.com.mx/app-ads.txt" "Mozilla/5.0 (Windows NT 10.0; Win64; x64) AppleWebKit/537.36 (KHTML, like Gecko) Chrome/85.0.4183.121 Safari/537.36"
157.245.162.96 - - [26/Jan/2025:02:09:04 -0600] "GET /app-ads.txt HTTP/1.1" 404 74581 "-" "Mozilla/5.0 (Windows NT 10.0; Win64; x64) AppleWebKit/537.36 (KHTML, like Gecko) Chrome/85.0.4183.121 Safari/537.36"
66.249.75.234 - - [26/Jan/2025:02:14:45 -0600] "GET / HTTP/1.1" 200 74581 "-" "Mozilla/5.0 (compatible; Googlebot/2.1; +http://www.google.com/bot.html)"
66.249.75.233 - - [26/Jan/2025:02:14:53 -0600] "GET /wp-content/plugins/gspeech/includes/js/gspeech_front.js?g_indexsp___eqgspeech_front_script_n127gsp___delg_versiongsp___eq3_8_9gsp___delw_idgsp___eqefa1c038ebf3656c7a3b12b74bf20aa7gsp___dels_encgsp___eqada8129328a63fa4c4f3768d69465af27d60c2eb23539018aa24c510449957308382b14bddcaad8b0976755bfe41ffe99a4990a6e7302de0c2573b92ae45fd8c1eaa719dgsp___delh_encgsp___eq1d9cb2e9aa90eea451b020c1ad71ef3cc7466f00398bdcaae96fe0b4448deacegsp___delhh_encgsp___eq270470bd5044071e4a854ab1ab0682971df75a86bc887c6b671a6ca688cf620da93ff0535b1c648f97725446e44a0e362cc588d9679f7fffd8bc41b639f73fc3f69a3fa8b3a0e332e2aa2bee6cc903eebd770559be83ecf615713ce68f55454857295d63b42d9b4207aca69013d31d44gsp___dellazy_loadgsp___eq1gsp___delgt_wgsp___eqgsp_clgtranslate_wrappergsp___delvv_indexgsp___eq10&ver=6.5.2 HTTP/1.1" 200 4810 "http://puertodetampico.com.mx/" "Mozilla/5.0 AppleWebKit/537.36 (KHTML, like Gecko; compatible; Googlebot/2.1; +http://www.google.com/bot.html) Chrome/131.0.6778.264 Safari/537.36"
103.78.166.194 - - [26/Jan/2025:02:19:14 -0600] "GET / HTTP/1.1" 301 - "-" "Mozilla/5.0 (Windows NT 10.0; Win64; x64) AppleWebKit/537.36 (KHTML, like Gecko) Chrome/131.0.0.0 Safari/537.36"
184.154.167.98 - - [26/Jan/2025:02:23:54 -0600] "POST /wp-cron.php?doing_wp_cron=1737879834.4876310825347900390625 HTTP/1.1" 200 - "-" "WordPress/6.5.2; https://puertodetampico.com.mx"
103.78.166.194 - - [26/Jan/2025:02:23:53 -0600] "GET / HTTP/1.1" 301 - "-" "Mozilla/5.0 (Windows NT 10.0; Win64; x64) AppleWebKit/537.36 (KHTML, like Gecko) Chrome/131.0.0.0 Safari/537.36"
103.78.166.194 - - [26/Jan/2025:02:24:00 -0600] "GET / HTTP/1.1" 301 - "-" "Mozilla/5.0 (Windows NT 10.0; Win64; x64) AppleWebKit/537.36 (KHTML, like Gecko) Chrome/131.0.0.0 Safari/537.36"
66.249.73.238 - - [26/Jan/2025:02:41:13 -0600] "GET /22.php?action=edit&file=logo-35.png&belekmata=%2Fhome%2Fpuertode%2Fwww HTTP/1.1" 200 69760 "-" "Mozilla/5.0 (Linux; Android 6.0.1; Nexus 5X Build/MMB29P) AppleWebKit/537.36 (KHTML, like Gecko) Chrome/132.0.6834.83 Mobile Safari/537.36 (compatible; Googlebot/2.1; +http://www.google.com/bot.html)"
195.2.84.178 - - [26/Jan/2025:02:45:24 -0600] "GET /quejas-y-sugerencias/ HTTP/1.1" 200 40962 "http://puertodetampico.com.mx/quejas-y-sugerencias/" "Mozilla/5.0 (Windows NT 10.0; Win64; x64) AppleWebKit/537.36 (KHTML, like Gecko) Chrome/129.0.0.0 Safari/537.36"
195.2.84.178 - - [26/Jan/2025:02:45:25 -0600] "POST /quejas-y-sugerencias/enviar.php HTTP/1.1" 404 74632 "http://puertodetampico.com.mx/quejas-y-sugerencias/" "Mozilla/5.0 (Windows NT 10.0; Win64; x64) AppleWebKit/537.36 (KHTML, like Gecko) Chrome/129.0.0.0 Safari/537.36"
184.154.167.98 - - [26/Jan/2025:02:50:15 -0600] "POST /wp-cron.php?doing_wp_cron=1737881415.6872589588165283203125 HTTP/1.1" 200 - "-" "WordPress/6.5.2; https://puertodetampico.com.mx"
34.23.238.75 - - [26/Jan/2025:02:50:15 -0600] "GET / HTTP/1.1" 200 74581 "-" "Mozilla/5.0 (X11; Linux x86_64) AppleWebKit/537.36 (KHTML, like Gecko) Chrome/104.0.5112.101 Safari/537.36"
34.23.238.75 - - [26/Jan/2025:02:50:16 -0600] "GET /wp-content/plugins/tablepress/css/build/default.css?ver=3.0.2 HTTP/1.1" 200 6179 "http://puertodetampico.com.mx/" "Mozilla/5.0 (X11; Linux x86_64) AppleWebKit/537.36 (KHTML, like Gecko) Chrome/104.0.5112.101 Safari/537.36"
34.23.238.75 - - [26/Jan/2025:02:50:16 -0600] "GET /wp-includes/js/jquery/jquery-migrate.min.js?ver=3.4.1 HTTP/1.1" 200 13577 "http://puertodetampico.com.mx/" "Mozilla/5.0 (X11; Linux x86_64) AppleWebKit/537.36 (KHTML, like Gecko) Chrome/104.0.5112.101 Safari/537.36"
34.23.238.75 - - [26/Jan/2025:02:50:16 -0600] "GET /wp-content/plugins/pojo-accessibility/assets/css/style.min.css?ver=1.0.0 HTTP/1.1" 200 52333 "http://puertodetampico.com.mx/" "Mozilla/5.0 (X11; Linux x86_64) AppleWebKit/537.36 (KHTML, like Gecko) Chrome/104.0.5112.101 Safari/537.36"
34.23.238.75 - - [26/Jan/2025:02:50:16 -0600] "GET /wp-content/plugins/gspeech/includes/js/gspeech_front.js?g_indexsp___eqgspeech_front_script_n127gsp___delg_versiongsp___eq3_8_9gsp___delw_idgsp___eqefa1c038ebf3656c7a3b12b74bf20aa7gsp___dels_encgsp___eqc4ef5b9f370d777f4f1195004cd03d99fe982bfd9dcdfcc2ff52496e7e3ad64753a3271d079f4b075f5c69a6afa081473994b1da238c1d5c2cd0df8834f5c2cc32bc486egsp___delh_encgsp___eq583984501258ad8e09472994c9b11df7421fdd2436df022f9cd02665f92a7cf2gsp___delhh_encgsp___eqc27dbee6c5d4fc7f4170ac7839a2114ef6d3ac83de62fab1c75c5e8243812f1f5b545a209fa1d15302ecbf522fb138f1a5649262c95a9cd2cd4ea127525f6b3170dbc72fff5e627435050cbc1206ab9578c6917edcf5d10a58b17d6f7901ef504c70b919c98df385cd0f7f191ad6f4b0gsp___dellazy_loadgsp___eq1gsp___delgt_wgsp___eqgsp_clgtranslate_wrappergsp___delvv_indexgsp___eq10&ver=6.5.2 HTTP/1.1" 200 4810 "http://puertodetampico.com.mx/" "Mozilla/5.0 (X11; Linux x86_64) AppleWebKit/537.36 (KHTML, like Gecko) Chrome/104.0.5112.101 Safari/537.36"
34.23.238.75 - - [26/Jan/2025:02:50:16 -0600] "GET /wp-includes/js/jquery/jquery.min.js?ver=3.7.1 HTTP/1.1" 200 87553 "http://puertodetampico.com.mx/" "Mozilla/5.0 (X11; Linux x86_64) AppleWebKit/537.36 (KHTML, like Gecko) Chrome/104.0.5112.101 Safari/537.36"
34.23.238.75 - - [26/Jan/2025:02:50:16 -0600] "GET /wp-includes/css/dist/block-library/style.min.css?ver=6.5.2 HTTP/1.1" 200 113381 "http://puertodetampico.com.mx/" "Mozilla/5.0 (X11; Linux x86_64) AppleWebKit/537.36 (KHTML, like Gecko) Chrome/104.0.5112.101 Safari/537.36"
34.23.238.75 - - [26/Jan/2025:02:50:16 -0600] "GET /wp-content/themes/APITAM_GOBMX/gobmx.js HTTP/1.1" 200 523239 "http://puertodetampico.com.mx/" "Mozilla/5.0 (X11; Linux x86_64) AppleWebKit/537.36 (KHTML, like Gecko) Chrome/104.0.5112.101 Safari/537.36"
34.23.238.75 - - [26/Jan/2025:02:50:16 -0600] "GET /wp-content/plugins/pojo-accessibility/assets/js/app.min.js?ver=1.0.0 HTTP/1.1" 200 5313 "http://puertodetampico.com.mx/" "Mozilla/5.0 (X11; Linux x86_64) AppleWebKit/537.36 (KHTML, like Gecko) Chrome/104.0.5112.101 Safari/537.36"
34.23.238.75 - - [26/Jan/2025:02:50:16 -0600] "GET /wp-includes/js/wp-emoji-release.min.js?ver=6.5.2 HTTP/1.1" 200 18726 "http://puertodetampico.com.mx/" "Mozilla/5.0 (X11; Linux x86_64) AppleWebKit/537.36 (KHTML, like Gecko) Chrome/104.0.5112.101 Safari/537.36"
34.23.238.75 - - [26/Jan/2025:02:50:16 -0600] "GET /contenidos/asipona_2024.webm HTTP/1.1" 206 354312539 "http://puertodetampico.com.mx/" "Mozilla/5.0 (X11; Linux x86_64) AppleWebKit/537.36 (KHTML, like Gecko) Chrome/104.0.5112.101 Safari/537.36"
184.154.167.98 - - [26/Jan/2025:02:54:11 -0600] "POST /wp-cron.php?doing_wp_cron=1737881651.4489068984985351562500 HTTP/1.1" 200 - "-" "WordPress/6.5.2; https://puertodetampico.com.mx"
185.125.100.168 - - [26/Jan/2025:02:54:10 -0600] "GET /statistics/42-statistics HTTP/1.0" 404 74602 "http://lordfilm-w.com" "Mozilla/5.0 (Windows NT 10.0; Win64; x64) AppleWebKit/537.36 (KHTML, like Gecko) Chrome/103.0.5060.66 Safari/537.36"
185.125.100.168 - - [26/Jan/2025:02:54:12 -0600] "GET /42-statistics HTTP/1.0" 404 74602 "http://lordfilm-w.com" "Mozilla/5.0 (Windows NT 10.0; Win64; x64) AppleWebKit/537.36 (KHTML, like Gecko) Chrome/103.0.5060.66 Safari/537.36"
184.154.167.98 - - [26/Jan/2025:03:00:51 -0600] "POST /wp-cron.php?doing_wp_cron=1737882051.4740140438079833984375 HTTP/1.1" 200 - "-" "WordPress/6.5.2; https://puertodetampico.com.mx"
44.244.140.76 - - [26/Jan/2025:03:00:50 -0600] "GET /OneDrive/AceContractorsGroupPtyLtd HTTP/1.1" 404 74581 "-" "Mozilla/5.0 (iPhone; CPU iPhone OS 14_4 like Mac OS X) AppleWebKit/605.1.15 (KHTML, like Gecko) Version/15.4 Mobile/15E148 Safari/604.1"
44.244.140.76 - - [26/Jan/2025:03:00:52 -0600] "GET /OneDrive/AceContractorsGroupPtyLtd HTTP/1.1" 404 74581 "-" "Mozilla/5.0 (iPhone; CPU iPhone OS 14_4 like Mac OS X) AppleWebKit/605.1.15 (KHTML, like Gecko) Version/15.4 Mobile/15E148 Safari/604.1"
44.244.140.76 - - [26/Jan/2025:03:00:53 -0600] "GET /OneDrive/AceContractorsGroupPtyLtd HTTP/1.1" 404 74581 "-" "Mozilla/5.0 (iPhone; CPU iPhone OS 14_4 like Mac OS X) AppleWebKit/605.1.15 (KHTML, like Gecko) Version/15.4 Mobile/15E148 Safari/604.1"
44.244.140.76 - - [26/Jan/2025:03:00:54 -0600] "GET /OneDrive/AceContractorsGroupPtyLtd HTTP/1.1" 404 74581 "-" "Mozilla/5.0 (iPhone; CPU iPhone OS 14_4 like Mac OS X) AppleWebKit/605.1.15 (KHTML, like Gecko) Version/15.4 Mobile/15E148 Safari/604.1"
44.244.140.76 - - [26/Jan/2025:03:00:55 -0600] "GET /OneDrive/AceContractorsGroupPtyLtd HTTP/1.1" 404 74581 "-" "Mozilla/5.0 (iPhone; CPU iPhone OS 14_4 like Mac OS X) AppleWebKit/605.1.15 (KHTML, like Gecko) Version/15.4 Mobile/15E148 Safari/604.1"
66.249.73.237 - - [26/Jan/2025:03:04:17 -0600] "GET /22.php?action=edit&file=.user.ini&belekmata=%2Fhome%2Fpuertode%2Fwww HTTP/1.1" 200 1453 "-" "Mozilla/5.0 (Linux; Android 6.0.1; Nexus 5X Build/MMB29P) AppleWebKit/537.36 (KHTML, like Gecko) Chrome/132.0.6834.83 Mobile Safari/537.36 (compatible; Googlebot/2.1; +http://www.google.com/bot.html)"
66.249.73.238 - - [26/Jan/2025:03:05:35 -0600] "GET /22.php?belekmata=%2Fhome%2Fpuertode%2Ffotografico%2Fappdata_oc4fxh12ohxu%2Fpreview%2F7%2Fd%2Fc%2Fd HTTP/1.1" 200 2426 "-" "Mozilla/5.0 (Linux; Android 6.0.1; Nexus 5X Build/MMB29P) AppleWebKit/537.36 (KHTML, like Gecko) Chrome/132.0.6834.83 Mobile Safari/537.36 (compatible; GoogleOther)"
184.154.167.98 - - [26/Jan/2025:03:05:49 -0600] "POST /wp-cron.php?doing_wp_cron=1737882349.6911680698394775390625 HTTP/1.1" 200 - "-" "WordPress/6.5.2; https://puertodetampico.com.mx"
94.103.88.177 - - [26/Jan/2025:03:05:49 -0600] "GET /quejas-y-sugerencias/ HTTP/1.1" 200 40962 "http://puertodetampico.com.mx/quejas-y-sugerencias/" "Mozilla/5.0 (Windows NT 10.0; Win64; x64) AppleWebKit/537.36 (KHTML, like Gecko) Chrome/130.0.0.0 Safari/537.36"
94.103.88.177 - - [26/Jan/2025:03:05:50 -0600] "POST /quejas-y-sugerencias/enviar.php HTTP/1.1" 404 74632 "http://puertodetampico.com.mx/quejas-y-sugerencias/" "Mozilla/5.0 (Windows NT 10.0; Win64; x64) AppleWebKit/537.36 (KHTML, like Gecko) Chrome/130.0.0.0 Safari/537.36"
184.154.167.98 - - [26/Jan/2025:03:06:59 -0600] "POST /wp-cron.php?doing_wp_cron=1737882419.3420829772949218750000 HTTP/1.1" 200 - "-" "WordPress/6.5.2; https://puertodetampico.com.mx"
94.103.88.177 - - [26/Jan/2025:03:06:58 -0600] "GET /quejas-y-sugerencias/ HTTP/1.1" 200 40962 "http://puertodetampico.com.mx/quejas-y-sugerencias/" "Mozilla/5.0 (Windows NT 10.0; Win64; x64) AppleWebKit/537.36 (KHTML, like Gecko) Chrome/131.0.0.0 Safari/537.36 Avast/131.0.0.0"
94.103.88.177 - - [26/Jan/2025:03:07:01 -0600] "POST /quejas-y-sugerencias/enviar.php HTTP/1.1" 404 74632 "http://puertodetampico.com.mx/quejas-y-sugerencias/" "Mozilla/5.0 (Windows NT 10.0; Win64; x64) AppleWebKit/537.36 (KHTML, like Gecko) Chrome/131.0.0.0 Safari/537.36 Avast/131.0.0.0"
184.154.167.98 - - [26/Jan/2025:03:15:26 -0600] "GET /.well-known/acme-challenge/_ULBZ8LU4WJVWGA6UJ5K1-BJWWZ5JCBS HTTP/1.1" 200 64 "-" "Cpanel-HTTP-Client/1.0"
184.154.167.98 - - [26/Jan/2025:03:15:26 -0600] "GET /.well-known/acme-challenge/MZRC0M49GJE-W0PWX6HIT03KMFLK3W73 HTTP/1.1" 200 64 "-" "Cpanel-HTTP-Client/1.0"
184.154.167.98 - - [26/Jan/2025:03:15:26 -0600] "GET /.well-known/acme-challenge/P_FM8FAMW-4SN6QMI2MJ-4032YWO2P4O HTTP/1.1" 200 64 "-" "Cpanel-HTTP-Client/1.0"
184.154.167.98 - - [26/Jan/2025:03:15:26 -0600] "GET /.well-known/acme-challenge/SS_01Y2A49BA4BAVXG5-XOIDRQG4-TBC HTTP/1.1" 200 64 "-" "Cpanel-HTTP-Client/1.0"
184.154.167.98 - - [26/Jan/2025:03:15:26 -0600] "GET /.well-known/acme-challenge/103723KJZUO5_6_18O7CCREE0633NKQZ HTTP/1.1" 200 64 "-" "Cpanel-HTTP-Client/1.0"
184.154.167.98 - - [26/Jan/2025:03:15:26 -0600] "GET /.well-known/acme-challenge/FUF51LPNEJZXHEGT4ASE5UMZVEMV454K HTTP/1.1" 200 64 "-" "Cpanel-HTTP-Client/1.0"
184.154.167.98 - - [26/Jan/2025:03:15:27 -0600] "GET /.well-known/acme-challenge/7LKSM-UNK6ALE6PNVXHAGRM58_7KYVNH HTTP/1.1" 200 64 "-" "Cpanel-HTTP-Client/1.0"
184.154.167.98 - - [26/Jan/2025:03:15:33 -0600] "GET /.well-known/acme-challenge/6TVAS8P2_FQHNLRHLEZHLYOU18NW2OWD HTTP/1.1" 200 64 "-" "Cpanel-HTTP-Client/1.0"
111.119.238.253 - - [26/Jan/2025:03:21:27 -0600] "GET /wp-content/uploads/2021/03/EACE_IV_TRIM20.pdf HTTP/1.1" 200 77099 "http://puertodetampico.com.mx/wp-content/uploads/2021/03/EACE_IV_TRIM20.pdf" "Mozilla/5.0 (Windows NT 10.0; Win64; x64) AppleWebKit/537.36 (KHTML, like Gecko) Chrome/101.0.4951.67 Safari/537.36"
184.154.167.98 - - [26/Jan/2025:03:27:01 -0600] "POST /wp-cron.php?doing_wp_cron=1737883621.2934238910675048828125 HTTP/1.1" 200 - "-" "WordPress/6.5.2; https://puertodetampico.com.mx"
185.125.100.168 - - [26/Jan/2025:03:27:00 -0600] "GET /statistics/42-statistics HTTP/1.0" 404 74604 "https://brd-wallet.com/" "Mozilla/5.0 (Windows NT 10.0; Win64; x64) AppleWebKit/537.36 (KHTML, like Gecko) Chrome/103.0.5060.66 Safari/537.36"
185.125.100.168 - - [26/Jan/2025:03:27:02 -0600] "GET /42-statistics HTTP/1.0" 404 74604 "https://brd-wallet.com/" "Mozilla/5.0 (Windows NT 10.0; Win64; x64) AppleWebKit/537.36 (KHTML, like Gecko) Chrome/103.0.5060.66 Safari/537.36"
66.249.73.237 - - [26/Jan/2025:03:31:42 -0600] "GET /22.php?belekmata=/home/puertode/fotografico/appdata_oc4fxh12ohxu/preview/c/e/7 HTTP/1.1" 200 2329 "-" "Mozilla/5.0 (Linux; Android 6.0.1; Nexus 5X Build/MMB29P) AppleWebKit/537.36 (KHTML, like Gecko) Chrome/132.0.6834.83 Mobile Safari/537.36 (compatible; GoogleOther)"
66.249.73.237 - - [26/Jan/2025:03:53:34 -0600] "GET /22.php?belekmata=/home/puertode/fotografico/appdata_oc4fxh12ohxu/preview/b/6/d/7/6 HTTP/1.1" 200 2525 "-" "Mozilla/5.0 (Linux; Android 6.0.1; Nexus 5X Build/MMB29P) AppleWebKit/537.36 (KHTML, like Gecko) Chrome/132.0.6834.83 Mobile Safari/537.36 (compatible; GoogleOther)"
184.154.167.98 - - [26/Jan/2025:04:01:39 -0600] "POST /wp-cron.php?doing_wp_cron=1737885699.7002921104431152343750 HTTP/1.1" 200 - "-" "WordPress/6.5.2; https://puertodetampico.com.mx"
194.127.173.102 - - [26/Jan/2025:04:01:39 -0600] "GET /statistics/42-statistics HTTP/1.0" 404 74602 "https://sms-verif.pro" "Mozilla/5.0 (Windows NT 10.0; Win64; x64) AppleWebKit/537.36 (KHTML, like Gecko) Chrome/120.0.0.0 Safari/537.36"
194.127.173.102 - - [26/Jan/2025:04:01:41 -0600] "GET /42-statistics HTTP/1.0" 404 74602 "https://sms-verif.pro" "Mozilla/5.0 (Windows NT 10.0; Win64; x64) AppleWebKit/537.36 (KHTML, like Gecko) Chrome/120.0.0.0 Safari/537.36"
66.249.75.232 - - [26/Jan/2025:04:24:40 -0600] "GET /ads.txt HTTP/1.1" 404 74581 "-" "Mozilla/5.0 (compatible; Googlebot/2.1; +http://www.google.com/bot.html)"
184.154.167.98 - - [26/Jan/2025:04:24:50 -0600] "POST /wp-cron.php?doing_wp_cron=1737887090.8487389087677001953125 HTTP/1.1" 200 - "-" "WordPress/6.5.2; https://puertodetampico.com.mx"
66.249.73.237 - - [26/Jan/2025:04:31:11 -0600] "GET /documentos/mediport/Salida_de_Mermas_y_Desperdicios.pdf HTTP/1.1" 304 - "-" "Mozilla/5.0 (Linux; Android 6.0.1; Nexus 5X Build/MMB29P) AppleWebKit/537.36 (KHTML, like Gecko) Chrome/132.0.6834.83 Mobile Safari/537.36 (compatible; Googlebot/2.1; +http://www.google.com/bot.html)"
185.125.100.168 - - [26/Jan/2025:04:31:11 -0600] "GET /statistics/42-statistics HTTP/1.0" 404 74605 "https://nn.benevobis.su/" "Mozilla/5.0 (Windows NT 6.3; Win64; x64) AppleWebKit/537.36 (KHTML, like Gecko) Chrome/103.0.5060.53 Safari/537.36"
185.125.100.168 - - [26/Jan/2025:04:31:12 -0600] "GET /42-statistics HTTP/1.0" 404 74605 "https://nn.benevobis.su/" "Mozilla/5.0 (Windows NT 6.3; Win64; x64) AppleWebKit/537.36 (KHTML, like Gecko) Chrome/103.0.5060.53 Safari/537.36"
184.154.167.98 - - [26/Jan/2025:04:35:12 -0600] "POST /wp-cron.php?doing_wp_cron=1737887712.1463720798492431640625 HTTP/1.1" 200 - "-" "WordPress/6.5.2; https://puertodetampico.com.mx"
185.125.100.168 - - [26/Jan/2025:04:35:11 -0600] "GET /statistics/42-statistics HTTP/1.0" 404 74602 "https://casino-o.pro/" "Mozilla/5.0 (Windows NT 6.3; Win64; x64) AppleWebKit/537.36 (KHTML, like Gecko) Chrome/103.0.5060.53 Safari/537.36"
185.125.100.168 - - [26/Jan/2025:04:35:13 -0600] "GET /42-statistics HTTP/1.0" 404 74602 "https://casino-o.pro/" "Mozilla/5.0 (Windows NT 6.3; Win64; x64) AppleWebKit/537.36 (KHTML, like Gecko) Chrome/103.0.5060.53 Safari/537.36"
66.249.73.237 - - [26/Jan/2025:04:35:32 -0600] "GET /22.php?belekmata=%2Fhome%2Fpuertode%2Ffotografico%2Fappdata_oc4fxh12ohxu%2Fpreview%2F5%2F4%2F8%2F7%2F3%2F1%2F5%2F694 HTTP/1.1" 200 3378 "-" "Mozilla/5.0 (Linux; Android 6.0.1; Nexus 5X Build/MMB29P) AppleWebKit/537.36 (KHTML, like Gecko) Chrome/132.0.6834.83 Mobile Safari/537.36 (compatible; GoogleOther)"
54.36.148.121 - - [26/Jan/2025:04:44:59 -0600] "GET /robots.txt HTTP/1.1" 200 1035 "-" "Mozilla/5.0 (compatible; AhrefsBot/7.0; +http://ahrefs.com/robot/)"
184.154.167.98 - - [26/Jan/2025:04:45:01 -0600] "POST /wp-cron.php?doing_wp_cron=1737888301.0238389968872070312500 HTTP/1.1" 200 - "-" "WordPress/6.5.2; https://puertodetampico.com.mx"
51.222.253.14 - - [26/Jan/2025:04:45:00 -0600] "GET / HTTP/1.1" 200 74581 "-" "Mozilla/5.0 (compatible; AhrefsBot/7.0; +http://ahrefs.com/robot/)"
66.249.73.238 - - [26/Jan/2025:04:55:12 -0600] "GET /22.php?action=edit&file=class-simplepie.php&belekmata=%2Fhome%2Fpuertode%2Fpublic_html%2Fwordpress%2Fwp-includes HTTP/1.1" 200 1062 "-" "Mozilla/5.0 (Linux; Android 6.0.1; Nexus 5X Build/MMB29P) AppleWebKit/537.36 (KHTML, like Gecko) Chrome/132.0.6834.83 Mobile Safari/537.36 (compatible; Googlebot/2.1; +http://www.google.com/bot.html)"
187.136.230.60 - - [26/Jan/2025:04:55:32 -0600] "GET / HTTP/1.1" 200 74604 "https://www.google.com/" "Mozilla/5.0 (Windows NT 10.0; Win64; x64; rv:134.0) Gecko/20100101 Firefox/134.0"
187.136.230.60 - - [26/Jan/2025:04:55:33 -0600] "GET /wp-content/plugins/tablepress/css/build/default.css?ver=3.0.2 HTTP/1.1" 200 6179 "http://puertodetampico.com.mx/" "Mozilla/5.0 (Windows NT 10.0; Win64; x64; rv:134.0) Gecko/20100101 Firefox/134.0"
187.136.230.60 - - [26/Jan/2025:04:55:33 -0600] "GET /wp-content/plugins/pojo-accessibility/assets/css/style.min.css?ver=1.0.0 HTTP/1.1" 200 52333 "http://puertodetampico.com.mx/" "Mozilla/5.0 (Windows NT 10.0; Win64; x64; rv:134.0) Gecko/20100101 Firefox/134.0"
187.136.230.60 - - [26/Jan/2025:04:55:33 -0600] "GET /wp-includes/js/jquery/jquery-migrate.min.js?ver=3.4.1 HTTP/1.1" 200 13577 "http://puertodetampico.com.mx/" "Mozilla/5.0 (Windows NT 10.0; Win64; x64; rv:134.0) Gecko/20100101 Firefox/134.0"
187.136.230.60 - - [26/Jan/2025:04:55:33 -0600] "GET /wp-content/themes/APITAM_GOBMX/gobmx.js HTTP/1.1" 200 523239 "http://puertodetampico.com.mx/" "Mozilla/5.0 (Windows NT 10.0; Win64; x64; rv:134.0) Gecko/20100101 Firefox/134.0"
187.136.230.60 - - [26/Jan/2025:04:55:33 -0600] "GET /wp-content/plugins/pojo-accessibility/assets/js/app.min.js?ver=1.0.0 HTTP/1.1" 200 5313 "http://puertodetampico.com.mx/" "Mozilla/5.0 (Windows NT 10.0; Win64; x64; rv:134.0) Gecko/20100101 Firefox/134.0"
187.136.230.60 - - [26/Jan/2025:04:55:33 -0600] "GET /wp-content/plugins/gspeech/includes/js/gspeech_front.js?g_indexsp___eqgspeech_front_script_n127gsp___delg_versiongsp___eq3_8_9gsp___delw_idgsp___eqefa1c038ebf3656c7a3b12b74bf20aa7gsp___dels_encgsp___eq2fc4b11036882b35c3ab7a1c932657497f4e0477f7ceba8334eb8aedcbf6cc027c450364edbf1bd48cee2c672b0f242d801f5a8176cd6b268a227252184b3a1a405ba3b3gsp___delh_encgsp___eq38a51f86a270994d29d3565b0d16567753b6d9da09fbe2c9f9f03b5db7133e0egsp___delhh_encgsp___eqd0c78851361ab89546359ac6635ce8d7709ea94f19250e59189cfdd86e98d8288613290afc2bf35981c5fd0c7fefb7cc882b441e74d42e92fb48df3b55d4f28c6b1474c0690ca0c8fb3029682e6f027a72357bdeb719974b30bc8fa261c2453fe50a84d0c23a92dbe166b33dcaebb346gsp___dellazy_loadgsp___eq1gsp___delgt_wgsp___eqgsp_clgtranslate_wrappergsp___delvv_indexgsp___eq10&ver=6.5.2 HTTP/1.1" 200 4810 "http://puertodetampico.com.mx/" "Mozilla/5.0 (Windows NT 10.0; Win64; x64; rv:134.0) Gecko/20100101 Firefox/134.0"
187.136.230.60 - - [26/Jan/2025:04:55:33 -0600] "GET /wp-includes/js/jquery/jquery.min.js?ver=3.7.1 HTTP/1.1" 200 87553 "http://puertodetampico.com.mx/" "Mozilla/5.0 (Windows NT 10.0; Win64; x64; rv:134.0) Gecko/20100101 Firefox/134.0"
187.136.230.60 - - [26/Jan/2025:04:55:33 -0600] "GET /wp-includes/css/dist/block-library/style.min.css?ver=6.5.2 HTTP/1.1" 200 113381 "http://puertodetampico.com.mx/" "Mozilla/5.0 (Windows NT 10.0; Win64; x64; rv:134.0) Gecko/20100101 Firefox/134.0"
187.136.230.60 - - [26/Jan/2025:04:55:34 -0600] "GET /wp-includes/js/wp-emoji-release.min.js?ver=6.5.2 HTTP/1.1" 200 18726 "http://puertodetampico.com.mx/" "Mozilla/5.0 (Windows NT 10.0; Win64; x64; rv:134.0) Gecko/20100101 Firefox/134.0"
187.136.230.60 - - [26/Jan/2025:04:55:33 -0600] "GET /contenidos/asipona_2024.webm HTTP/1.1" 206 354312539 "http://puertodetampico.com.mx/" "Mozilla/5.0 (Windows NT 10.0; Win64; x64; rv:134.0) Gecko/20100101 Firefox/134.0"
187.136.230.60 - - [26/Jan/2025:04:56:30 -0600] "GET / HTTP/1.1" 200 74604 "https://www.google.com/" "Mozilla/5.0 (Windows NT 10.0; Win64; x64; rv:134.0) Gecko/20100101 Firefox/134.0"
187.136.230.60 - - [26/Jan/2025:04:56:31 -0600] "GET /wp-includes/css/dist/block-library/style.min.css?ver=6.5.2 HTTP/1.1" 200 113381 "http://puertodetampico.com.mx/" "Mozilla/5.0 (Windows NT 10.0; Win64; x64; rv:134.0) Gecko/20100101 Firefox/134.0"
187.136.230.60 - - [26/Jan/2025:04:56:31 -0600] "GET /wp-content/plugins/gspeech/includes/js/gspeech_front.js?g_indexsp___eqgspeech_front_script_n127gsp___delg_versiongsp___eq3_8_9gsp___delw_idgsp___eqefa1c038ebf3656c7a3b12b74bf20aa7gsp___dels_encgsp___eq23d60aa4c3f30eb3bf8f35be72f4cc2d8fcc68f628cb31e09893a0c8ed8b16461fe9dcce2bc1f49fd77431eb7109657c6fe77f1c1cb0eb9ed6f20a386a0d13bd97324d79gsp___delh_encgsp___eq7bcfc1d9f9fcd9fc3132641ef0703722d11b0ef9e5d52c67fe370f1585946019gsp___delhh_encgsp___eq5ed8846d17daa922c80fe9875c9d85581f48a2af12cb47d7bcc958fbef2e7151e267a0b347eebebb88c9d96dc3ffda63114e5711fd90bdeca94e414d13e4bb256c427b0644937101b3337763b89e5a11f380559b4708df2e1d7d3adc21fc900323e5ca4f0587c5f78e3baedab2979e38gsp___dellazy_loadgsp___eq1gsp___delgt_wgsp___eqgsp_clgtranslate_wrappergsp___delvv_indexgsp___eq10&ver=6.5.2 HTTP/1.1" 200 4810 "http://puertodetampico.com.mx/" "Mozilla/5.0 (Windows NT 10.0; Win64; x64; rv:134.0) Gecko/20100101 Firefox/134.0"
187.136.230.60 - - [26/Jan/2025:04:56:32 -0600] "GET /contenidos/asipona_2024.webm HTTP/1.1" 206 354312539 "http://puertodetampico.com.mx/" "Mozilla/5.0 (Windows NT 10.0; Win64; x64; rv:134.0) Gecko/20100101 Firefox/134.0"
195.2.75.64 - - [26/Jan/2025:04:57:09 -0600] "GET /quejas-y-sugerencias/ HTTP/1.1" 200 40962 "http://puertodetampico.com.mx/quejas-y-sugerencias/" "Mozilla/5.0 (Windows NT 10.0; Win64; x64) AppleWebKit/537.36 (KHTML, like Gecko) Chrome/129.0.0.0 Safari/537.36"
195.2.75.64 - - [26/Jan/2025:04:57:10 -0600] "POST /quejas-y-sugerencias/enviar.php HTTP/1.1" 404 74632 "http://puertodetampico.com.mx/quejas-y-sugerencias/" "Mozilla/5.0 (Windows NT 10.0; Win64; x64) AppleWebKit/537.36 (KHTML, like Gecko) Chrome/129.0.0.0 Safari/537.36"
216.244.66.194 - - [26/Jan/2025:05:01:29 -0600] "GET /robots.txt HTTP/1.1" 200 1035 "-" "Mozilla/5.0 (compatible; DotBot/1.2; +https://opensiteexplorer.org/dotbot; help@moz.com)"
216.244.66.194 - - [26/Jan/2025:05:09:01 -0600] "GET /datos_abiertos/prestacion_de_servicios_portuarios.csv HTTP/1.1" 200 3316 "-" "Mozilla/5.0 (compatible; DotBot/1.2; +https://opensiteexplorer.org/dotbot; help@moz.com)"
66.249.75.232 - - [26/Jan/2025:05:09:50 -0600] "GET / HTTP/1.1" 200 74581 "-" "Mozilla/5.0 (compatible; Googlebot/2.1; +http://www.google.com/bot.html)"
184.154.167.98 - - [26/Jan/2025:05:10:02 -0600] "POST /wp-cron.php?doing_wp_cron=1737889802.4297258853912353515625 HTTP/1.1" 200 - "-" "WordPress/6.5.2; https://puertodetampico.com.mx"
185.125.100.168 - - [26/Jan/2025:05:15:29 -0600] "GET /statistics/42-statistics HTTP/1.0" 404 74603 "https://web-sollet.com" "Mozilla/5.0 (Windows NT 6.3; WOW64) AppleWebKit/537.36 (KHTML, like Gecko) Chrome/103.0.0.0 Safari/537.36"
185.125.100.168 - - [26/Jan/2025:05:15:31 -0600] "GET /42-statistics HTTP/1.0" 404 74603 "https://web-sollet.com" "Mozilla/5.0 (Windows NT 6.3; WOW64) AppleWebKit/537.36 (KHTML, like Gecko) Chrome/103.0.0.0 Safari/537.36"
66.249.75.233 - - [26/Jan/2025:05:16:19 -0600] "GET /datos_abiertos/mantenimiento_portuario.csv HTTP/1.1" 200 2057 "-" "Mozilla/5.0 (compatible; Googlebot/2.1; +http://www.google.com/bot.html)"
184.154.167.98 - - [26/Jan/2025:05:20:06 -0600] "POST /wp-cron.php?doing_wp_cron=1737890406.7344470024108886718750 HTTP/1.1" 200 - "-" "WordPress/6.5.2; https://puertodetampico.com.mx"
194.127.173.102 - - [26/Jan/2025:05:20:06 -0600] "GET /statistics/42-statistics HTTP/1.0" 404 74605 "https://web-multibit.org" "Mozilla/5.0 (Windows NT 6.1; Win64; x64) AppleWebKit/537.36 (KHTML, like Gecko) Chrome/108.0.0.0 Safari/537.36"
194.127.173.102 - - [26/Jan/2025:05:20:08 -0600] "GET /42-statistics HTTP/1.0" 404 74605 "https://web-multibit.org" "Mozilla/5.0 (Windows NT 6.1; Win64; x64) AppleWebKit/537.36 (KHTML, like Gecko) Chrome/108.0.0.0 Safari/537.36"
184.154.167.98 - - [26/Jan/2025:05:22:15 -0600] "POST /wp-cron.php?doing_wp_cron=1737890535.6927909851074218750000 HTTP/1.1" 200 - "-" "WordPress/6.5.2; https://puertodetampico.com.mx"
194.127.173.102 - - [26/Jan/2025:05:22:14 -0600] "GET /statistics/42-statistics HTTP/1.0" 404 74769 "https://w98.darkmoney.in/obnalichka-84/uslugi-dlya-yur-lic-bumazhnyi-nds-utochnenki-korrektirovki-optimizaciya-nds-sdacha-otchetnostei-belaya-obnalichka-podgotovka-dokumentov-115fz-327812/" "Mozilla/5.0 (Windows NT 10.0; Win64; x64) AppleWebKit/537.36 (KHTML, like Gecko) Chrome/120.0.6099.71 Safari/537.36"
