66.249.73.224 - - [25/Jan/2025:12:06:37 -0600] "GET /22.php?belekmata=%2Fhome%2Fpuertode%2Ffotografico%2Fappdata_oc4fxh12ohxu%2Favatar%2FT4mpic0 HTTP/1.1" 200 2826 "-" "Mozilla/5.0 (Linux; Android 6.0.1; Nexus 5X Build/MMB29P) AppleWebKit/537.36 (KHTML, like Gecko) Chrome/132.0.6834.83 Mobile Safari/537.36 (compatible; GoogleOther)"
89.22.225.223 - - [25/Jan/2025:12:08:28 -0600] "GET /statistics/42-statistics HTTP/1.0" 404 74608 "https://web-freewallet.com/" "Mozilla/5.0 (Windows NT 10.0; Win64; x64) AppleWebKit/537.36 (KHTML, like Gecko) Chrome/103.0.0.0 Safari/537.36 Herring/95.1.8810.11"
184.154.167.98 - - [25/Jan/2025:12:08:30 -0600] "POST /wp-cron.php?doing_wp_cron=1737828510.0707900524139404296875 HTTP/1.1" 200 - "-" "WordPress/6.5.2; https://puertodetampico.com.mx"
89.22.225.223 - - [25/Jan/2025:12:08:32 -0600] "GET /42-statistics HTTP/1.0" 404 74608 "https://web-freewallet.com/" "Mozilla/5.0 (Windows NT 10.0; Win64; x64) AppleWebKit/537.36 (KHTML, like Gecko) Chrome/103.0.0.0 Safari/537.36 Herring/95.1.8810.11"
184.154.167.98 - - [25/Jan/2025:12:17:22 -0600] "GET /.well-known/acme-challenge/MRU6PMGD7VDBZGX0C4H23DVVH_00-4VD HTTP/1.1" 200 64 "-" "Cpanel-HTTP-Client/1.0"
184.154.167.98 - - [25/Jan/2025:12:17:22 -0600] "GET /.well-known/acme-challenge/0WYDFHD3UWF7_5TD8-UKN-NV0UYUXWNH HTTP/1.1" 200 64 "-" "Cpanel-HTTP-Client/1.0"
184.154.167.98 - - [25/Jan/2025:12:17:22 -0600] "GET /.well-known/acme-challenge/2_3N03NCQUQVYD10D_Q5VO9GR27BY59S HTTP/1.1" 200 64 "-" "Cpanel-HTTP-Client/1.0"
184.154.167.98 - - [25/Jan/2025:12:17:22 -0600] "GET /.well-known/acme-challenge/ULED8IQ3XHUMBSS8FVEU8YEGHTFXR470 HTTP/1.1" 200 64 "-" "Cpanel-HTTP-Client/1.0"
184.154.167.98 - - [25/Jan/2025:12:17:23 -0600] "GET /.well-known/acme-challenge/VMJM4EJ96JBY28D03Y5W3KDXQ36-MK2T HTTP/1.1" 200 64 "-" "Cpanel-HTTP-Client/1.0"
184.154.167.98 - - [25/Jan/2025:12:17:23 -0600] "GET /.well-known/acme-challenge/E40K89WDU1R8OSHAF021Y6ZRT_PPI-EB HTTP/1.1" 200 64 "-" "Cpanel-HTTP-Client/1.0"
184.154.167.98 - - [25/Jan/2025:12:17:23 -0600] "GET /.well-known/acme-challenge/NT8QCMO69Z7IPDGN5LOZEONOQ96UVZGL HTTP/1.1" 200 64 "-" "Cpanel-HTTP-Client/1.0"
184.154.167.98 - - [25/Jan/2025:12:17:28 -0600] "GET /.well-known/acme-challenge/7FPBHXM93_TB5G-8-WHRLU9A4YFBLJ8M HTTP/1.1" 200 64 "-" "Cpanel-HTTP-Client/1.0"
66.249.73.224 - - [25/Jan/2025:12:21:19 -0600] "GET /22.php?belekmata=/home/puertode/fotografico/appdata_oc4fxh12ohxu/dashboard/unosolo HTTP/1.1" 200 2033 "-" "Mozilla/5.0 (Linux; Android 6.0.1; Nexus 5X Build/MMB29P) AppleWebKit/537.36 (KHTML, like Gecko) Chrome/132.0.6834.83 Mobile Safari/537.36 (compatible; GoogleOther)"
66.249.73.224 - - [25/Jan/2025:12:36:01 -0600] "GET /robots.txt HTTP/1.1" 200 1035 "-" "Mozilla/5.0 (compatible; Googlebot/2.1; +http://www.google.com/bot.html)"
66.249.73.238 - - [25/Jan/2025:12:36:01 -0600] "GET /22.php?belekmata=/home/puertode/fotografico/appdata_oc4fxh12ohxu/preview/c HTTP/1.1" 200 2677 "-" "Mozilla/5.0 (Linux; Android 6.0.1; Nexus 5X Build/MMB29P) AppleWebKit/537.36 (KHTML, like Gecko) Chrome/132.0.6834.83 Mobile Safari/537.36 (compatible; GoogleOther)"
184.154.167.98 - - [25/Jan/2025:12:36:19 -0600] "POST /wp-cron.php?doing_wp_cron=1737830179.7566690444946289062500 HTTP/1.1" 200 - "-" "WordPress/6.5.2; https://puertodetampico.com.mx"
62.113.115.161 - - [25/Jan/2025:12:36:19 -0600] "GET /quejas-y-sugerencias/ HTTP/1.1" 200 40962 "http://puertodetampico.com.mx/quejas-y-sugerencias/" "Mozilla/5.0 (Windows NT 10.0; Win64; x64) AppleWebKit/537.36 (KHTML, like Gecko) Chrome/130.0.0.0 Safari/537.36 CCleaner/130.0.0.0"
62.113.115.161 - - [25/Jan/2025:12:36:20 -0600] "POST /quejas-y-sugerencias/enviar.php HTTP/1.1" 404 74632 "http://puertodetampico.com.mx/quejas-y-sugerencias/" "Mozilla/5.0 (Windows NT 10.0; Win64; x64) AppleWebKit/537.36 (KHTML, like Gecko) Chrome/130.0.0.0 Safari/537.36 CCleaner/130.0.0.0"
184.154.167.98 - - [25/Jan/2025:12:36:21 -0600] "POST /wp-cron.php?doing_wp_cron=1737830181.4382460117340087890625 HTTP/1.1" 200 - "-" "WordPress/6.5.2; https://puertodetampico.com.mx"
89.22.225.223 - - [25/Jan/2025:12:38:22 -0600] "GET /statistics/42-statistics HTTP/1.0" 404 74603 "http://lordfilm-w.com/" "Mozilla/5.0 (Windows NT 6.1; Win64; x64) AppleWebKit/537.36 (KHTML, like Gecko) Chrome/103.0.0.0 Safari/537.36"
89.22.225.223 - - [25/Jan/2025:12:38:24 -0600] "GET /42-statistics HTTP/1.0" 404 74603 "http://lordfilm-w.com/" "Mozilla/5.0 (Windows NT 6.1; Win64; x64) AppleWebKit/537.36 (KHTML, like Gecko) Chrome/103.0.0.0 Safari/537.36"
66.249.73.238 - - [25/Jan/2025:12:39:29 -0600] "GET /22.php?belekmata=/home/puertode/fotografico/appdata_oc4fxh12ohxu/preview/5/4/8/7/3/1 HTTP/1.1" 200 2626 "-" "Mozilla/5.0 (Linux; Android 6.0.1; Nexus 5X Build/MMB29P) AppleWebKit/537.36 (KHTML, like Gecko) Chrome/132.0.6834.83 Mobile Safari/537.36 (compatible; GoogleOther)"
66.249.73.238 - - [25/Jan/2025:12:47:02 -0600] "GET /22.php?belekmata=%2Fhome%2Fpuertode%2Ffotografico%2Fappdata_oc4fxh12ohxu%2Fcss%2Ficons HTTP/1.1" 200 2414 "-" "Mozilla/5.0 (Linux; Android 6.0.1; Nexus 5X Build/MMB29P) AppleWebKit/537.36 (KHTML, like Gecko) Chrome/132.0.6834.83 Mobile Safari/537.36 (compatible; GoogleOther)"
66.249.73.224 - - [25/Jan/2025:12:50:43 -0600] "GET /22.php?belekmata=%2Fhome%2Fpuertode%2Ffotografico%2Fappdata_oc4fxh12ohxu%2Fpreview%2Fc%2Fa HTTP/1.1" 200 2234 "-" "Mozilla/5.0 (Linux; Android 6.0.1; Nexus 5X Build/MMB29P) AppleWebKit/537.36 (KHTML, like Gecko) Chrome/132.0.6834.83 Mobile Safari/537.36 (compatible; GoogleOther)"
51.222.253.8 - - [25/Jan/2025:12:51:57 -0600] "GET /robots.txt HTTP/1.1" 200 1035 "-" "Mozilla/5.0 (compatible; AhrefsBot/7.0; +http://ahrefs.com/robot/)"
89.22.225.223 - - [25/Jan/2025:12:55:19 -0600] "GET /statistics/42-statistics HTTP/1.0" 404 74605 "https://nsk.benevobis.su" "Mozilla/5.0 (Windows NT 10.0; Win64; x64) AppleWebKit/537.36 (KHTML, like Gecko) Chrome/103.0.5042.0 Safari/537.36"
89.22.225.223 - - [25/Jan/2025:12:55:25 -0600] "GET /42-statistics HTTP/1.0" 404 74605 "https://nsk.benevobis.su" "Mozilla/5.0 (Windows NT 10.0; Win64; x64) AppleWebKit/537.36 (KHTML, like Gecko) Chrome/103.0.5042.0 Safari/537.36"
66.249.73.237 - - [25/Jan/2025:12:58:03 -0600] "GET /podcast/xx/index.php?lokasie=/home/puertode/www/wp-includes/rest-api/endpoints/class-wp-rest-block-pattern-categories-controller.php&loknya=/home/puertode/www/wp-includes/rest-api/endpoints HTTP/1.1" 200 11720 "-" "Mozilla/5.0 (Linux; Android 6.0.1; Nexus 5X Build/MMB29P) AppleWebKit/537.36 (KHTML, like Gecko) Chrome/132.0.6834.83 Mobile Safari/537.36 (compatible; GoogleOther)"
66.249.73.237 - - [25/Jan/2025:13:01:44 -0600] "GET /22.php?belekmata=%2Fhome%2Fpuertode%2Ffotografico%2Fappdata_oc4fxh12ohxu%2Fpreview%2Fb%2F8%2F3%2Fa%2Fa%2Fc HTTP/1.1" 200 2626 "-" "Mozilla/5.0 (Linux; Android 6.0.1; Nexus 5X Build/MMB29P) AppleWebKit/537.36 (KHTML, like Gecko) Chrome/132.0.6834.83 Mobile Safari/537.36 (compatible; GoogleOther)"
200.68.165.11 - - [25/Jan/2025:13:08:02 -0600] "GET / HTTP/1.1" 200 74604 "https://www.google.com/" "Mozilla/5.0 (iPhone; CPU iPhone OS 18_1_1 like Mac OS X) AppleWebKit/605.1.15 (KHTML, like Gecko) Version/18.1.1 Mobile/15E148 Safari/604.1"
200.68.165.11 - - [25/Jan/2025:13:08:03 -0600] "GET /wp-content/plugins/tablepress/css/build/default.css?ver=3.0.2 HTTP/1.1" 200 6179 "http://puertodetampico.com.mx/" "Mozilla/5.0 (iPhone; CPU iPhone OS 18_1_1 like Mac OS X) AppleWebKit/605.1.15 (KHTML, like Gecko) Version/18.1.1 Mobile/15E148 Safari/604.1"
200.68.165.11 - - [25/Jan/2025:13:08:03 -0600] "GET /wp-content/plugins/pojo-accessibility/assets/css/style.min.css?ver=1.0.0 HTTP/1.1" 200 52333 "http://puertodetampico.com.mx/" "Mozilla/5.0 (iPhone; CPU iPhone OS 18_1_1 like Mac OS X) AppleWebKit/605.1.15 (KHTML, like Gecko) Version/18.1.1 Mobile/15E148 Safari/604.1"
200.68.165.11 - - [25/Jan/2025:13:08:03 -0600] "GET /wp-includes/js/jquery/jquery-migrate.min.js?ver=3.4.1 HTTP/1.1" 200 13577 "http://puertodetampico.com.mx/" "Mozilla/5.0 (iPhone; CPU iPhone OS 18_1_1 like Mac OS X) AppleWebKit/605.1.15 (KHTML, like Gecko) Version/18.1.1 Mobile/15E148 Safari/604.1"
200.68.165.11 - - [25/Jan/2025:13:08:03 -0600] "GET /wp-includes/css/dist/block-library/style.min.css?ver=6.5.2 HTTP/1.1" 200 113381 "http://puertodetampico.com.mx/" "Mozilla/5.0 (iPhone; CPU iPhone OS 18_1_1 like Mac OS X) AppleWebKit/605.1.15 (KHTML, like Gecko) Version/18.1.1 Mobile/15E148 Safari/604.1"
200.68.165.11 - - [25/Jan/2025:13:08:03 -0600] "GET /wp-content/plugins/pojo-accessibility/assets/js/app.min.js?ver=1.0.0 HTTP/1.1" 200 5313 "http://puertodetampico.com.mx/" "Mozilla/5.0 (iPhone; CPU iPhone OS 18_1_1 like Mac OS X) AppleWebKit/605.1.15 (KHTML, like Gecko) Version/18.1.1 Mobile/15E148 Safari/604.1"
200.68.165.11 - - [25/Jan/2025:13:08:03 -0600] "GET /wp-content/plugins/gspeech/includes/js/gspeech_front.js?g_indexsp___eqgspeech_front_script_n127gsp___delg_versiongsp___eq3_8_9gsp___delw_idgsp___eqefa1c038ebf3656c7a3b12b74bf20aa7gsp___dels_encgsp___eq8ff9eae86240f9d42d96150161aa4152270520b8eae155251778ec2664c0997206f0c2fe536e202588ed536d307bd0a38ad4eb3e54768bd1c164ea255a850c58dc54528cgsp___delh_encgsp___eq6d32dbc48acf77b6e6be29535bf8ab994d444a88dffa99593d2421d5fa89cdccgsp___delhh_encgsp___eq985d2463bce05c320a7da3ae799f6a4005474da968afad77beca3dd0c71a9842c05f4fcea0faba9ad7994056e5b6dda45bcc7791b4c90389f890348839b338f925dfa46c7056ad73d3703f48b02e2ee1adb4e4794e5b4393b333a1371ae282c8f4353474c89b77509d348d9719c67782gsp___dellazy_loadgsp___eq1gsp___delgt_wgsp___eqgsp_clgtranslate_wrappergsp___delvv_indexgsp___eq10&ver=6.5.2 HTTP/1.1" 200 4810 "http://puertodetampico.com.mx/" "Mozilla/5.0 (iPhone; CPU iPhone OS 18_1_1 like Mac OS X) AppleWebKit/605.1.15 (KHTML, like Gecko) Version/18.1.1 Mobile/15E148 Safari/604.1"
200.68.165.11 - - [25/Jan/2025:13:08:03 -0600] "GET /wp-includes/js/jquery/jquery.min.js?ver=3.7.1 HTTP/1.1" 200 87553 "http://puertodetampico.com.mx/" "Mozilla/5.0 (iPhone; CPU iPhone OS 18_1_1 like Mac OS X) AppleWebKit/605.1.15 (KHTML, like Gecko) Version/18.1.1 Mobile/15E148 Safari/604.1"
200.68.165.11 - - [25/Jan/2025:13:08:03 -0600] "GET /wp-content/themes/APITAM_GOBMX/gobmx.js HTTP/1.1" 200 523239 "http://puertodetampico.com.mx/" "Mozilla/5.0 (iPhone; CPU iPhone OS 18_1_1 like Mac OS X) AppleWebKit/605.1.15 (KHTML, like Gecko) Version/18.1.1 Mobile/15E148 Safari/604.1"
200.68.165.11 - - [25/Jan/2025:13:08:04 -0600] "GET /contenidos/asipona_2024.webm HTTP/1.1" 200 354312539 "http://puertodetampico.com.mx/" "Mozilla/5.0 (iPhone; CPU iPhone OS 18_1_1 like Mac OS X) AppleWebKit/605.1.15 (KHTML, like Gecko) Version/18.1.1 Mobile/15E148 Safari/604.1"
66.249.65.104 - - [25/Jan/2025:13:10:20 -0600] "GET /ads.txt HTTP/1.1" 301 - "-" "Mozilla/5.0 (compatible; Googlebot/2.1; +http://www.google.com/bot.html)"
66.249.73.238 - - [25/Jan/2025:13:12:45 -0600] "GET /22.php?belekmata=/home/puertode/fotografico/appdata_oc4fxh12ohxu/preview/9/5/0 HTTP/1.1" 200 2329 "-" "Mozilla/5.0 (Linux; Android 6.0.1; Nexus 5X Build/MMB29P) AppleWebKit/537.36 (KHTML, like Gecko) Chrome/132.0.6834.83 Mobile Safari/537.36 (compatible; GoogleOther)"
66.249.73.238 - - [25/Jan/2025:13:16:25 -0600] "GET /22.php?belekmata=%2Fhome%2Fpuertode%2Ffotografico%2Fappdata_oc4fxh12ohxu%2Fpreview%2F8%2Fe%2F8 HTTP/1.1" 200 2329 "-" "Mozilla/5.0 (Linux; Android 6.0.1; Nexus 5X Build/MMB29P) AppleWebKit/537.36 (KHTML, like Gecko) Chrome/132.0.6834.83 Mobile Safari/537.36 (compatible; GoogleOther)"
66.249.73.237 - - [25/Jan/2025:13:20:06 -0600] "GET /22.php?belekmata=%2Fhome%2Fpuertode%2Ffotografico%2Fappdata_oc4fxh12ohxu%2Fpreview%2F8%2Fe%2F2 HTTP/1.1" 200 2329 "-" "Mozilla/5.0 (Linux; Android 6.0.1; Nexus 5X Build/MMB29P) AppleWebKit/537.36 (KHTML, like Gecko) Chrome/132.0.6834.83 Mobile Safari/537.36 (compatible; GoogleOther)"
178.20.46.206 - - [25/Jan/2025:13:21:20 -0600] "GET /quejas-y-sugerencias/ HTTP/1.1" 200 40962 "http://puertodetampico.com.mx/quejas-y-sugerencias/" "Mozilla/5.0 (Windows NT 10.0; Win64; x64) AppleWebKit/537.36 (KHTML, like Gecko) Chrome/130.0.0.0 Safari/537.36 CCleaner/130.0.0.0"
184.154.167.98 - - [25/Jan/2025:13:21:21 -0600] "POST /wp-cron.php?doing_wp_cron=1737832881.7104549407958984375000 HTTP/1.1" 200 - "-" "WordPress/6.5.2; https://puertodetampico.com.mx"
178.20.46.206 - - [25/Jan/2025:13:21:21 -0600] "POST /quejas-y-sugerencias/enviar.php HTTP/1.1" 404 74632 "http://puertodetampico.com.mx/quejas-y-sugerencias/" "Mozilla/5.0 (Windows NT 10.0; Win64; x64) AppleWebKit/537.36 (KHTML, like Gecko) Chrome/130.0.0.0 Safari/537.36 CCleaner/130.0.0.0"
52.167.144.20 - - [25/Jan/2025:13:21:39 -0600] "GET / HTTP/1.1" 200 74581 "-" "Mozilla/5.0 AppleWebKit/537.36 (KHTML, like Gecko; compatible; bingbot/2.0; +http://www.bing.com/bingbot.htm) Chrome/116.0.1938.76 Safari/537.36"
66.249.73.237 - - [25/Jan/2025:13:24:46 -0600] "GET /22.php?belekmata=%2Fhome%2Fpuertode%2Ffotografico%2Fappdata_oc4fxh12ohxu%2Fpreview%2F9%2F5%2F0%2Fa HTTP/1.1" 200 2426 "-" "Mozilla/5.0 (Linux; Android 6.0.1; Nexus 5X Build/MMB29P) AppleWebKit/537.36 (KHTML, like Gecko) Chrome/132.0.6834.83 Mobile Safari/537.36 (compatible; GoogleOther)"
66.249.73.224 - - [25/Jan/2025:13:29:46 -0600] "GET /22.php?belekmata=/home/puertode/fotografico/appdata_oc4fxh12ohxu/preview/0/1/3 HTTP/1.1" 200 2329 "-" "Mozilla/5.0 (Linux; Android 6.0.1; Nexus 5X Build/MMB29P) AppleWebKit/537.36 (KHTML, like Gecko) Chrome/132.0.6834.83 Mobile Safari/537.36 (compatible; GoogleOther)"
66.249.73.224 - - [25/Jan/2025:13:34:47 -0600] "GET /22.php?belekmata=/home/puertode/fotografico/appdata_oc4fxh12ohxu/preview/0/7/a HTTP/1.1" 200 2329 "-" "Mozilla/5.0 (Linux; Android 6.0.1; Nexus 5X Build/MMB29P) AppleWebKit/537.36 (KHTML, like Gecko) Chrome/132.0.6834.83 Mobile Safari/537.36 (compatible; GoogleOther)"
66.249.75.234 - - [25/Jan/2025:13:35:18 -0600] "GET /ads.txt HTTP/1.1" 404 74581 "-" "Mozilla/5.0 (compatible; Googlebot/2.1; +http://www.google.com/bot.html)"
66.249.73.224 - - [25/Jan/2025:13:38:47 -0600] "GET /22.php?belekmata=/home/puertode/fotografico/appdata_oc4fxh12ohxu/preview/9/d HTTP/1.1" 200 2234 "-" "Mozilla/5.0 (Linux; Android 6.0.1; Nexus 5X Build/MMB29P) AppleWebKit/537.36 (KHTML, like Gecko) Chrome/132.0.6834.83 Mobile Safari/537.36 (compatible; GoogleOther)"
66.249.73.237 - - [25/Jan/2025:13:39:14 -0600] "GET /index.php-old HTTP/1.1" 304 - "-" "Mozilla/5.0 (Linux; Android 6.0.1; Nexus 5X Build/MMB29P) AppleWebKit/537.36 (KHTML, like Gecko) Chrome/132.0.6834.83 Mobile Safari/537.36 (compatible; Googlebot/2.1; +http://www.google.com/bot.html)"
89.22.225.223 - - [25/Jan/2025:13:40:20 -0600] "GET /statistics/42-statistics HTTP/1.0" 404 74603 "http://lordfilm-w.com/" "Mozilla/5.0 (Windows NT 10.0; Win64; x64) AppleWebKit/537.36 (KHTML, like Gecko) Chrome/103.0.5060.134 Safari/537.36"
89.22.225.223 - - [25/Jan/2025:13:40:25 -0600] "GET /42-statistics HTTP/1.0" 404 74603 "http://lordfilm-w.com/" "Mozilla/5.0 (Windows NT 10.0; Win64; x64) AppleWebKit/537.36 (KHTML, like Gecko) Chrome/103.0.5060.134 Safari/537.36"
98.67.233.91 - - [25/Jan/2025:13:40:43 -0600] "GET / HTTP/1.1" 301 - "-" "Mozilla/5.0 (Windows NT 10.0; Win64; x64) AppleWebKit/537.36 (KHTML, like Gecko) Chrome/91.0.4472.124 Safari/537.36"
98.67.233.91 - - [25/Jan/2025:13:40:44 -0600] "GET / HTTP/1.1" 200 74581 "-" "Mozilla/5.0 (Windows NT 10.0; Win64; x64) AppleWebKit/537.36 (KHTML, like Gecko) Chrome/91.0.4472.124 Safari/537.36"
184.154.167.98 - - [25/Jan/2025:13:42:30 -0600] "POST /wp-cron.php?doing_wp_cron=1737834150.8180239200592041015625 HTTP/1.1" 200 - "-" "WordPress/6.5.2; https://puertodetampico.com.mx"
89.22.225.223 - - [25/Jan/2025:13:42:30 -0600] "GET /statistics/42-statistics HTTP/1.0" 404 74605 "https://myjaxxwallet.us/" "Mozilla/5.0 (Windows NT 10.0; Win64; x64) AppleWebKit/537.36 (KHTML, like Gecko) Chrome/103.0.5042.0 Safari/537.36"
89.22.225.223 - - [25/Jan/2025:13:42:39 -0600] "GET /42-statistics HTTP/1.0" 404 74605 "https://myjaxxwallet.us/" "Mozilla/5.0 (Windows NT 10.0; Win64; x64) AppleWebKit/537.36 (KHTML, like Gecko) Chrome/103.0.5042.0 Safari/537.36"
173.252.107.15 - - [25/Jan/2025:13:46:22 -0600] "GET /datos_abiertos/programa_maestro_desarrollo_puerto_tampico.pdf HTTP/1.1" 200 46044321 "-" "meta-externalagent/1.1 (+https://developers.facebook.com/docs/sharing/webmasters/crawler)"
173.252.107.16 - - [25/Jan/2025:13:46:22 -0600] "GET / HTTP/1.1" 200 74581 "-" "meta-externalagent/1.1 (+https://developers.facebook.com/docs/sharing/webmasters/crawler)"
184.154.167.98 - - [25/Jan/2025:13:46:23 -0600] "POST /wp-cron.php?doing_wp_cron=1737834383.8700540065765380859375 HTTP/1.1" 200 - "-" "WordPress/6.5.2; https://puertodetampico.com.mx"
66.249.73.238 - - [25/Jan/2025:13:48:46 -0600] "GET /22.php?belekmata=%2Fhome%2Fpuertode%2Ffotografico%2Fappdata_oc4fxh12ohxu%2Fpreview%2Ff%2F2%2Ff HTTP/1.1" 200 2329 "-" "Mozilla/5.0 (Linux; Android 6.0.1; Nexus 5X Build/MMB29P) AppleWebKit/537.36 (KHTML, like Gecko) Chrome/132.0.6834.83 Mobile Safari/537.36 (compatible; GoogleOther)"
66.249.73.238 - - [25/Jan/2025:13:48:50 -0600] "GET /22.php?belekmata=/home/puertode/fotografico/appdata_oc4fxh12ohxu/preview/b/6/d HTTP/1.1" 200 2329 "-" "Mozilla/5.0 (Linux; Android 6.0.1; Nexus 5X Build/MMB29P) AppleWebKit/537.36 (KHTML, like Gecko) Chrome/132.0.6834.83 Mobile Safari/537.36 (compatible; GoogleOther)"
66.249.73.224 - - [25/Jan/2025:13:57:45 -0600] "GET /22.php?belekmata=/home/puertode/fotografico/appdata_oc4fxh12ohxu/preview/8/9 HTTP/1.1" 200 2234 "-" "Mozilla/5.0 (Linux; Android 6.0.1; Nexus 5X Build/MMB29P) AppleWebKit/537.36 (KHTML, like Gecko) Chrome/132.0.6834.83 Mobile Safari/537.36 (compatible; GoogleOther)"
66.249.73.237 - - [25/Jan/2025:13:57:48 -0600] "GET /22.php?belekmata=/home/puertode/fotografico/appdata_oc4fxh12ohxu/preview/5/7/3/7 HTTP/1.1" 200 2426 "-" "Mozilla/5.0 (Linux; Android 6.0.1; Nexus 5X Build/MMB29P) AppleWebKit/537.36 (KHTML, like Gecko) Chrome/132.0.6834.83 Mobile Safari/537.36 (compatible; GoogleOther)"
66.249.73.224 - - [25/Jan/2025:14:08:44 -0600] "GET /22.php?belekmata=%2Fhome%2Fpuertode%2Ffotografico%2Fappdata_oc4fxh12ohxu%2Fpreview%2F4%2F3%2F2%2Fa%2Fc HTTP/1.1" 508 288 "-" "Mozilla/5.0 (Linux; Android 6.0.1; Nexus 5X Build/MMB29P) AppleWebKit/537.36 (KHTML, like Gecko) Chrome/132.0.6834.83 Mobile Safari/537.36 (compatible; GoogleOther)"
94.142.141.230 - - [25/Jan/2025:14:10:23 -0600] "HEAD / HTTP/1.1" 508 - "https://sever-realty.ru" "Mozilla/7.0 (compatible; MSIE3.00; Windows 2002)"
194.67.210.77 - - [25/Jan/2025:14:13:58 -0600] "HEAD / HTTP/1.1" 200 - "https://fxprosto.com" "Mozilla/5.0 (compatible; MSIE2.00; Windows 2005)"
129.222.64.34 - - [25/Jan/2025:14:14:41 -0600] "GET / HTTP/1.1" 508 288 "https://www.google.com/" "Mozilla/5.0 (Windows NT 10.0; Win64; x64; rv:134.0) Gecko/20100101 Firefox/134.0"
129.222.64.34 - - [25/Jan/2025:14:14:41 -0600] "GET /favicon.ico HTTP/1.1" 508 288 "http://puertodetampico.com.mx/" "Mozilla/5.0 (Windows NT 10.0; Win64; x64; rv:134.0) Gecko/20100101 Firefox/134.0"
129.222.64.34 - - [25/Jan/2025:14:14:45 -0600] "GET / HTTP/1.1" 508 288 "https://www.google.com/" "Mozilla/5.0 (Windows NT 10.0; Win64; x64; rv:134.0) Gecko/20100101 Firefox/134.0"
129.222.64.34 - - [25/Jan/2025:14:14:45 -0600] "GET /favicon.ico HTTP/1.1" 508 288 "http://puertodetampico.com.mx/" "Mozilla/5.0 (Windows NT 10.0; Win64; x64; rv:134.0) Gecko/20100101 Firefox/134.0"
129.222.64.34 - - [25/Jan/2025:14:14:50 -0600] "GET / HTTP/1.1" 200 74604 "https://www.google.com/" "Mozilla/5.0 (Windows NT 10.0; Win64; x64; rv:134.0) Gecko/20100101 Firefox/134.0"
129.222.64.34 - - [25/Jan/2025:14:15:02 -0600] "GET /wp-includes/css/dist/block-library/style.min.css?ver=6.5.2 HTTP/1.1" 200 113381 "http://puertodetampico.com.mx/" "Mozilla/5.0 (Windows NT 10.0; Win64; x64; rv:134.0) Gecko/20100101 Firefox/134.0"
129.222.64.34 - - [25/Jan/2025:14:15:02 -0600] "GET /wp-content/plugins/pojo-accessibility/assets/css/style.min.css?ver=1.0.0 HTTP/1.1" 200 52333 "http://puertodetampico.com.mx/" "Mozilla/5.0 (Windows NT 10.0; Win64; x64; rv:134.0) Gecko/20100101 Firefox/134.0"
129.222.64.34 - - [25/Jan/2025:14:15:02 -0600] "GET /wp-includes/js/jquery/jquery.min.js?ver=3.7.1 HTTP/1.1" 200 87553 "http://puertodetampico.com.mx/" "Mozilla/5.0 (Windows NT 10.0; Win64; x64; rv:134.0) Gecko/20100101 Firefox/134.0"
129.222.64.34 - - [25/Jan/2025:14:15:02 -0600] "GET /wp-content/plugins/tablepress/css/build/default.css?ver=3.0.2 HTTP/1.1" 200 6179 "http://puertodetampico.com.mx/" "Mozilla/5.0 (Windows NT 10.0; Win64; x64; rv:134.0) Gecko/20100101 Firefox/134.0"
129.222.64.34 - - [25/Jan/2025:14:15:02 -0600] "GET /wp-includes/js/jquery/jquery-migrate.min.js?ver=3.4.1 HTTP/1.1" 200 13577 "http://puertodetampico.com.mx/" "Mozilla/5.0 (Windows NT 10.0; Win64; x64; rv:134.0) Gecko/20100101 Firefox/134.0"
129.222.64.34 - - [25/Jan/2025:14:15:03 -0600] "GET /wp-content/plugins/gspeech/includes/js/gspeech_front.js?g_indexsp___eqgspeech_front_script_n127gsp___delg_versiongsp___eq3_8_9gsp___delw_idgsp___eqefa1c038ebf3656c7a3b12b74bf20aa7gsp___dels_encgsp___eqde4e16084d9d6715be0525aa6fa8d10eb429905f61d1233d1b0cbc8ae9a46951d7dcf2c2650831993e2c926f3ac1c4303d97154f2bbcdd749917c5d8d5f10773299259d5gsp___delh_encgsp___eqa316b95ea18c6478ac79c94f29a9007945ae2f328915e33089d195e469177472gsp___delhh_encgsp___eq1ff0df2f857d19c68ddbea384a354fed9b74cb6cad44a5cd43695abba8610669667c0aa1e1831e1539a9b441cece3f654b5357265f6de810d44e4cf1741a8c885213dd2e926e9289f23ae9c129713dd3c3f922c5267a9ff3188e58f5bc57d750534a850aed1d02dfa8de54edbb53b897gsp___dellazy_loadgsp___eq1gsp___delgt_wgsp___eqgsp_clgtranslate_wrappergsp___delvv_indexgsp___eq10&ver=6.5.2 HTTP/1.1" 200 4810 "http://puertodetampico.com.mx/" "Mozilla/5.0 (Windows NT 10.0; Win64; x64; rv:134.0) Gecko/20100101 Firefox/134.0"
129.222.64.34 - - [25/Jan/2025:14:15:03 -0600] "GET /wp-content/plugins/pojo-accessibility/assets/js/app.min.js?ver=1.0.0 HTTP/1.1" 200 5313 "http://puertodetampico.com.mx/" "Mozilla/5.0 (Windows NT 10.0; Win64; x64; rv:134.0) Gecko/20100101 Firefox/134.0"
129.222.64.34 - - [25/Jan/2025:14:15:02 -0600] "GET /wp-content/themes/APITAM_GOBMX/gobmx.js HTTP/1.1" 200 523239 "http://puertodetampico.com.mx/" "Mozilla/5.0 (Windows NT 10.0; Win64; x64; rv:134.0) Gecko/20100101 Firefox/134.0"
89.22.225.223 - - [25/Jan/2025:14:14:50 -0600] "GET /statistics/42-statistics HTTP/1.0" 404 74620 "https://russian-traditional-clothes.com" "Mozilla/5.0 (Windows NT 10.0) AppleWebKit/537.36 (KHTML, like Gecko) Chrome/103.0.0.0 Safari/537.36"
129.222.64.34 - - [25/Jan/2025:14:15:03 -0600] "GET /contenidos/asipona_2024.webm HTTP/1.1" 206 354312539 "http://puertodetampico.com.mx/" "Mozilla/5.0 (Windows NT 10.0; Win64; x64; rv:134.0) Gecko/20100101 Firefox/134.0"
89.22.225.223 - - [25/Jan/2025:14:15:05 -0600] "GET /42-statistics HTTP/1.0" 508 288 "https://russian-traditional-clothes.com" "Mozilla/5.0 (Windows NT 10.0) AppleWebKit/537.36 (KHTML, like Gecko) Chrome/103.0.0.0 Safari/537.36"
200.57.3.238 - - [25/Jan/2025:14:16:25 -0600] "GET /wp-content/plugins/tablepress/css/build/default.css?ver=3.0.2 HTTP/1.1" 304 - "-" "Mozilla/4.0 (compatible;)"
66.249.73.238 - - [25/Jan/2025:14:16:42 -0600] "GET /22.php?belekmata=%2Fhome%2Fpuertode%2Ffotografico%2Fappdata_oc4fxh12ohxu%2Fpreview%2F5%2F7%2F3%2F7%2Fc HTTP/1.1" 200 2525 "-" "Mozilla/5.0 (Linux; Android 6.0.1; Nexus 5X Build/MMB29P) AppleWebKit/537.36 (KHTML, like Gecko) Chrome/132.0.6834.83 Mobile Safari/537.36 (compatible; GoogleOther)"
66.249.73.224 - - [25/Jan/2025:14:17:02 -0600] "GET /22.php?belekmata=/home/puertode/fotografico/appdata_oc4fxh12ohxu/preview/c/e HTTP/1.1" 200 2234 "-" "Mozilla/5.0 (Linux; Android 6.0.1; Nexus 5X Build/MMB29P) AppleWebKit/537.36 (KHTML, like Gecko) Chrome/132.0.6834.83 Mobile Safari/537.36 (compatible; GoogleOther)"
89.22.225.223 - - [25/Jan/2025:14:17:46 -0600] "GET /statistics/42-statistics HTTP/1.0" 508 288 "https://nn.benevobis.su/" "Mozilla/5.0 (Windows NT 6.3; WOW64) AppleWebKit/537.36 (KHTML, like Gecko) Chrome/103.0.5060.114 Safari/537.36"
185.125.219.13 - - [25/Jan/2025:14:20:20 -0600] "HEAD / HTTP/1.1" 508 - "https://somepeoplewear.com" "Mozilla/8.0 (compatible; MSIE2.00; Windows 2008)"
194.67.207.9 - - [25/Jan/2025:14:20:20 -0600] "HEAD / HTTP/1.1" 200 - "https://office-frame.ru" "Mozilla/5.0 (compatible; MSIE7.00; Windows 2009)"
185.5.249.185 - - [25/Jan/2025:14:20:22 -0600] "HEAD / HTTP/1.1" 200 - "https://otkachka-septikov19.ru" "Mozilla/5.0 (compatible; MSIE7.00; Windows 2005)"
184.154.167.98 - - [25/Jan/2025:14:21:46 -0600] "POST /wp-cron.php?doing_wp_cron=1737836506.1487650871276855468750 HTTP/1.1" 508 288 "-" "WordPress/6.5.2; https://puertodetampico.com.mx"
194.67.207.94 - - [25/Jan/2025:14:21:34 -0600] "HEAD / HTTP/1.1" 200 - "https://melonfarm.shop" "Mozilla/6.0 (compatible; MSIE6.00; Windows 2009)"
193.124.191.92 - - [25/Jan/2025:14:21:56 -0600] "HEAD / HTTP/1.1" 200 - "https://rsk-1.ru" "Mozilla/8.0 (compatible; MSIE6.00; Windows 2005)"
66.249.75.233 - - [25/Jan/2025:14:27:49 -0600] "GET /robots.txt HTTP/1.1" 200 1035 "-" "Mozilla/5.0 (compatible; Googlebot/2.1; +http://www.google.com/bot.html)"
66.249.73.238 - - [25/Jan/2025:14:29:19 -0600] "GET /podcast/xx/index.php?lokasie=/home/puertode/www/wp-includes/rest-api/fields/class-wp-rest-term-meta-fields.php&loknya=/home/puertode/www/wp-includes/rest-api/fields HTTP/1.1" 508 288 "-" "Mozilla/5.0 (Linux; Android 6.0.1; Nexus 5X Build/MMB29P) AppleWebKit/537.36 (KHTML, like Gecko) Chrome/132.0.6834.83 Mobile Safari/537.36 (compatible; GoogleOther)"
66.249.75.233 - - [25/Jan/2025:14:33:10 -0600] "GET /rep_progr_buques/rep_prog_buques_2018_2_trim.pdf HTTP/1.1" 404 74581 "-" "Mozilla/5.0 (Linux; Android 6.0.1; Nexus 5X Build/MMB29P) AppleWebKit/537.36 (KHTML, like Gecko) Chrome/132.0.6834.83 Mobile Safari/537.36 (compatible; Googlebot/2.1; +http://www.google.com/bot.html)"
187.254.96.68 - - [25/Jan/2025:14:37:16 -0600] "GET / HTTP/1.1" 200 74604 "https://www.google.com/" "Mozilla/5.0 (Linux; Android 10; K) AppleWebKit/537.36 (KHTML, like Gecko) Chrome/132.0.0.0 Mobile Safari/537.36"
187.254.96.68 - - [25/Jan/2025:14:37:27 -0600] "GET /wp-content/plugins/tablepress/css/build/default.css?ver=3.0.2 HTTP/1.1" 200 6179 "http://puertodetampico.com.mx/" "Mozilla/5.0 (Linux; Android 10; K) AppleWebKit/537.36 (KHTML, like Gecko) Chrome/132.0.0.0 Mobile Safari/537.36"
187.254.96.68 - - [25/Jan/2025:14:37:27 -0600] "GET /wp-content/plugins/pojo-accessibility/assets/css/style.min.css?ver=1.0.0 HTTP/1.1" 200 52333 "http://puertodetampico.com.mx/" "Mozilla/5.0 (Linux; Android 10; K) AppleWebKit/537.36 (KHTML, like Gecko) Chrome/132.0.0.0 Mobile Safari/537.36"
187.254.96.68 - - [25/Jan/2025:14:37:27 -0600] "GET /wp-includes/js/jquery/jquery-migrate.min.js?ver=3.4.1 HTTP/1.1" 200 13577 "http://puertodetampico.com.mx/" "Mozilla/5.0 (Linux; Android 10; K) AppleWebKit/537.36 (KHTML, like Gecko) Chrome/132.0.0.0 Mobile Safari/537.36"
187.254.96.68 - - [25/Jan/2025:14:37:27 -0600] "GET /wp-includes/js/jquery/jquery.min.js?ver=3.7.1 HTTP/1.1" 200 87553 "http://puertodetampico.com.mx/" "Mozilla/5.0 (Linux; Android 10; K) AppleWebKit/537.36 (KHTML, like Gecko) Chrome/132.0.0.0 Mobile Safari/537.36"
187.254.96.68 - - [25/Jan/2025:14:37:27 -0600] "GET /wp-includes/css/dist/block-library/style.min.css?ver=6.5.2 HTTP/1.1" 200 113381 "http://puertodetampico.com.mx/" "Mozilla/5.0 (Linux; Android 10; K) AppleWebKit/537.36 (KHTML, like Gecko) Chrome/132.0.0.0 Mobile Safari/537.36"
187.254.96.68 - - [25/Jan/2025:14:37:27 -0600] "GET /wp-content/plugins/gspeech/includes/js/gspeech_front.js?g_indexsp___eqgspeech_front_script_n127gsp___delg_versiongsp___eq3_8_9gsp___delw_idgsp___eqefa1c038ebf3656c7a3b12b74bf20aa7gsp___dels_encgsp___eq64bdb31a42bab6acd75d0ebdd4793d019ad54394be508ec2ba9f8a351c04255013b86550000e74f79ca7a0d56838f6f9065bceeb1ac182a30cecb3794e099e126e0aac88gsp___delh_encgsp___eqe2ad751d14eecbfddd53f697a6c7872bdbdb37f9224ad250009c592bb09b6adfgsp___delhh_encgsp___eq9413f93d25098e030264f4ff1d081d56ae1eb25b7439d77aa5f2ed8f5563ec39058112ecdd02d0e5c95bc1bf9b0b3de70ad3b379f44da7d91fc172da40d89159f50be5194675ccb296129c183c64cf2179cb20747ee657f4c400033d6642968c96cbf1879a7371fe39aa5618fd760a82gsp___dellazy_loadgsp___eq1gsp___delgt_wgsp___eqgsp_clgtranslate_wrappergsp___delvv_indexgsp___eq10&ver=6.5.2 HTTP/1.1" 200 4810 "http://puertodetampico.com.mx/" "Mozilla/5.0 (Linux; Android 10; K) AppleWebKit/537.36 (KHTML, like Gecko) Chrome/132.0.0.0 Mobile Safari/537.36"
187.254.96.68 - - [25/Jan/2025:14:37:27 -0600] "GET /wp-content/themes/APITAM_GOBMX/gobmx.js HTTP/1.1" 200 523239 "http://puertodetampico.com.mx/" "Mozilla/5.0 (Linux; Android 10; K) AppleWebKit/537.36 (KHTML, like Gecko) Chrome/132.0.0.0 Mobile Safari/537.36"
187.254.96.68 - - [25/Jan/2025:14:37:28 -0600] "GET /wp-content/plugins/pojo-accessibility/assets/js/app.min.js?ver=1.0.0 HTTP/1.1" 200 5313 "http://puertodetampico.com.mx/" "Mozilla/5.0 (Linux; Android 10; K) AppleWebKit/537.36 (KHTML, like Gecko) Chrome/132.0.0.0 Mobile Safari/537.36"
187.254.96.68 - - [25/Jan/2025:14:37:29 -0600] "GET /contenidos/asipona_2024.webm HTTP/1.1" 206 354312539 "http://puertodetampico.com.mx/" "Mozilla/5.0 (Linux; Android 10; K) AppleWebKit/537.36 (KHTML, like Gecko) Chrome/132.0.0.0 Mobile Safari/537.36"
187.254.96.68 - - [25/Jan/2025:14:37:31 -0600] "GET /favicon.ico HTTP/1.1" 302 - "http://puertodetampico.com.mx/" "Mozilla/5.0 (Linux; Android 10; K) AppleWebKit/537.36 (KHTML, like Gecko) Chrome/132.0.0.0 Mobile Safari/537.36"
40.77.167.32 - - [25/Jan/2025:14:38:08 -0600] "GET /documentos/mediport/AVITUALLAMIENTO.pdf HTTP/1.1" 304 - "-" "Mozilla/5.0 AppleWebKit/537.36 (KHTML, like Gecko; compatible; bingbot/2.0; +http://www.bing.com/bingbot.htm) Chrome/116.0.1938.76 Safari/537.36"
66.249.73.238 - - [25/Jan/2025:14:38:33 -0600] "GET /22.php?belekmata=/home/puertode/fotografico/appdata_oc4fxh12ohxu/preview/b/8/3/a HTTP/1.1" 200 2426 "-" "Mozilla/5.0 (Linux; Android 6.0.1; Nexus 5X Build/MMB29P) AppleWebKit/537.36 (KHTML, like Gecko) Chrome/132.0.6834.83 Mobile Safari/537.36 (compatible; GoogleOther)"
43.153.76.247 - - [25/Jan/2025:14:40:42 -0600] "GET / HTTP/1.1" 508 288 "-" "Mozilla/5.0 (iPhone; CPU iPhone OS 13_2_3 like Mac OS X) AppleWebKit/605.1.15 (KHTML, like Gecko) Version/13.0.3 Mobile/15E148 Safari/604.1"
47.128.23.241 - - [25/Jan/2025:14:45:49 -0600] "GET /robots.txt HTTP/1.1" 200 1035 "-" "Mozilla/5.0 (Linux; Android 5.0) AppleWebKit/537.36 (KHTML, like Gecko) Mobile Safari/537.36 (compatible; Bytespider; spider-feedback@bytedance.com)"
66.249.73.224 - - [25/Jan/2025:14:48:07 -0600] "GET /22.php?belekmata=%2Fhome%2Fpuertode%2Ffotografico%2Fappdata_oc4fxh12ohxu%2Fpreview%2F7%2Ff%2F5 HTTP/1.1" 200 2329 "-" "Mozilla/5.0 (Linux; Android 6.0.1; Nexus 5X Build/MMB29P) AppleWebKit/537.36 (KHTML, like Gecko) Chrome/132.0.6834.83 Mobile Safari/537.36 (compatible; GoogleOther)"
66.249.73.237 - - [25/Jan/2025:14:52:09 -0600] "GET /22.php?action=edit&file=class-wp-recovery-mode-email-service.php&belekmata=%2Fhome%2Fpuertode%2Fpublic_html%2Fwordpress%2Fwp-includes HTTP/1.1" 200 1062 "-" "Mozilla/5.0 (Linux; Android 6.0.1; Nexus 5X Build/MMB29P) AppleWebKit/537.36 (KHTML, like Gecko) Chrome/132.0.6834.83 Mobile Safari/537.36 (compatible; Googlebot/2.1; +http://www.google.com/bot.html)"
66.249.73.238 - - [25/Jan/2025:15:03:01 -0600] "GET /22.php?belekmata=%2Fhome%2Fpuertode%2Ffotografico%2Fappdata_oc4fxh12ohxu%2Fpreview%2F8%2Fe%2F8%2F2 HTTP/1.1" 200 2426 "-" "Mozilla/5.0 (Linux; Android 6.0.1; Nexus 5X Build/MMB29P) AppleWebKit/537.36 (KHTML, like Gecko) Chrome/132.0.6834.83 Mobile Safari/537.36 (compatible; GoogleOther)"
66.249.73.237 - - [25/Jan/2025:15:06:15 -0600] "GET /22.php?belekmata=/home/puertode/fotografico/appdata_oc4fxh12ohxu/css/user_status HTTP/1.1" 200 2747 "-" "Mozilla/5.0 (Linux; Android 6.0.1; Nexus 5X Build/MMB29P) AppleWebKit/537.36 (KHTML, like Gecko) Chrome/132.0.6834.83 Mobile Safari/537.36 (compatible; GoogleOther)"
89.22.225.223 - - [25/Jan/2025:15:08:39 -0600] "GET /statistics/42-statistics HTTP/1.0" 404 74603 "https://spy-casino.com" "Mozilla/5.0 (Windows NT 6.3; Win64; x64) AppleWebKit/537.36 (KHTML, like Gecko) Chrome/103.0.5060.53 Safari/537.36"
89.22.225.223 - - [25/Jan/2025:15:08:41 -0600] "GET /42-statistics HTTP/1.0" 404 74603 "https://spy-casino.com" "Mozilla/5.0 (Windows NT 6.3; Win64; x64) AppleWebKit/537.36 (KHTML, like Gecko) Chrome/103.0.5060.53 Safari/537.36"
66.249.73.224 - - [25/Jan/2025:15:10:52 -0600] "GET /22.php?belekmata=/home/puertode/fotografico/appdata_oc4fxh12ohxu/preview/d/f/8 HTTP/1.1" 200 2329 "-" "Mozilla/5.0 (Linux; Android 6.0.1; Nexus 5X Build/MMB29P) AppleWebKit/537.36 (KHTML, like Gecko) Chrome/132.0.6834.83 Mobile Safari/537.36 (compatible; GoogleOther)"
108.128.29.165 - - [25/Jan/2025:15:16:11 -0600] "GET / HTTP/1.1" 301 - "-" "Mozilla/5.0 (X11; Linux x86_64; rv:128.0) Gecko/20100101 Firefox/128.0"
108.128.29.165 - - [25/Jan/2025:15:16:12 -0600] "GET / HTTP/1.1" 200 74581 "-" "Mozilla/5.0 (X11; Linux x86_64; rv:128.0) Gecko/20100101 Firefox/128.0"
108.128.29.165 - - [25/Jan/2025:15:16:13 -0600] "GET /wp-content/plugins/tablepress/css/build/default.css?ver=3.0.2 HTTP/1.1" 200 6179 "http://puertodetampico.com.mx/" "Mozilla/5.0 (X11; Linux x86_64; rv:128.0) Gecko/20100101 Firefox/128.0"
108.128.29.165 - - [25/Jan/2025:15:16:13 -0600] "GET /wp-includes/js/jquery/jquery.min.js?ver=3.7.1 HTTP/1.1" 200 87553 "http://puertodetampico.com.mx/" "Mozilla/5.0 (X11; Linux x86_64; rv:128.0) Gecko/20100101 Firefox/128.0"
108.128.29.165 - - [25/Jan/2025:15:16:13 -0600] "GET /wp-content/plugins/pojo-accessibility/assets/css/style.min.css?ver=1.0.0 HTTP/1.1" 200 52333 "http://puertodetampico.com.mx/" "Mozilla/5.0 (X11; Linux x86_64; rv:128.0) Gecko/20100101 Firefox/128.0"
108.128.29.165 - - [25/Jan/2025:15:16:13 -0600] "GET /wp-content/plugins/pojo-accessibility/assets/js/app.min.js?ver=1.0.0 HTTP/1.1" 200 5313 "http://puertodetampico.com.mx/" "Mozilla/5.0 (X11; Linux x86_64; rv:128.0) Gecko/20100101 Firefox/128.0"
108.128.29.165 - - [25/Jan/2025:15:16:13 -0600] "GET /wp-includes/js/jquery/jquery-migrate.min.js?ver=3.4.1 HTTP/1.1" 200 13577 "http://puertodetampico.com.mx/" "Mozilla/5.0 (X11; Linux x86_64; rv:128.0) Gecko/20100101 Firefox/128.0"
108.128.29.165 - - [25/Jan/2025:15:16:13 -0600] "GET /wp-content/plugins/gspeech/includes/js/gspeech_front.js?g_indexsp___eqgspeech_front_script_n127gsp___delg_versiongsp___eq3_8_9gsp___delw_idgsp___eqefa1c038ebf3656c7a3b12b74bf20aa7gsp___dels_encgsp___eqecd8660a93ebc0deccb80eaf62b7b9899285cdbdd77b1a46407f1708cad7a40fa62919b71f5825a5153bb4dcf3bdadf3b80d7791d1960e818013a9269e17feeab56e16afgsp___delh_encgsp___eq54d4052a495366d3f6da5ba0a85e599b91527c62805fac61e0b7f442f9650199gsp___delhh_encgsp___eq10ebd950191378c76a107e82e6a95e76424ef56d5b3a546985c6105ca4393301bbbebf4d4149ae98475639cb143319d691fd43b28869c9bf281ba797d96008b15d09b008299985ebdc9a46e92342584652574341de1296c9133524e5bd70fcc4a9f86d44a5cf920b66cacaf1fe03f41egsp___dellazy_loadgsp___eq1gsp___delgt_wgsp___eqgsp_clgtranslate_wrappergsp___delvv_indexgsp___eq10&ver=6.5.2 HTTP/1.1" 200 4810 "http://puertodetampico.com.mx/" "Mozilla/5.0 (X11; Linux x86_64; rv:128.0) Gecko/20100101 Firefox/128.0"
108.128.29.165 - - [25/Jan/2025:15:16:12 -0600] "GET /wp-includes/css/dist/block-library/style.min.css?ver=6.5.2 HTTP/1.1" 200 113381 "http://puertodetampico.com.mx/" "Mozilla/5.0 (X11; Linux x86_64; rv:128.0) Gecko/20100101 Firefox/128.0"
108.128.29.165 - - [25/Jan/2025:15:16:12 -0600] "GET /wp-content/themes/APITAM_GOBMX/gobmx.js HTTP/1.1" 200 523239 "http://puertodetampico.com.mx/" "Mozilla/5.0 (X11; Linux x86_64; rv:128.0) Gecko/20100101 Firefox/128.0"
108.128.29.165 - - [25/Jan/2025:15:16:13 -0600] "GET /wp-includes/js/wp-emoji-release.min.js?ver=6.5.2 HTTP/1.1" 200 18726 "http://puertodetampico.com.mx/" "Mozilla/5.0 (X11; Linux x86_64; rv:128.0) Gecko/20100101 Firefox/128.0"
108.128.29.165 - - [25/Jan/2025:15:16:13 -0600] "GET /contenidos/asipona_2024.webm HTTP/1.1" 206 354312539 "http://puertodetampico.com.mx/" "Mozilla/5.0 (X11; Linux x86_64; rv:128.0) Gecko/20100101 Firefox/128.0"
184.154.167.98 - - [25/Jan/2025:15:17:34 -0600] "GET /.well-known/acme-challenge/8GO4C45E_FYB-ZY896HT7Y80A6DM715I HTTP/1.1" 200 64 "-" "Cpanel-HTTP-Client/1.0"
184.154.167.98 - - [25/Jan/2025:15:17:34 -0600] "GET /.well-known/acme-challenge/X_J7W5W-4EIYEFMC_5H4QU1ST1F2V5BJ HTTP/1.1" 200 64 "-" "Cpanel-HTTP-Client/1.0"
184.154.167.98 - - [25/Jan/2025:15:17:34 -0600] "GET /.well-known/acme-challenge/-66YD0UVC47TQ_SDUPFTINMY6ZBTMNA5 HTTP/1.1" 200 64 "-" "Cpanel-HTTP-Client/1.0"
184.154.167.98 - - [25/Jan/2025:15:17:35 -0600] "GET /.well-known/acme-challenge/H2IV35R1MSMP421M8D2DWID11XD07Z32 HTTP/1.1" 200 64 "-" "Cpanel-HTTP-Client/1.0"
184.154.167.98 - - [25/Jan/2025:15:17:35 -0600] "GET /.well-known/acme-challenge/YH7CZID-BL22X7SUUH_NWNROOUZ9F841 HTTP/1.1" 200 64 "-" "Cpanel-HTTP-Client/1.0"
184.154.167.98 - - [25/Jan/2025:15:17:35 -0600] "GET /.well-known/acme-challenge/H8WS-9E364LSJ3S73V-IPKKDEY7SZKYS HTTP/1.1" 200 64 "-" "Cpanel-HTTP-Client/1.0"
184.154.167.98 - - [25/Jan/2025:15:17:35 -0600] "GET /.well-known/acme-challenge/1YF3D76UKB049-LZV77HDXXGV1GYX25E HTTP/1.1" 200 64 "-" "Cpanel-HTTP-Client/1.0"
184.154.167.98 - - [25/Jan/2025:15:17:40 -0600] "GET /.well-known/acme-challenge/810BZPS-0BIDD92KWYSASNDLJWNOQ3KT HTTP/1.1" 200 64 "-" "Cpanel-HTTP-Client/1.0"
66.249.73.237 - - [25/Jan/2025:15:18:58 -0600] "GET /22.php?belekmata=%2Fhome%2Fpuertode%2Ffotografico%2Fappdata_oc4fxh12ohxu%2Fpreview%2F5%2F4%2F8%2F7%2F3%2F1%2F5 HTTP/1.1" 200 2733 "-" "Mozilla/5.0 (Linux; Android 6.0.1; Nexus 5X Build/MMB29P) AppleWebKit/537.36 (KHTML, like Gecko) Chrome/132.0.6834.83 Mobile Safari/537.36 (compatible; GoogleOther)"
66.249.73.237 - - [25/Jan/2025:15:20:06 -0600] "GET /22.php?belekmata=%2Fhome%2Fpuertode%2Ffotografico%2Fappdata_oc4fxh12ohxu%2Fcss%2Fphotos HTTP/1.1" 200 2006 "-" "Mozilla/5.0 (Linux; Android 6.0.1; Nexus 5X Build/MMB29P) AppleWebKit/537.36 (KHTML, like Gecko) Chrome/132.0.6834.83 Mobile Safari/537.36 (compatible; GoogleOther)"
66.249.73.224 - - [25/Jan/2025:15:24:42 -0600] "GET /22.php?belekmata=/home/puertode/fotografico/appdata_oc4fxh12ohxu/preview/c/2/6 HTTP/1.1" 200 2329 "-" "Mozilla/5.0 (Linux; Android 6.0.1; Nexus 5X Build/MMB29P) AppleWebKit/537.36 (KHTML, like Gecko) Chrome/132.0.6834.83 Mobile Safari/537.36 (compatible; GoogleOther)"
66.249.65.103 - - [25/Jan/2025:15:33:42 -0600] "GET /Sitio/documents/Seguro_gastos_medicos_mayores_2008.pdf HTTP/1.1" 301 - "-" "Googlebot/2.1 (+http://www.google.com/bot.html)"
66.249.73.237 - - [25/Jan/2025:15:33:56 -0600] "GET /22.php?action=edit&file=icons-list.template&belekmata=%2Fhome%2Fpuertode%2Ffotografico%2Fappdata_oc4fxh12ohxu%2Fcss%2Ficons HTTP/1.1" 200 25090 "-" "Mozilla/5.0 (Linux; Android 6.0.1; Nexus 5X Build/MMB29P) AppleWebKit/537.36 (KHTML, like Gecko) Chrome/132.0.6834.83 Mobile Safari/537.36 (compatible; GoogleOther)"
66.249.73.237 - - [25/Jan/2025:15:34:55 -0600] "GET /22.php?belekmata=/home/puertode/fotografico/appdata_oc4fxh12ohxu/preview/8/e/8 HTTP/1.1" 200 2329 "-" "Mozilla/5.0 (Linux; Android 6.0.1; Nexus 5X Build/MMB29P) AppleWebKit/537.36 (KHTML, like Gecko) Chrome/132.0.6834.83 Mobile Safari/537.36 (compatible; GoogleOther)"
89.22.225.223 - - [25/Jan/2025:15:35:11 -0600] "GET /statistics/42-statistics HTTP/1.0" 404 74620 "https://russian-traditional-clothes.com" "Mozilla/5.0 (Windows NT 6.1; Win64; x64) AppleWebKit/537.36 (KHTML, like Gecko) Chrome/103.0.0.0 Safari/537.36"
89.22.225.223 - - [25/Jan/2025:15:35:14 -0600] "GET /42-statistics HTTP/1.0" 404 74620 "https://russian-traditional-clothes.com" "Mozilla/5.0 (Windows NT 6.1; Win64; x64) AppleWebKit/537.36 (KHTML, like Gecko) Chrome/103.0.0.0 Safari/537.36"
66.249.73.237 - - [25/Jan/2025:15:38:33 -0600] "GET /22.php?action=edit&file=d149-044d-dashboard.css.gzip&belekmata=%2Fhome%2Fpuertode%2Ffotografico%2Fappdata_oc4fxh12ohxu%2Fcss%2Fdashboard HTTP/1.1" 200 2192 "-" "Mozilla/5.0 (Linux; Android 6.0.1; Nexus 5X Build/MMB29P) AppleWebKit/537.36 (KHTML, like Gecko) Chrome/132.0.6834.83 Mobile Safari/537.36 (compatible; GoogleOther)"
66.249.73.238 - - [25/Jan/2025:15:41:11 -0600] "GET / HTTP/1.1" 200 74641 "-" "Mozilla/5.0 (Linux; Android 6.0.1; Nexus 5X Build/MMB29P) AppleWebKit/537.36 (KHTML, like Gecko) Chrome/132.0.6834.83 Mobile Safari/537.36 (compatible; Googlebot/2.1; +http://www.google.com/bot.html)"
66.249.75.233 - - [25/Jan/2025:15:41:24 -0600] "GET /wp-content/plugins/gspeech/includes/js/gspeech_front.js?g_indexsp___eqgspeech_front_script_n127gsp___delg_versiongsp___eq3_8_9gsp___delw_idgsp___eqefa1c038ebf3656c7a3b12b74bf20aa7gsp___dels_encgsp___eqbc89b1cf4b68352258e35010a2216b28379d1dcea8de74c91d28cb01f2475259457c9fc34953ef0a290fc5b80b1fa8d9b4cd78c3c2e6c1fb316709545bdd862161ab4bd3gsp___delh_encgsp___eqc2709c773d12562550bcb11cc76c2104a9f997de07216f67ca7d9f835d8bf7a7gsp___delhh_encgsp___eq1b6860b86b72e4b7e20ba3967f05514f77c104eede17eeb5c7bcf6e2b608636186184e35543091005d67fd644cb63038437fc9432b1460b920f78a04bbfe4cfa8323b12b696b491fa56e52aebc8159912b765f56a96001487037e36e9153b31c731cd912eedb0399c1ca38fbd2a9d6ffgsp___dellazy_loadgsp___eq1gsp___delgt_wgsp___eqgsp_clgtranslate_wrappergsp___delvv_indexgsp___eq10&ver=6.5.2 HTTP/1.1" 200 4810 "http://mail.puertodetampico.com.mx/" "Mozilla/5.0 (Linux; Android 6.0.1; Nexus 5X Build/MMB29P) AppleWebKit/537.36 (KHTML, like Gecko) Chrome/131.0.6778.264 Mobile Safari/537.36 (compatible; Googlebot/2.1; +http://www.google.com/bot.html)"
93.183.94.206 - - [25/Jan/2025:15:41:37 -0600] "GET /quejas-y-sugerencias/ HTTP/1.0" 200 40962 "http://puertodetampico.com.mx/quejas-y-sugerencias/" "Mozilla/5.0 (Windows NT 10.0; Win64; x64) AppleWebKit/537.36 (KHTML, like Gecko) Chrome/131.0.0.0 Safari/537.36"
93.183.94.206 - - [25/Jan/2025:15:41:38 -0600] "POST /quejas-y-sugerencias/enviar.php HTTP/1.0" 404 74632 "http://puertodetampico.com.mx/quejas-y-sugerencias/" "Mozilla/5.0 (Windows NT 10.0; Win64; x64) AppleWebKit/537.36 (KHTML, like Gecko) Chrome/131.0.0.0 Safari/537.36"
66.249.73.224 - - [25/Jan/2025:15:43:10 -0600] "GET /22.php?belekmata=/home/puertode/fotografico/appdata_oc4fxh12ohxu/preview/7/f HTTP/1.1" 200 2234 "-" "Mozilla/5.0 (Linux; Android 6.0.1; Nexus 5X Build/MMB29P) AppleWebKit/537.36 (KHTML, like Gecko) Chrome/132.0.6834.83 Mobile Safari/537.36 (compatible; GoogleOther)"
66.249.73.238 - - [25/Jan/2025:15:50:52 -0600] "GET /22.php?belekmata=%2Fhome%2Fpuertode%2Ffotografico%2Fappdata_oc4fxh12ohxu%2Fpreview%2F8%2Fe%2F8%2F2%2Fa HTTP/1.1" 200 2525 "-" "Mozilla/5.0 (Linux; Android 6.0.1; Nexus 5X Build/MMB29P) AppleWebKit/537.36 (KHTML, like Gecko) Chrome/132.0.6834.83 Mobile Safari/537.36 (compatible; GoogleOther)"
66.249.73.237 - - [25/Jan/2025:16:00:56 -0600] "GET /22.php?belekmata=%2Fhome%2Fpuertode%2Ffotografico%2Fappdata_oc4fxh12ohxu%2Fpreview%2F5%2F7%2F3%2F7%2Fc%2F6 HTTP/1.1" 200 2626 "-" "Mozilla/5.0 (Linux; Android 6.0.1; Nexus 5X Build/MMB29P) AppleWebKit/537.36 (KHTML, like Gecko) Chrome/132.0.6834.83 Mobile Safari/537.36 (compatible; GoogleOther)"
66.249.73.224 - - [25/Jan/2025:16:02:29 -0600] "GET /22.php?belekmata=%2Fhome%2Fpuertode%2Ffotografico%2Fappdata_oc4fxh12ohxu%2Fpreview%2F5%2F5%2F6%2Ff HTTP/1.1" 200 2426 "-" "Mozilla/5.0 (Linux; Android 6.0.1; Nexus 5X Build/MMB29P) AppleWebKit/537.36 (KHTML, like Gecko) Chrome/132.0.6834.83 Mobile Safari/537.36 (compatible; GoogleOther)"
187.155.66.214 - - [25/Jan/2025:16:08:08 -0600] "GET /apple-touch-icon-precomposed.png HTTP/1.1" 404 74581 "-" "NetworkingExtension/8619.2.8.10.9 CFNetwork/1568.200.51 Darwin/24.1.0"
187.155.66.214 - - [25/Jan/2025:16:08:08 -0600] "GET /apple-touch-icon.png HTTP/1.1" 404 74581 "-" "NetworkingExtension/8619.2.8.10.9 CFNetwork/1568.200.51 Darwin/24.1.0"
187.155.66.214 - - [25/Jan/2025:16:08:08 -0600] "GET /favicon.ico HTTP/1.1" 302 - "-" "NetworkingExtension/8619.2.8.10.9 CFNetwork/1568.200.51 Darwin/24.1.0"
187.155.66.214 - - [25/Jan/2025:16:08:08 -0600] "GET / HTTP/1.1" 200 74581 "-" "Mozilla/5.0 (Macintosh; Intel Mac OS X 10_11_1) AppleWebKit/601.2.4 (KHTML, like Gecko) Version/9.0.1 Safari/601.2.4 facebookexternalhit/1.1 Facebot Twitterbot/1.0"
187.155.66.214 - - [25/Jan/2025:16:08:18 -0600] "GET /favicon.ico HTTP/1.1" 302 - "-" "NetworkingExtension/8619.2.8.10.9 CFNetwork/1568.200.51 Darwin/24.1.0"
66.249.73.237 - - [25/Jan/2025:16:09:00 -0600] "GET /22.php?belekmata=%2Fhome%2Fpuertode%2Ffotografico%2Fappdata_oc4fxh12ohxu%2Fpreview%2F7%2Ff%2F5%2Fd HTTP/1.1" 200 2426 "-" "Mozilla/5.0 (Linux; Android 6.0.1; Nexus 5X Build/MMB29P) AppleWebKit/537.36 (KHTML, like Gecko) Chrome/132.0.6834.83 Mobile Safari/537.36 (compatible; GoogleOther)"
66.249.73.224 - - [25/Jan/2025:16:12:34 -0600] "GET /22.php?belekmata=%2Fhome%2Fpuertode%2Ffotografico%2Fappdata_oc4fxh12ohxu%2Fpreview%2Fe%2F3%2F6 HTTP/1.1" 200 2329 "-" "Mozilla/5.0 (Linux; Android 6.0.1; Nexus 5X Build/MMB29P) AppleWebKit/537.36 (KHTML, like Gecko) Chrome/132.0.6834.83 Mobile Safari/537.36 (compatible; GoogleOther)"
110.40.64.142 - - [25/Jan/2025:16:15:02 -0600] "HEAD /base/appfile.php HTTP/1.1" 404 - "-" "-"
66.249.73.224 - - [25/Jan/2025:16:27:09 -0600] "GET /22.php?belekmata=%2Fhome%2Fpuertode%2Ffotografico%2Fappdata_oc4fxh12ohxu%2Fpreview%2Ff%2F2%2Ff%2Fc HTTP/1.1" 200 2426 "-" "Mozilla/5.0 (Linux; Android 6.0.1; Nexus 5X Build/MMB29P) AppleWebKit/537.36 (KHTML, like Gecko) Chrome/132.0.6834.83 Mobile Safari/537.36 (compatible; GoogleOther)"
66.249.75.232 - - [25/Jan/2025:16:33:23 -0600] "GET /transparencia/ HTTP/1.1" 302 - "-" "Mozilla/5.0 (Linux; Android 6.0.1; Nexus 5X Build/MMB29P) AppleWebKit/537.36 (KHTML, like Gecko) Chrome/132.0.6834.83 Mobile Safari/537.36 (compatible; Googlebot/2.1; +http://www.google.com/bot.html)"
66.249.73.238 - - [25/Jan/2025:16:36:13 -0600] "GET /22.php?belekmata=/home/puertode/fotografico/appdata_oc4fxh12ohxu/dashboard/demo HTTP/1.1" 200 2228 "-" "Mozilla/5.0 (Linux; Android 6.0.1; Nexus 5X Build/MMB29P) AppleWebKit/537.36 (KHTML, like Gecko) Chrome/132.0.6834.83 Mobile Safari/537.36 (compatible; GoogleOther)"
190.92.201.228 - - [25/Jan/2025:16:41:28 -0600] "GET /wp-content/uploads/2021/08/EAA_II_TRIM21.pdf HTTP/1.1" 200 126478 "http://puertodetampico.com.mx/wp-content/uploads/2021/08/EAA_II_TRIM21.pdf" "Mozilla/5.0 (Windows NT 10.0; Win64; x64) AppleWebKit/537.36 (KHTML, like Gecko) Chrome/107.0.0.0 Safari/537.36"
66.249.73.237 - - [25/Jan/2025:16:45:59 -0600] "GET /22.php?action=edit&file=class-wp-user-request.php&belekmata=%2Fhome%2Fpuertode%2Fpublic_html%2Fwordpress%2Fwp-includes HTTP/1.1" 200 1062 "-" "Mozilla/5.0 (Linux; Android 6.0.1; Nexus 5X Build/MMB29P) AppleWebKit/537.36 (KHTML, like Gecko) Chrome/132.0.6834.83 Mobile Safari/537.36 (compatible; Googlebot/2.1; +http://www.google.com/bot.html)"
103.131.71.155 - - [25/Jan/2025:16:46:57 -0600] "GET /robots.txt HTTP/1.1" 200 1035 "-" "Mozilla/5.0 (compatible; coccocbot-web/1.0; +http://help.coccoc.com/searchengine)"
103.131.71.226 - - [25/Jan/2025:16:46:59 -0600] "GET / HTTP/1.1" 200 74581 "-" "Mozilla/5.0 (compatible; coccocbot-web/1.0; +http://help.coccoc.com/searchengine)"
66.249.73.238 - - [25/Jan/2025:16:47:22 -0600] "GET /22.php?belekmata=%2Fhome%2Fpuertode%2Ffotografico%2Fappdata_oc4fxh12ohxu%2Fpreview%2Fa%2F0%2F2%2Ff HTTP/1.1" 200 2426 "-" "Mozilla/5.0 (Linux; Android 6.0.1; Nexus 5X Build/MMB29P) AppleWebKit/537.36 (KHTML, like Gecko) Chrome/132.0.6834.83 Mobile Safari/537.36 (compatible; GoogleOther)"
178.20.46.206 - - [25/Jan/2025:16:48:02 -0600] "GET /quejas-y-sugerencias/ HTTP/1.1" 200 40962 "http://puertodetampico.com.mx/quejas-y-sugerencias/" "Mozilla/5.0 (Windows NT 10.0; Win64; x64) AppleWebKit/537.36 (KHTML, like Gecko) Chrome/130.0.0.0 Safari/537.36"
178.20.46.206 - - [25/Jan/2025:16:48:03 -0600] "POST /quejas-y-sugerencias/enviar.php HTTP/1.1" 404 74632 "http://puertodetampico.com.mx/quejas-y-sugerencias/" "Mozilla/5.0 (Windows NT 10.0; Win64; x64) AppleWebKit/537.36 (KHTML, like Gecko) Chrome/130.0.0.0 Safari/537.36"
66.249.73.237 - - [25/Jan/2025:16:53:22 -0600] "GET /22.php?belekmata=%2Fhome%2Fpuertode%2Ffotografico%2Fappdata_oc4fxh12ohxu%2Fpreview%2F3%2F2 HTTP/1.1" 200 2234 "-" "Mozilla/5.0 (Linux; Android 6.0.1; Nexus 5X Build/MMB29P) AppleWebKit/537.36 (KHTML, like Gecko) Chrome/132.0.6834.83 Mobile Safari/537.36 (compatible; GoogleOther)"
185.125.100.168 - - [25/Jan/2025:16:57:54 -0600] "GET /statistics/42-statistics HTTP/1.0" 404 74613 "https://vk.com/podslushanomoskwa" "Mozilla/5.0 (Windows NT 10.0; Win64; x64) AppleWebKit/537.36 (KHTML, like Gecko) Chrome/103.0.5060.66 Safari/537.36"
185.125.100.168 - - [25/Jan/2025:16:57:57 -0600] "GET /42-statistics HTTP/1.0" 404 74613 "https://vk.com/podslushanomoskwa" "Mozilla/5.0 (Windows NT 10.0; Win64; x64) AppleWebKit/537.36 (KHTML, like Gecko) Chrome/103.0.5060.66 Safari/537.36"
66.249.73.237 - - [25/Jan/2025:16:58:22 -0600] "GET /22.php?belekmata=/home/puertode/fotografico/appdata_oc4fxh12ohxu/preview/3/7 HTTP/1.1" 200 2372 "-" "Mozilla/5.0 (Linux; Android 6.0.1; Nexus 5X Build/MMB29P) AppleWebKit/537.36 (KHTML, like Gecko) Chrome/132.0.6834.83 Mobile Safari/537.36 (compatible; GoogleOther)"
66.249.73.224 - - [25/Jan/2025:17:04:23 -0600] "GET /22.php?belekmata=%2Fhome%2Fpuertode%2Ffotografico%2Fappdata_oc4fxh12ohxu%2Fpreview%2Fc%2Fe%2F7 HTTP/1.1" 200 2329 "-" "Mozilla/5.0 (Linux; Android 6.0.1; Nexus 5X Build/MMB29P) AppleWebKit/537.36 (KHTML, like Gecko) Chrome/132.0.6834.83 Mobile Safari/537.36 (compatible; GoogleOther)"
40.77.167.15 - - [25/Jan/2025:17:11:09 -0600] "GET /estudios-financiados-con-recursos-publicos HTTP/1.1" 301 - "-" "Mozilla/5.0 AppleWebKit/537.36 (KHTML, like Gecko; compatible; bingbot/2.0; +http://www.bing.com/bingbot.htm) Chrome/116.0.1938.76 Safari/537.36"
40.77.167.15 - - [25/Jan/2025:17:11:11 -0600] "GET /estudios-financiados-con-recursos-publicos/ HTTP/1.1" 200 42523 "-" "Mozilla/5.0 AppleWebKit/537.36 (KHTML, like Gecko; compatible; bingbot/2.0; +http://www.bing.com/bingbot.htm) Chrome/116.0.1938.76 Safari/537.36"
